{"id":702,"date":"2013-04-03T22:58:59","date_gmt":"2013-04-04T03:58:59","guid":{"rendered":"http:\/\/servidor-hp.com.co\/netcomp\/producto\/508665-b21-hp-server-blc-3000-enclosure-4ac-6-fan-t\/"},"modified":"2023-03-06T20:21:57","modified_gmt":"2023-03-07T01:21:57","slug":"508665-b21-hp-server-blc-3000-enclosure-4ac-6-fan-t","status":"publish","type":"product","link":"https:\/\/servidor-hp.com.co\/netcomp\/servidores\/servidores-hp\/servidores-hp-2\/508665-b21-hp-server-blc-3000-enclosure-4ac-6-fan-t\/","title":{"rendered":"Servidor HP  BLC3000 ENCLOSURE N\/P: 508665-B21"},"content":{"rendered":"<p style=\"text-align: center;\"><strong><span style=\"font-family: tahoma, arial, helvetica, sans-serif; font-size: 12pt;\">\u00a0<\/span><\/strong><\/p>\n<p style=\"text-align: center;\"><span style=\"font-size: 18pt;\"><span style=\"color: #333399;\"><strong><span style=\"font-family: tahoma, arial, helvetica, sans-serif;\">\u00a0SERVER BLC 3000 ENCLOSURE<\/span><\/strong><\/span><strong style=\"color: #333399;\"><span style=\"font-family: tahoma, arial, helvetica, sans-serif;\"> &#8211; HP &#8211;<\/span><\/strong><strong style=\"color: #333399;\"><span style=\"font-family: tahoma, arial, helvetica, sans-serif;\">N\/P: 508665-B21<\/span><\/strong><\/span><\/p>\n<p style=\"text-align: center;\"><strong><span style=\"font-family: tahoma, arial, helvetica, sans-serif; font-size: 12pt;\">\u00a0<\/span><\/strong><\/p>\n<p style=\"text-align: left;\"><strong><span style=\"font-family: tahoma, arial, helvetica, sans-serif; font-size: 12pt;\">Caracter\u00edsticas<\/span><\/strong><\/p>\n<h3 align=\"left\"><span style=\"font-family: tahoma, arial, helvetica, sans-serif; font-size: 12pt;\">Sencillo de gestionar y f\u00e1cil de controlar<\/span><\/h3>\n<p><span style=\"font-family: tahoma, arial, helvetica, sans-serif; font-size: 12pt;\">\u00a0<\/span><\/p>\n<dl>\n<dd>\n<ul>\n<li><span style=\"font-family: tahoma, arial, helvetica, sans-serif; font-size: 12pt;\">La carcasa HP BladeSystem c3000 Platinum va m\u00e1s all\u00e1 de los simples servidores. Integra servidor, almacenamiento (NAS o iSCSI), redes, alimentaci\u00f3n y refrigeraci\u00f3n y administraci\u00f3n en una \u00fanica soluci\u00f3n que puede ser implantada en cualquier lugar.<\/span><\/li>\n<\/ul>\n<\/dd>\n<\/dl>\n<dl>\n<dd>\n<ul>\n<li><span style=\"font-family: tahoma, arial, helvetica, sans-serif; font-size: 12pt;\">Con las cargas de trabajo m\u00e1s exigentes y las complejidades crecientes, las tecnolog\u00edas de infraestructura inteligente, como las fuentes de alimentaci\u00f3n Platinum, el m\u00f3dulo de alimentaci\u00f3n inteligente y PDU, han mejorado la base para la infraestructura convergente.<\/span><\/li>\n<\/ul>\n<\/dd>\n<\/dl>\n<dl>\n<dd>\n<ul>\n<li><span style=\"font-family: tahoma, arial, helvetica, sans-serif; font-size: 12pt;\">Con Onboard Administrator, la administraci\u00f3n remota iLO y el paquete HP Insight Control, podr\u00e1 administrar sus servidores y tener un control total, independientemente del estado del sistema operativo del servidor.<\/span><\/li>\n<\/ul>\n<\/dd>\n<\/dl>\n<dl>\n<dd>\n<ul>\n<li><span style=\"font-family: tahoma, arial, helvetica, sans-serif; font-size: 12pt;\">Instalaci\u00f3n y gesti\u00f3n f\u00e1ciles, utilizando herramientas a las que est\u00e1 acostumbrado, como una unidad de DVD local para implementaci\u00f3n de software SmartStart y una interfaz KVM local para integraci\u00f3n KVM local basada en bastidor.<\/span><\/li>\n<\/ul>\n<div><span style=\"font-family: tahoma, arial, helvetica, sans-serif; font-size: medium;\">\u00a0<\/span><\/div>\n<\/dd>\n<\/dl>\n<h3 align=\"left\"><span style=\"font-family: tahoma, arial, helvetica, sans-serif; font-size: 12pt;\">TI lista para el cambio que puede crecer y es flexible con sus necesidades<\/span><\/h3>\n<dl>\n<dd>\n<ul>\n<li><span style=\"font-family: tahoma, arial, helvetica, sans-serif; font-size: 12pt;\">Precableada y preconfigurada, la carcasa c3000 Platinum hace posible a\u00f1adir un nuevo blade de servidor, simplemente conect\u00e1ndolo.<\/span><\/li>\n<\/ul>\n<\/dd>\n<\/dl>\n<dl>\n<dd>\n<ul>\n<li><span style=\"font-family: tahoma, arial, helvetica, sans-serif; font-size: 12pt;\">Yendo m\u00e1s all\u00e1 de los simples servidores virtuales, la carcasa c3000 Platinum le permite virtualizar su red, su almacenamiento y su infraestructura de alimentaci\u00f3n, de manera que pueda reducir costes al mismo tiempo que protege sus activos de empresa ante los desastres.<\/span><\/li>\n<\/ul>\n<\/dd>\n<\/dl>\n<dl>\n<dd>\n<ul>\n<li><span style=\"font-family: tahoma, arial, helvetica, sans-serif; font-size: 12pt;\">HP Insight Control es la herramienta esencial de gesti\u00f3n de infraestructuras que desbloquea las capacidades de administraci\u00f3n integradas en los servidores HP ProLiant. Insight Control ofrece potentes funciones que permiten administrar de forma proactiva el mantenimiento del servidor ProLiant, tanto f\u00edsico como virtual.<\/span><\/li>\n<\/ul>\n<div><span style=\"font-family: tahoma, arial, helvetica, sans-serif; font-size: medium;\">\u00a0<\/span><\/div>\n<\/dd>\n<\/dl>\n<h3 align=\"left\"><span style=\"font-family: tahoma, arial, helvetica, sans-serif; font-size: 12pt;\">Reduzca el capital por adelantado y los costes de gesti\u00f3n en curso<\/span><\/h3>\n<dl>\n<dd>\n<ul>\n<li><span style=\"font-family: tahoma, arial, helvetica, sans-serif; font-size: 12pt;\">Cuesta menos que los servidores montados en bastidor equivalentes (en 3 servidores o m\u00e1s)<\/span><\/li>\n<\/ul>\n<\/dd>\n<\/dl>\n<dl>\n<dd>\n<ul>\n<li><span style=\"font-family: tahoma, arial, helvetica, sans-serif; font-size: 12pt;\">Utilice hasta 30% menos energ\u00eda y 40% menos espacio, en comparaci\u00f3n con servidores de montaje en bastidor de 1 U equivalentes<\/span><\/li>\n<\/ul>\n<\/dd>\n<\/dl>\n<dl>\n<dd>\n<ul>\n<li><span style=\"font-family: tahoma, arial, helvetica, sans-serif; font-size: 12pt;\">Implemente en cualquier lugar con una elecci\u00f3n de UPS&#8217;s, PDU&#8217;s y alimentaci\u00f3n de toma de pared, as\u00ed como una elecci\u00f3n de fuentes de alimentaci\u00f3n CA de l\u00ednea baja o l\u00ednea alta<\/span><\/li>\n<\/ul>\n<\/dd>\n<\/dl>\n<dl>\n<dd>\n<ul>\n<li><span style=\"font-family: tahoma, arial, helvetica, sans-serif; font-size: 12pt;\">Optimice la eficiencia del rendimiento con HP Dynamic Power Saver, para poner fuentes de alimentaci\u00f3n no usadas en espera<\/span><\/li>\n<\/ul>\n<\/dd>\n<\/dl>\n<dl>\n<dd>\n<ul>\n<li><span style=\"font-family: tahoma, arial, helvetica, sans-serif; font-size: 12pt;\">Proporciona flexibilidad en la implantaci\u00f3n en entornos diferentes a los de centros de datos, como las altas temperaturas ambientales y las tomas de alimentaci\u00f3n de l\u00ednea baja o l\u00ednea alta.<\/span><\/li>\n<\/ul>\n<\/dd>\n<\/dl>\n<p>&nbsp;<\/p>\n<p><strong><span style=\"font-family: tahoma, arial, helvetica, sans-serif; font-size: 12pt;\">\u00a0<\/span><\/strong><\/p>\n<p style=\"text-align: center;\"><span style=\"font-family: tahoma, arial, helvetica, sans-serif; font-size: 12pt; color: #333399;\"><strong>PARA ESPECIFICACIONES TECNICAS DETALLADAS : EN LA PESTA\u00d1A DESCARGAS<\/strong><\/span><\/p>\n<h3><\/h3>\n<p>&nbsp;<\/p>\n<h3 style=\"text-align: center;\"><span style=\"font-family: tahoma, arial, helvetica, sans-serif; font-size: 14pt;\"><a title=\"Tienda - Precio y Venta Servidores HP\" href=\"https:\/\/netcomp.co\/es\/132-servidores-hp-lenovo-dell-partes\" target=\"_blank\" rel=\"noopener noreferrer\"><strong>COMPRAR &#8211; DISPONEMOS DE UNA AMPLIA GAMA DE SERVIDORES HP PROLIANT PARA <\/strong><\/a><\/span><\/h3>\n<h3 style=\"text-align: center;\"><span style=\"font-family: tahoma, arial, helvetica, sans-serif; font-size: 14pt;\"><a title=\"Tienda - Precio y Venta Servidores HP\" href=\"https:\/\/netcomp.co\/es\/132-servidores-hp-lenovo-dell-partes\" target=\"_blank\" rel=\"noopener noreferrer\"><strong>VENTA \/ ARRENDAMIENTO \/ ALQUILER : <\/strong><\/a><\/span><\/h3>\n<h3 style=\"text-align: center;\"><a title=\"Tienda - Precio y Venta Servidores HP\" href=\"https:\/\/netcomp.co\/es\/132-servidores-hp-lenovo-dell-partes\" target=\"_blank\" rel=\"noopener noreferrer\"><span style=\"font-family: tahoma, arial, helvetica, sans-serif; font-size: 14pt;\"><strong>ML350 \/ ML150 \/ DL320 \/ DL360 \/ DL380 <\/strong><\/span><strong><span style=\"font-family: tahoma, arial, helvetica, sans-serif; font-size: 14pt;\">PARA COMPRAR CLICK AQUI!<\/span><\/strong><\/a><\/h3>\n<p>&nbsp;<\/p>\n<h2><strong><a href=\"https:\/\/api.whatsapp.com\/send?phone=573168788749\" target=\"_blank\" rel=\"noopener noreferrer\"><img loading=\"lazy\" decoding=\"async\" class=\"wp-image-20467 aligncenter\" src=\"http:\/\/cableado-estructurado.com.co\/netcomp\/wp-content\/uploads\/2018\/07\/whatsapp-logo-mensaje.jpg\" alt=\"\" width=\"290\" height=\"220\" \/><\/a><\/strong><\/h2>\n<h2><img loading=\"lazy\" decoding=\"async\" class=\"wp-image-21775 aligncenter\" src=\"https:\/\/servidor-hp.com.co\/netcomp\/wp-content\/uploads\/2019\/05\/boton-ventas-servidor.png\" alt=\"\" width=\"495\" height=\"153\" \/><\/h2>\n<hr \/>\n<h3><\/h3>\n","protected":false},"excerpt":{"rendered":"<p>N-P : 508665-B21 &#8211; HP SERVER BLC 3000 ENCLOSURE<\/p>\n","protected":false},"featured_media":21991,"comment_status":"open","ping_status":"closed","template":"","meta":{"_et_pb_use_builder":"","_et_pb_old_content":"","_et_gb_content_width":""},"product_brand":[],"product_cat":[73,15,57,52683],"product_tag":[602,605,144,354,356,329,352,321,603,604],"class_list":{"0":"post-702","1":"product","2":"type-product","3":"status-publish","4":"has-post-thumbnail","6":"product_cat-servidores-hp-ibm-cisco","7":"product_cat-servidores-hp","8":"product_cat-servidores-hp-2","9":"product_cat-software","10":"product_tag-508665-b21","11":"product_tag-blc3000-bogota","12":"product_tag-colombia","13":"product_tag-cotizar-servidor-hp","14":"product_tag-netcomp-co","15":"product_tag-precio-servidor-hp","16":"product_tag-proliant-hp","17":"product_tag-servidor-hp","18":"product_tag-servidor-proliant-hp-blc3000","19":"product_tag-venta-hp-blc3000","21":"first","22":"instock","23":"shipping-taxable","24":"product-type-simple"},"yoast_head":"<!-- This site is optimized with the Yoast SEO plugin v27.2 - https:\/\/yoast.com\/product\/yoast-seo-wordpress\/ -->\n<title>Servidor HP BLC3000 ENCLOSURE N\/P: 508665-B21 - Servidores HP - Nuevos - Usados - Alquiler<\/title>\n<meta name=\"description\" content=\"Servidor HP BLC3000 ENCLOSURE N\/P: 508665-B21 - - Precio y Disponibilidad en Bogota - Colombia - servidor-hp.com.co\" \/>\n<meta name=\"robots\" content=\"index, follow, max-snippet:-1, max-image-preview:large, max-video-preview:-1\" \/>\n<link rel=\"canonical\" href=\"https:\/\/servidor-hp.com.co\/netcomp\/servidores\/servidores-hp\/servidores-hp-2\/508665-b21-hp-server-blc-3000-enclosure-4ac-6-fan-t\/\" \/>\n<meta property=\"og:locale\" content=\"es_ES\" \/>\n<meta property=\"og:type\" content=\"article\" \/>\n<meta property=\"og:title\" content=\"Servidor HP BLC3000 ENCLOSURE N\/P: 508665-B21 - Servidores HP - Nuevos - Usados - Alquiler\" \/>\n<meta property=\"og:description\" content=\"Servidor HP BLC3000 ENCLOSURE N\/P: 508665-B21 - - Precio y Disponibilidad en Bogota - Colombia - servidor-hp.com.co\" \/>\n<meta property=\"og:url\" content=\"https:\/\/servidor-hp.com.co\/netcomp\/servidores\/servidores-hp\/servidores-hp-2\/508665-b21-hp-server-blc-3000-enclosure-4ac-6-fan-t\/\" \/>\n<meta property=\"og:site_name\" content=\"Servidores HP - Nuevos - Usados - Alquiler\" \/>\n<meta property=\"article:modified_time\" content=\"2023-03-07T01:21:57+00:00\" \/>\n<meta property=\"og:image\" content=\"https:\/\/servidor-hp.com.co\/netcomp\/wp-content\/uploads\/2013\/04\/hpe-508665-b21-l5718655.jpg\" \/>\n\t<meta property=\"og:image:width\" content=\"400\" \/>\n\t<meta property=\"og:image:height\" content=\"400\" \/>\n\t<meta property=\"og:image:type\" content=\"image\/jpeg\" \/>\n<meta name=\"twitter:card\" content=\"summary_large_image\" \/>\n<meta name=\"twitter:label1\" content=\"Tiempo de lectura\" \/>\n\t<meta name=\"twitter:data1\" content=\"2 minutos\" \/>\n<script type=\"application\/ld+json\" class=\"yoast-schema-graph\">{\"@context\":\"https:\/\/schema.org\",\"@graph\":[{\"@type\":\"WebPage\",\"@id\":\"https:\/\/servidor-hp.com.co\/netcomp\/servidores\/servidores-hp\/servidores-hp-2\/508665-b21-hp-server-blc-3000-enclosure-4ac-6-fan-t\/\",\"url\":\"https:\/\/servidor-hp.com.co\/netcomp\/servidores\/servidores-hp\/servidores-hp-2\/508665-b21-hp-server-blc-3000-enclosure-4ac-6-fan-t\/\",\"name\":\"Servidor HP BLC3000 ENCLOSURE N\/P: 508665-B21 - Servidores HP - Nuevos - Usados - Alquiler\",\"isPartOf\":{\"@id\":\"https:\/\/servidor-hp.com.co\/netcomp\/#website\"},\"primaryImageOfPage\":{\"@id\":\"https:\/\/servidor-hp.com.co\/netcomp\/servidores\/servidores-hp\/servidores-hp-2\/508665-b21-hp-server-blc-3000-enclosure-4ac-6-fan-t\/#primaryimage\"},\"image\":{\"@id\":\"https:\/\/servidor-hp.com.co\/netcomp\/servidores\/servidores-hp\/servidores-hp-2\/508665-b21-hp-server-blc-3000-enclosure-4ac-6-fan-t\/#primaryimage\"},\"thumbnailUrl\":\"https:\/\/servidor-hp.com.co\/netcomp\/wp-content\/uploads\/2013\/04\/hpe-508665-b21-l5718655.jpg\",\"datePublished\":\"2013-04-04T03:58:59+00:00\",\"dateModified\":\"2023-03-07T01:21:57+00:00\",\"description\":\"Servidor HP BLC3000 ENCLOSURE N\/P: 508665-B21 - - Precio y Disponibilidad en Bogota - Colombia - servidor-hp.com.co\",\"breadcrumb\":{\"@id\":\"https:\/\/servidor-hp.com.co\/netcomp\/servidores\/servidores-hp\/servidores-hp-2\/508665-b21-hp-server-blc-3000-enclosure-4ac-6-fan-t\/#breadcrumb\"},\"inLanguage\":\"es\",\"potentialAction\":[{\"@type\":\"ReadAction\",\"target\":[\"https:\/\/servidor-hp.com.co\/netcomp\/servidores\/servidores-hp\/servidores-hp-2\/508665-b21-hp-server-blc-3000-enclosure-4ac-6-fan-t\/\"]}]},{\"@type\":\"ImageObject\",\"inLanguage\":\"es\",\"@id\":\"https:\/\/servidor-hp.com.co\/netcomp\/servidores\/servidores-hp\/servidores-hp-2\/508665-b21-hp-server-blc-3000-enclosure-4ac-6-fan-t\/#primaryimage\",\"url\":\"https:\/\/servidor-hp.com.co\/netcomp\/wp-content\/uploads\/2013\/04\/hpe-508665-b21-l5718655.jpg\",\"contentUrl\":\"https:\/\/servidor-hp.com.co\/netcomp\/wp-content\/uploads\/2013\/04\/hpe-508665-b21-l5718655.jpg\",\"width\":400,\"height\":400},{\"@type\":\"BreadcrumbList\",\"@id\":\"https:\/\/servidor-hp.com.co\/netcomp\/servidores\/servidores-hp\/servidores-hp-2\/508665-b21-hp-server-blc-3000-enclosure-4ac-6-fan-t\/#breadcrumb\",\"itemListElement\":[{\"@type\":\"ListItem\",\"position\":1,\"name\":\"Portada\",\"item\":\"https:\/\/servidor-hp.com.co\/netcomp\/\"},{\"@type\":\"ListItem\",\"position\":2,\"name\":\"Tienda\",\"item\":\"https:\/\/servidor-hp.com.co\/netcomp\/servidores\/\"},{\"@type\":\"ListItem\",\"position\":3,\"name\":\"Servidor HP BLC3000 ENCLOSURE N\/P: 508665-B21\"}]},{\"@type\":\"WebSite\",\"@id\":\"https:\/\/servidor-hp.com.co\/netcomp\/#website\",\"url\":\"https:\/\/servidor-hp.com.co\/netcomp\/\",\"name\":\"Servidores HP - Nuevos - Usados - Alquiler\",\"description\":\"Tels: (+57) 316 878 8749\",\"alternateName\":\"Servidores HP DELL LENOVO IBM\",\"potentialAction\":[{\"@type\":\"SearchAction\",\"target\":{\"@type\":\"EntryPoint\",\"urlTemplate\":\"https:\/\/servidor-hp.com.co\/netcomp\/?s={search_term_string}\"},\"query-input\":{\"@type\":\"PropertyValueSpecification\",\"valueRequired\":true,\"valueName\":\"search_term_string\"}}],\"inLanguage\":\"es\"}]}<\/script>\n<!-- \/ Yoast SEO plugin. -->","yoast_head_json":{"title":"Servidor HP BLC3000 ENCLOSURE N\/P: 508665-B21 - Servidores HP - Nuevos - Usados - Alquiler","description":"Servidor HP BLC3000 ENCLOSURE N\/P: 508665-B21 - - Precio y Disponibilidad en Bogota - Colombia - servidor-hp.com.co","robots":{"index":"index","follow":"follow","max-snippet":"max-snippet:-1","max-image-preview":"max-image-preview:large","max-video-preview":"max-video-preview:-1"},"canonical":"https:\/\/servidor-hp.com.co\/netcomp\/servidores\/servidores-hp\/servidores-hp-2\/508665-b21-hp-server-blc-3000-enclosure-4ac-6-fan-t\/","og_locale":"es_ES","og_type":"article","og_title":"Servidor HP BLC3000 ENCLOSURE N\/P: 508665-B21 - Servidores HP - Nuevos - Usados - Alquiler","og_description":"Servidor HP BLC3000 ENCLOSURE N\/P: 508665-B21 - - Precio y Disponibilidad en Bogota - Colombia - servidor-hp.com.co","og_url":"https:\/\/servidor-hp.com.co\/netcomp\/servidores\/servidores-hp\/servidores-hp-2\/508665-b21-hp-server-blc-3000-enclosure-4ac-6-fan-t\/","og_site_name":"Servidores HP - Nuevos - Usados - Alquiler","article_modified_time":"2023-03-07T01:21:57+00:00","og_image":[{"width":400,"height":400,"url":"https:\/\/servidor-hp.com.co\/netcomp\/wp-content\/uploads\/2013\/04\/hpe-508665-b21-l5718655.jpg","type":"image\/jpeg"}],"twitter_card":"summary_large_image","twitter_misc":{"Tiempo de lectura":"2 minutos"},"schema":{"@context":"https:\/\/schema.org","@graph":[{"@type":"WebPage","@id":"https:\/\/servidor-hp.com.co\/netcomp\/servidores\/servidores-hp\/servidores-hp-2\/508665-b21-hp-server-blc-3000-enclosure-4ac-6-fan-t\/","url":"https:\/\/servidor-hp.com.co\/netcomp\/servidores\/servidores-hp\/servidores-hp-2\/508665-b21-hp-server-blc-3000-enclosure-4ac-6-fan-t\/","name":"Servidor HP BLC3000 ENCLOSURE N\/P: 508665-B21 - Servidores HP - Nuevos - Usados - Alquiler","isPartOf":{"@id":"https:\/\/servidor-hp.com.co\/netcomp\/#website"},"primaryImageOfPage":{"@id":"https:\/\/servidor-hp.com.co\/netcomp\/servidores\/servidores-hp\/servidores-hp-2\/508665-b21-hp-server-blc-3000-enclosure-4ac-6-fan-t\/#primaryimage"},"image":{"@id":"https:\/\/servidor-hp.com.co\/netcomp\/servidores\/servidores-hp\/servidores-hp-2\/508665-b21-hp-server-blc-3000-enclosure-4ac-6-fan-t\/#primaryimage"},"thumbnailUrl":"https:\/\/servidor-hp.com.co\/netcomp\/wp-content\/uploads\/2013\/04\/hpe-508665-b21-l5718655.jpg","datePublished":"2013-04-04T03:58:59+00:00","dateModified":"2023-03-07T01:21:57+00:00","description":"Servidor HP BLC3000 ENCLOSURE N\/P: 508665-B21 - - Precio y Disponibilidad en Bogota - Colombia - servidor-hp.com.co","breadcrumb":{"@id":"https:\/\/servidor-hp.com.co\/netcomp\/servidores\/servidores-hp\/servidores-hp-2\/508665-b21-hp-server-blc-3000-enclosure-4ac-6-fan-t\/#breadcrumb"},"inLanguage":"es","potentialAction":[{"@type":"ReadAction","target":["https:\/\/servidor-hp.com.co\/netcomp\/servidores\/servidores-hp\/servidores-hp-2\/508665-b21-hp-server-blc-3000-enclosure-4ac-6-fan-t\/"]}]},{"@type":"ImageObject","inLanguage":"es","@id":"https:\/\/servidor-hp.com.co\/netcomp\/servidores\/servidores-hp\/servidores-hp-2\/508665-b21-hp-server-blc-3000-enclosure-4ac-6-fan-t\/#primaryimage","url":"https:\/\/servidor-hp.com.co\/netcomp\/wp-content\/uploads\/2013\/04\/hpe-508665-b21-l5718655.jpg","contentUrl":"https:\/\/servidor-hp.com.co\/netcomp\/wp-content\/uploads\/2013\/04\/hpe-508665-b21-l5718655.jpg","width":400,"height":400},{"@type":"BreadcrumbList","@id":"https:\/\/servidor-hp.com.co\/netcomp\/servidores\/servidores-hp\/servidores-hp-2\/508665-b21-hp-server-blc-3000-enclosure-4ac-6-fan-t\/#breadcrumb","itemListElement":[{"@type":"ListItem","position":1,"name":"Portada","item":"https:\/\/servidor-hp.com.co\/netcomp\/"},{"@type":"ListItem","position":2,"name":"Tienda","item":"https:\/\/servidor-hp.com.co\/netcomp\/servidores\/"},{"@type":"ListItem","position":3,"name":"Servidor HP BLC3000 ENCLOSURE N\/P: 508665-B21"}]},{"@type":"WebSite","@id":"https:\/\/servidor-hp.com.co\/netcomp\/#website","url":"https:\/\/servidor-hp.com.co\/netcomp\/","name":"Servidores HP - Nuevos - Usados - Alquiler","description":"Tels: (+57) 316 878 8749","alternateName":"Servidores HP DELL LENOVO IBM","potentialAction":[{"@type":"SearchAction","target":{"@type":"EntryPoint","urlTemplate":"https:\/\/servidor-hp.com.co\/netcomp\/?s={search_term_string}"},"query-input":{"@type":"PropertyValueSpecification","valueRequired":true,"valueName":"search_term_string"}}],"inLanguage":"es"}]}},"_links":{"self":[{"href":"https:\/\/servidor-hp.com.co\/netcomp\/wp-json\/wp\/v2\/product\/702","targetHints":{"allow":["GET"]}}],"collection":[{"href":"https:\/\/servidor-hp.com.co\/netcomp\/wp-json\/wp\/v2\/product"}],"about":[{"href":"https:\/\/servidor-hp.com.co\/netcomp\/wp-json\/wp\/v2\/types\/product"}],"replies":[{"embeddable":true,"href":"https:\/\/servidor-hp.com.co\/netcomp\/wp-json\/wp\/v2\/comments?post=702"}],"wp:featuredmedia":[{"embeddable":true,"href":"https:\/\/servidor-hp.com.co\/netcomp\/wp-json\/wp\/v2\/media\/21991"}],"wp:attachment":[{"href":"https:\/\/servidor-hp.com.co\/netcomp\/wp-json\/wp\/v2\/media?parent=702"}],"wp:term":[{"taxonomy":"product_brand","embeddable":true,"href":"https:\/\/servidor-hp.com.co\/netcomp\/wp-json\/wp\/v2\/product_brand?post=702"},{"taxonomy":"product_cat","embeddable":true,"href":"https:\/\/servidor-hp.com.co\/netcomp\/wp-json\/wp\/v2\/product_cat?post=702"},{"taxonomy":"product_tag","embeddable":true,"href":"https:\/\/servidor-hp.com.co\/netcomp\/wp-json\/wp\/v2\/product_tag?post=702"}],"curies":[{"name":"wp","href":"https:\/\/api.w.org\/{rel}","templated":true}]}}