{"id":31346,"date":"2022-05-30T03:03:11","date_gmt":"2022-05-30T08:03:11","guid":{"rendered":"https:\/\/servidor-hp.com.co\/netcomp\/servidores\/sin%20categor\u00eda\/hpe-hp-p2000-g3-msa-array-systems\/"},"modified":"2023-03-03T19:20:00","modified_gmt":"2023-03-04T00:20:00","slug":"hpe-hp-p2000-g3-msa-array-systems","status":"publish","type":"product","link":"https:\/\/servidor-hp.com.co\/netcomp\/servidores\/servidores-hp-ibm-cisco\/hpe-hp-p2000-g3-msa-array-systems\/","title":{"rendered":"HPE HP P2000 G3 MSA Array Systems"},"content":{"rendered":"<h1 style=\"text-align: center;\"><strong>HPE N\/P: BV901A,\u00ffBV901AR,\u00ffBV902A,\u00ffBV902AR,\u00ffBV903A,\u00ffBV903AR,\u00ffBV904A,\u00ffBV904AR,\u00ffBV905A,\u00ffBV905AR,\u00ffBV906A,\u00ffBV906AR,\u00ffBV907A,\u00ffBV907AR,\u00ffBV908A,\u00ffBV908AR,\u00ffBV909A,\u00ffBV909AR,\u00ffBV910A,\u00ffBV910AR,\u00ffBV911A,\u00ffBV911AR,\u00ffBV912A,\u00ffBV912AR,\u00ffBV913A,\u00ffBV913AR,\u00ffBV914A,\u00ffBV914AR,\u00ffBV916A,\u00ffBV916AR,<\/strong><\/h1>\n<p>&nbsp;<\/p>\n<h3><span style=\"font-family: tahoma, arial, helvetica, sans-serif; font-size: 14pt;\"><strong>Descripci\u00f3n:<\/strong><\/span><\/h3>\n<ul>\n<li>\n<h3>HP P2000 G3 MSA Array Systems<\/h3>\n<\/li>\n<\/ul>\n<p>&nbsp;<\/p>\n<p style=\"text-align: center;\"><span style=\"color: #ff0000;\"><strong><span style=\"font-family: tahoma, arial, helvetica, sans-serif; font-size: 14pt;\">Para Precio y Disponibilidad Por Favor Cont\u00e1ctanos V\u00eda Email o WhatsApp<\/span><\/strong><\/span><\/p>\n<p style=\"text-align: center;\"><span style=\"color: #ff0000;\">___________________________________________________________________________________________________<\/span><\/p>\n<p>&nbsp;<\/p>\n<p>&nbsp;<\/p>\n<h3 style=\"text-align: center;\"><span style=\"font-family: tahoma, arial, helvetica, sans-serif; font-size: 14pt;\"><a title=\"Tienda - Precio y Venta Servidores HP\" href=\"https:\/\/netcomp.co\/es\/132-servidores-hp-lenovo-dell-partes\" target=\"_blank\" rel=\"noopener noreferrer\"><span style=\"font-size: 14pt;\">DISPONEMOS DE UNA<\/span><span style=\"font-size: 14pt;\"> AMPLIA GAMA DE SERVIDORES HP PROLIANT PARA <\/span><\/a><\/span><\/h3>\n<h3 style=\"text-align: center;\"><span style=\"font-family: tahoma, arial, helvetica, sans-serif; font-size: 14pt;\"><a title=\"Tienda - Precio y Venta Servidores HP\" href=\"https:\/\/netcomp.co\/es\/132-servidores-hp-lenovo-dell-partes\" target=\"_blank\" rel=\"noopener noreferrer\">VENTA \/ ARRENDAMIENTO \/ ALQUILER :<\/a><\/span><\/h3>\n<h3 style=\"text-align: center;\"><span style=\"font-size: 14pt;\"><a title=\"Tienda - Precio y Venta Servidores HP\" href=\"https:\/\/netcomp.co\/es\/132-servidores-hp-lenovo-dell-partes\" target=\"_blank\" rel=\"noopener noreferrer\"><span style=\"font-family: tahoma, arial, helvetica, sans-serif;\">ML350 \/ ML150 \/ DL320 \/ DL360 \/ DL380 <\/span><span style=\"font-family: tahoma, arial, helvetica, sans-serif;\">PARA COMPRAR CLICK<\/span><span style=\"font-family: tahoma, arial, helvetica, sans-serif;\"> AQU<\/span><span style=\"font-family: tahoma, arial, helvetica, sans-serif;\">I!<\/span><\/a><\/span><\/h3>\n<h2 style=\"text-align: center;\"><strong><a href=\"https:\/\/api.whatsapp.com\/send?phone=573168788749\" target=\"_blank\" rel=\"noopener noreferrer\"><img loading=\"lazy\" decoding=\"async\" class=\"wp-image-20467 aligncenter\" src=\"http:\/\/cableado-estructurado.com.co\/netcomp\/wp-content\/uploads\/2018\/07\/whatsapp-logo-mensaje.jpg\" alt=\"\" width=\"290\" height=\"220\" \/><\/a><\/strong><\/h2>\n<h2 style=\"text-align: center;\"><img loading=\"lazy\" decoding=\"async\" class=\"wp-image-21775 aligncenter\" src=\"https:\/\/servidor-hp.com.co\/netcomp\/wp-content\/uploads\/2019\/05\/boton-ventas-servidor.png\" alt=\"\" width=\"495\" height=\"153\" \/><\/h2>\n<p style=\"text-align: center;\">\n","protected":false},"excerpt":{"rendered":"<p>HP P2000 G3 MSA Array Systems HPE BV901A,\u00ffBV901AR,\u00ffBV902A,\u00ffBV902AR,\u00ffBV903A,\u00ffBV903AR,\u00ffBV904A,\u00ffBV904AR,\u00ffBV905A,\u00ffBV905AR,\u00ffBV906A,\u00ffBV906AR,\u00ffBV907A,\u00ffBV907AR,\u00ffBV908A,\u00ffBV908AR,\u00ffBV909A,\u00ffBV909AR,\u00ffBV910A,\u00ffBV910AR,\u00ffBV911A,\u00ffBV911AR,\u00ffBV912A,\u00ffBV912AR,\u00ffBV913A,\u00ffBV913AR,\u00ffBV914A,\u00ffBV914AR,\u00ffBV916A,\u00ffBV916AR,<\/p>\n","protected":false},"featured_media":19713,"comment_status":"closed","ping_status":"open","template":"","meta":{"_et_pb_use_builder":"on","_et_pb_old_content":"<h1 style=\"text-align: center;\"><span style=\"font-family: tahoma, arial, helvetica, sans-serif; font-size: 18pt;\"><strong>Fortinet : Power Injector - GPI-130<\/strong><\/span><\/h1>\r\n\u00a0\r\n<h2><span style=\"font-family: tahoma, arial, helvetica, sans-serif; font-size: 14pt;\"><strong>Descrpci\u00f3n:<\/strong><\/span><\/h2>\r\n<h3><span style=\"font-family: tahoma, arial, helvetica, sans-serif; font-size: 12pt;\">1-Port Gigabit PoE Power Injector, 802.3at up to 30W for GPI-130 Gigabit PoE Injector<\/span><\/h3>\r\n\u00a0\r\n\r\n\u00a0\r\n\r\n\u00a0\r\n<h3 style=\"text-align: center;\"><span style=\"font-family: tahoma, arial, helvetica, sans-serif; font-size: 14pt;\"><a title=\"Tienda - Precio y Venta Servidores HP\" href=\"https:\/\/netcomp.co\/es\/132-servidores-hp-lenovo-dell-partes\" target=\"_blank\" rel=\"noopener noreferrer\"><span style=\"font-size: 14pt;\">DISPONEMOS DE UNA<\/span><span style=\"font-size: 14pt;\"> AMPLIA GAMA DE SERVIDORES HP PROLIANT PARA <\/span><\/a><\/span><\/h3>\r\n<h3 style=\"text-align: center;\"><span style=\"font-family: tahoma, arial, helvetica, sans-serif; font-size: 14pt;\"><a title=\"Tienda - Precio y Venta Servidores HP\" href=\"https:\/\/netcomp.co\/es\/132-servidores-hp-lenovo-dell-partes\" target=\"_blank\" rel=\"noopener noreferrer\">VENTA \/ ARRENDAMIENTO \/ ALQUILER :<\/a><\/span><\/h3>\r\n<h3 style=\"text-align: center;\"><span style=\"font-size: 14pt;\"><a title=\"Tienda - Precio y Venta Servidores HP\" href=\"https:\/\/netcomp.co\/es\/132-servidores-hp-lenovo-dell-partes\" target=\"_blank\" rel=\"noopener noreferrer\"><span style=\"font-family: tahoma, arial, helvetica, sans-serif;\">ML350 \/ ML150 \/ DL320 \/ DL360 \/ DL380 <\/span><span style=\"font-family: tahoma, arial, helvetica, sans-serif;\">PARA COMPRAR CLICK<\/span><span style=\"font-family: tahoma, arial, helvetica, sans-serif;\"> AQU<\/span><span style=\"font-family: tahoma, arial, helvetica, sans-serif;\">I!<\/span><\/a><\/span><\/h3>\r\n<h2 style=\"text-align: center;\"><strong><a href=\"https:\/\/api.whatsapp.com\/send?phone=573168788749\" target=\"_blank\" rel=\"noopener noreferrer\"><img class=\"wp-image-20467 aligncenter\" src=\"http:\/\/cableado-estructurado.com.co\/netcomp\/wp-content\/uploads\/2018\/07\/whatsapp-logo-mensaje.jpg\" alt=\"\" width=\"290\" height=\"220\" \/><\/a><\/strong><\/h2>\r\n<h2 style=\"text-align: center;\"><img class=\"wp-image-21775 aligncenter\" src=\"https:\/\/servidor-hp.com.co\/netcomp\/wp-content\/uploads\/2019\/05\/boton-ventas-servidor.png\" alt=\"\" width=\"495\" height=\"153\" \/><\/h2>\r\n<p style=\"text-align: center;\"><\/p>","_et_gb_content_width":""},"product_brand":[],"product_cat":[21006,73],"product_tag":[45055,45056,45057,45058,45059,45060,45061,45062,45063,45064,45065,45066,45067,45068,45069,45070,45071,45072,45073,45074,45075,45076,45077,45078,45079,45080,45081,45082,45083,45084],"class_list":{"0":"post-31346","1":"product","2":"type-product","3":"status-publish","4":"has-post-thumbnail","6":"product_cat-accesorios-2","7":"product_cat-servidores-hp-ibm-cisco","8":"product_tag-hp-p2000-g3-msa-array-systems-hpe-bv901a","9":"product_tag-ybv901ar","10":"product_tag-ybv902a","11":"product_tag-ybv902ar","12":"product_tag-ybv903a","13":"product_tag-ybv903ar","14":"product_tag-ybv904a","15":"product_tag-ybv904ar","16":"product_tag-ybv905a","17":"product_tag-ybv905ar","18":"product_tag-ybv906a","19":"product_tag-ybv906ar","20":"product_tag-ybv907a","21":"product_tag-ybv907ar","22":"product_tag-ybv908a","23":"product_tag-ybv908ar","24":"product_tag-ybv909a","25":"product_tag-ybv909ar","26":"product_tag-ybv910a","27":"product_tag-ybv910ar","28":"product_tag-ybv911a","29":"product_tag-ybv911ar","30":"product_tag-ybv912a","31":"product_tag-ybv912ar","32":"product_tag-ybv913a","33":"product_tag-ybv913ar","34":"product_tag-ybv914a","35":"product_tag-ybv914ar","36":"product_tag-ybv916a","37":"product_tag-ybv916ar","39":"first","40":"instock","41":"product-type-simple"},"yoast_head":"<!-- This site is optimized with the Yoast SEO plugin v27.2 - https:\/\/yoast.com\/product\/yoast-seo-wordpress\/ -->\n<title>Productos archivo - Servidores HP - Nuevos - Usados - Alquiler<\/title>\n<meta name=\"description\" content=\"HP P2000 G3 MSA Array Systems HPE BV901A,\u00ffBV901AR,\u00ffBV902A,\u00ffBV902AR,\u00ffBV903A,\u00ffBV903AR,\u00ffBV904A,\u00ffBV904AR,\u00ffBV905A,\u00ffBV905AR,\u00ffBV906A,\u00ffBV906AR,\u00ffBV907A,\u00ffBV907AR,\u00ffBV908A,\u00ffBV908AR,\u00ffBV909A,\u00ffBV909AR,\u00ffBV910A,\u00ffBV910AR,\u00ffBV911A,\u00ffBV911AR,\u00ffBV912A,\u00ffBV912AR,\u00ffBV913A,\u00ffBV913AR,\u00ffBV914A,\u00ffBV914AR,\u00ffBV916A,\u00ffBV916AR, - Bogota - Colombia - servidor-hp.com.co\" \/>\n<meta name=\"robots\" content=\"index, follow, max-snippet:-1, max-image-preview:large, max-video-preview:-1\" \/>\n<link rel=\"canonical\" href=\"http:\/\/SSL%20-%20AKCP%20-%20Sensor%20Status%20Light-Luz%20de%20Estatus%20para%20Sensor%20de%20Temperatura%20para%20Rack%20de%20Servidores\" \/>\n<meta property=\"og:locale\" content=\"es_ES\" \/>\n<meta property=\"og:type\" content=\"article\" \/>\n<meta property=\"og:title\" content=\"HP P2000 G3 MSA Array Systems HPE BV901A,\u00ffBV901AR,\u00ffBV902A,\u00ffBV902AR,\u00ffBV903A,\u00ffBV903AR,\u00ffBV904A,\u00ffBV904AR,\u00ffBV905A,\u00ffBV905AR,\u00ffBV906A,\u00ffBV906AR,\u00ffBV907A,\u00ffBV907AR,\u00ffBV908A,\u00ffBV908AR,\u00ffBV909A,\u00ffBV909AR,\u00ffBV910A,\u00ffBV910AR,\u00ffBV911A,\u00ffBV911AR,\u00ffBV912A,\u00ffBV912AR,\u00ffBV913A,\u00ffBV913AR,\u00ffBV914A,\u00ffBV914AR,\u00ffBV916A,\u00ffBV916AR,\" \/>\n<meta property=\"og:description\" content=\"HP P2000 G3 MSA Array Systems HPE BV901A,\u00ffBV901AR,\u00ffBV902A,\u00ffBV902AR,\u00ffBV903A,\u00ffBV903AR,\u00ffBV904A,\u00ffBV904AR,\u00ffBV905A,\u00ffBV905AR,\u00ffBV906A,\u00ffBV906AR,\u00ffBV907A,\u00ffBV907AR,\u00ffBV908A,\u00ffBV908AR,\u00ffBV909A,\u00ffBV909AR,\u00ffBV910A,\u00ffBV910AR,\u00ffBV911A,\u00ffBV911AR,\u00ffBV912A,\u00ffBV912AR,\u00ffBV913A,\u00ffBV913AR,\u00ffBV914A,\u00ffBV914AR,\u00ffBV916A,\u00ffBV916AR, - Bogota - Colombia - servidor-hp.com.co\" \/>\n<meta property=\"og:url\" content=\"http:\/\/SSL - AKCP - Sensor Status Light-Luz de Estatus para Sensor de Temperatura para Rack de Servidores\" \/>\n<meta property=\"og:site_name\" content=\"Servidores HP - Nuevos - Usados - Alquiler\" \/>\n<meta property=\"article:modified_time\" content=\"2023-03-04T00:20:00+00:00\" \/>\n<meta property=\"og:image\" content=\"https:\/\/servidor-hp.com.co\/netcomp\/wp-content\/uploads\/2018\/12\/spx-sensores-temperatura-akcp.jpg\" \/>\n\t<meta property=\"og:image:width\" content=\"1280\" \/>\n\t<meta property=\"og:image:height\" content=\"720\" \/>\n\t<meta property=\"og:image:type\" content=\"image\/jpeg\" \/>\n<meta name=\"twitter:card\" content=\"summary_large_image\" \/>\n<meta name=\"twitter:title\" content=\"HP P2000 G3 MSA Array Systems HPE BV901A,\u00ffBV901AR,\u00ffBV902A,\u00ffBV902AR,\u00ffBV903A,\u00ffBV903AR,\u00ffBV904A,\u00ffBV904AR,\u00ffBV905A,\u00ffBV905AR,\u00ffBV906A,\u00ffBV906AR,\u00ffBV907A,\u00ffBV907AR,\u00ffBV908A,\u00ffBV908AR,\u00ffBV909A,\u00ffBV909AR,\u00ffBV910A,\u00ffBV910AR,\u00ffBV911A,\u00ffBV911AR,\u00ffBV912A,\u00ffBV912AR,\u00ffBV913A,\u00ffBV913AR,\u00ffBV914A,\u00ffBV914AR,\u00ffBV916A,\u00ffBV916AR,\" \/>\n<meta name=\"twitter:description\" content=\"HP P2000 G3 MSA Array Systems HPE BV901A,\u00ffBV901AR,\u00ffBV902A,\u00ffBV902AR,\u00ffBV903A,\u00ffBV903AR,\u00ffBV904A,\u00ffBV904AR,\u00ffBV905A,\u00ffBV905AR,\u00ffBV906A,\u00ffBV906AR,\u00ffBV907A,\u00ffBV907AR,\u00ffBV908A,\u00ffBV908AR,\u00ffBV909A,\u00ffBV909AR,\u00ffBV910A,\u00ffBV910AR,\u00ffBV911A,\u00ffBV911AR,\u00ffBV912A,\u00ffBV912AR,\u00ffBV913A,\u00ffBV913AR,\u00ffBV914A,\u00ffBV914AR,\u00ffBV916A,\u00ffBV916AR, - Bogota - Colombia - servidor-hp.com.co\" \/>\n<meta name=\"twitter:image\" content=\"https:\/\/servidor-hp.com.co\/netcomp\/wp-content\/uploads\/2018\/05\/hpe-logo-e1597802276155.jpg\" \/>\n<meta name=\"twitter:label1\" content=\"Tiempo de lectura\" \/>\n\t<meta name=\"twitter:data1\" content=\"1 minuto\" \/>\n<script type=\"application\/ld+json\" class=\"yoast-schema-graph\">{\"@context\":\"https:\/\/schema.org\",\"@graph\":[{\"@type\":\"WebPage\",\"@id\":\"https:\/\/servidor-hp.com.co\/netcomp\/servidores\/servidores-hp-ibm-cisco\/hpe-hp-p2000-g3-msa-array-systems\/\",\"url\":\"http:\/\/SSL%20-%20AKCP%20-%20Sensor%20Status%20Light-Luz%20de%20Estatus%20para%20Sensor%20de%20Temperatura%20para%20Rack%20de%20Servidores\",\"name\":\"Productos archivo - Servidores HP - Nuevos - Usados - Alquiler\",\"isPartOf\":{\"@id\":\"https:\/\/servidor-hp.com.co\/netcomp\/#website\"},\"primaryImageOfPage\":{\"@id\":\"http:\/\/SSL%20-%20AKCP%20-%20Sensor%20Status%20Light-Luz%20de%20Estatus%20para%20Sensor%20de%20Temperatura%20para%20Rack%20de%20Servidores#primaryimage\"},\"image\":{\"@id\":\"http:\/\/SSL%20-%20AKCP%20-%20Sensor%20Status%20Light-Luz%20de%20Estatus%20para%20Sensor%20de%20Temperatura%20para%20Rack%20de%20Servidores#primaryimage\"},\"thumbnailUrl\":\"https:\/\/servidor-hp.com.co\/netcomp\/wp-content\/uploads\/2018\/05\/hpe-logo-e1597802276155.jpg\",\"datePublished\":\"2022-05-30T08:03:11+00:00\",\"dateModified\":\"2023-03-04T00:20:00+00:00\",\"description\":\"HP P2000 G3 MSA Array Systems HPE BV901A,\u00ffBV901AR,\u00ffBV902A,\u00ffBV902AR,\u00ffBV903A,\u00ffBV903AR,\u00ffBV904A,\u00ffBV904AR,\u00ffBV905A,\u00ffBV905AR,\u00ffBV906A,\u00ffBV906AR,\u00ffBV907A,\u00ffBV907AR,\u00ffBV908A,\u00ffBV908AR,\u00ffBV909A,\u00ffBV909AR,\u00ffBV910A,\u00ffBV910AR,\u00ffBV911A,\u00ffBV911AR,\u00ffBV912A,\u00ffBV912AR,\u00ffBV913A,\u00ffBV913AR,\u00ffBV914A,\u00ffBV914AR,\u00ffBV916A,\u00ffBV916AR, - Bogota - Colombia - servidor-hp.com.co\",\"breadcrumb\":{\"@id\":\"http:\/\/SSL%20-%20AKCP%20-%20Sensor%20Status%20Light-Luz%20de%20Estatus%20para%20Sensor%20de%20Temperatura%20para%20Rack%20de%20Servidores#breadcrumb\"},\"inLanguage\":\"es\",\"potentialAction\":[{\"@type\":\"ReadAction\",\"target\":[\"http:\/\/SSL%20-%20AKCP%20-%20Sensor%20Status%20Light-Luz%20de%20Estatus%20para%20Sensor%20de%20Temperatura%20para%20Rack%20de%20Servidores\"]}]},{\"@type\":\"ImageObject\",\"inLanguage\":\"es\",\"@id\":\"http:\/\/SSL%20-%20AKCP%20-%20Sensor%20Status%20Light-Luz%20de%20Estatus%20para%20Sensor%20de%20Temperatura%20para%20Rack%20de%20Servidores#primaryimage\",\"url\":\"https:\/\/servidor-hp.com.co\/netcomp\/wp-content\/uploads\/2018\/05\/hpe-logo-e1597802276155.jpg\",\"contentUrl\":\"https:\/\/servidor-hp.com.co\/netcomp\/wp-content\/uploads\/2018\/05\/hpe-logo-e1597802276155.jpg\",\"width\":350,\"height\":233,\"caption\":\"Servicios - PARA SERVIDOR HP PROLIANT DL380 SFF GEN10 - RACK\"},{\"@type\":\"BreadcrumbList\",\"@id\":\"http:\/\/SSL%20-%20AKCP%20-%20Sensor%20Status%20Light-Luz%20de%20Estatus%20para%20Sensor%20de%20Temperatura%20para%20Rack%20de%20Servidores#breadcrumb\",\"itemListElement\":[{\"@type\":\"ListItem\",\"position\":1,\"name\":\"Portada\",\"item\":\"https:\/\/servidor-hp.com.co\/netcomp\/\"},{\"@type\":\"ListItem\",\"position\":2,\"name\":\"Tienda\",\"item\":\"https:\/\/servidor-hp.com.co\/netcomp\/servidores\/\"},{\"@type\":\"ListItem\",\"position\":3,\"name\":\"HPE HP P2000 G3 MSA Array Systems\"}]},{\"@type\":\"WebSite\",\"@id\":\"https:\/\/servidor-hp.com.co\/netcomp\/#website\",\"url\":\"https:\/\/servidor-hp.com.co\/netcomp\/\",\"name\":\"Servidores HP - Nuevos - Usados - Alquiler\",\"description\":\"Tels: (+57) 316 878 8749\",\"alternateName\":\"Servidores HP DELL LENOVO IBM\",\"potentialAction\":[{\"@type\":\"SearchAction\",\"target\":{\"@type\":\"EntryPoint\",\"urlTemplate\":\"https:\/\/servidor-hp.com.co\/netcomp\/?s={search_term_string}\"},\"query-input\":{\"@type\":\"PropertyValueSpecification\",\"valueRequired\":true,\"valueName\":\"search_term_string\"}}],\"inLanguage\":\"es\"}]}<\/script>\n<!-- \/ Yoast SEO plugin. -->","yoast_head_json":{"title":"Productos archivo - Servidores HP - Nuevos - Usados - Alquiler","description":"HP P2000 G3 MSA Array Systems HPE BV901A,\u00ffBV901AR,\u00ffBV902A,\u00ffBV902AR,\u00ffBV903A,\u00ffBV903AR,\u00ffBV904A,\u00ffBV904AR,\u00ffBV905A,\u00ffBV905AR,\u00ffBV906A,\u00ffBV906AR,\u00ffBV907A,\u00ffBV907AR,\u00ffBV908A,\u00ffBV908AR,\u00ffBV909A,\u00ffBV909AR,\u00ffBV910A,\u00ffBV910AR,\u00ffBV911A,\u00ffBV911AR,\u00ffBV912A,\u00ffBV912AR,\u00ffBV913A,\u00ffBV913AR,\u00ffBV914A,\u00ffBV914AR,\u00ffBV916A,\u00ffBV916AR, - Bogota - Colombia - servidor-hp.com.co","robots":{"index":"index","follow":"follow","max-snippet":"max-snippet:-1","max-image-preview":"max-image-preview:large","max-video-preview":"max-video-preview:-1"},"canonical":"http:\/\/SSL - AKCP - Sensor Status Light-Luz de Estatus para Sensor de Temperatura para Rack de Servidores","og_locale":"es_ES","og_type":"article","og_title":"HP P2000 G3 MSA Array Systems HPE BV901A,\u00ffBV901AR,\u00ffBV902A,\u00ffBV902AR,\u00ffBV903A,\u00ffBV903AR,\u00ffBV904A,\u00ffBV904AR,\u00ffBV905A,\u00ffBV905AR,\u00ffBV906A,\u00ffBV906AR,\u00ffBV907A,\u00ffBV907AR,\u00ffBV908A,\u00ffBV908AR,\u00ffBV909A,\u00ffBV909AR,\u00ffBV910A,\u00ffBV910AR,\u00ffBV911A,\u00ffBV911AR,\u00ffBV912A,\u00ffBV912AR,\u00ffBV913A,\u00ffBV913AR,\u00ffBV914A,\u00ffBV914AR,\u00ffBV916A,\u00ffBV916AR,","og_description":"HP P2000 G3 MSA Array Systems HPE BV901A,\u00ffBV901AR,\u00ffBV902A,\u00ffBV902AR,\u00ffBV903A,\u00ffBV903AR,\u00ffBV904A,\u00ffBV904AR,\u00ffBV905A,\u00ffBV905AR,\u00ffBV906A,\u00ffBV906AR,\u00ffBV907A,\u00ffBV907AR,\u00ffBV908A,\u00ffBV908AR,\u00ffBV909A,\u00ffBV909AR,\u00ffBV910A,\u00ffBV910AR,\u00ffBV911A,\u00ffBV911AR,\u00ffBV912A,\u00ffBV912AR,\u00ffBV913A,\u00ffBV913AR,\u00ffBV914A,\u00ffBV914AR,\u00ffBV916A,\u00ffBV916AR, - Bogota - Colombia - servidor-hp.com.co","og_url":"http:\/\/SSL - AKCP - Sensor Status Light-Luz de Estatus para Sensor de Temperatura para Rack de Servidores","og_site_name":"Servidores HP - Nuevos - Usados - Alquiler","article_modified_time":"2023-03-04T00:20:00+00:00","og_image":[{"width":1280,"height":720,"url":"https:\/\/servidor-hp.com.co\/netcomp\/wp-content\/uploads\/2018\/12\/spx-sensores-temperatura-akcp.jpg","type":"image\/jpeg"}],"twitter_card":"summary_large_image","twitter_title":"HP P2000 G3 MSA Array Systems HPE BV901A,\u00ffBV901AR,\u00ffBV902A,\u00ffBV902AR,\u00ffBV903A,\u00ffBV903AR,\u00ffBV904A,\u00ffBV904AR,\u00ffBV905A,\u00ffBV905AR,\u00ffBV906A,\u00ffBV906AR,\u00ffBV907A,\u00ffBV907AR,\u00ffBV908A,\u00ffBV908AR,\u00ffBV909A,\u00ffBV909AR,\u00ffBV910A,\u00ffBV910AR,\u00ffBV911A,\u00ffBV911AR,\u00ffBV912A,\u00ffBV912AR,\u00ffBV913A,\u00ffBV913AR,\u00ffBV914A,\u00ffBV914AR,\u00ffBV916A,\u00ffBV916AR,","twitter_description":"HP P2000 G3 MSA Array Systems HPE BV901A,\u00ffBV901AR,\u00ffBV902A,\u00ffBV902AR,\u00ffBV903A,\u00ffBV903AR,\u00ffBV904A,\u00ffBV904AR,\u00ffBV905A,\u00ffBV905AR,\u00ffBV906A,\u00ffBV906AR,\u00ffBV907A,\u00ffBV907AR,\u00ffBV908A,\u00ffBV908AR,\u00ffBV909A,\u00ffBV909AR,\u00ffBV910A,\u00ffBV910AR,\u00ffBV911A,\u00ffBV911AR,\u00ffBV912A,\u00ffBV912AR,\u00ffBV913A,\u00ffBV913AR,\u00ffBV914A,\u00ffBV914AR,\u00ffBV916A,\u00ffBV916AR, - Bogota - Colombia - servidor-hp.com.co","twitter_image":"https:\/\/servidor-hp.com.co\/netcomp\/wp-content\/uploads\/2018\/05\/hpe-logo-e1597802276155.jpg","twitter_misc":{"Tiempo de lectura":"1 minuto"},"schema":{"@context":"https:\/\/schema.org","@graph":[{"@type":"WebPage","@id":"https:\/\/servidor-hp.com.co\/netcomp\/servidores\/servidores-hp-ibm-cisco\/hpe-hp-p2000-g3-msa-array-systems\/","url":"http:\/\/SSL%20-%20AKCP%20-%20Sensor%20Status%20Light-Luz%20de%20Estatus%20para%20Sensor%20de%20Temperatura%20para%20Rack%20de%20Servidores","name":"Productos archivo - Servidores HP - Nuevos - Usados - Alquiler","isPartOf":{"@id":"https:\/\/servidor-hp.com.co\/netcomp\/#website"},"primaryImageOfPage":{"@id":"http:\/\/SSL%20-%20AKCP%20-%20Sensor%20Status%20Light-Luz%20de%20Estatus%20para%20Sensor%20de%20Temperatura%20para%20Rack%20de%20Servidores#primaryimage"},"image":{"@id":"http:\/\/SSL%20-%20AKCP%20-%20Sensor%20Status%20Light-Luz%20de%20Estatus%20para%20Sensor%20de%20Temperatura%20para%20Rack%20de%20Servidores#primaryimage"},"thumbnailUrl":"https:\/\/servidor-hp.com.co\/netcomp\/wp-content\/uploads\/2018\/05\/hpe-logo-e1597802276155.jpg","datePublished":"2022-05-30T08:03:11+00:00","dateModified":"2023-03-04T00:20:00+00:00","description":"HP P2000 G3 MSA Array Systems HPE BV901A,\u00ffBV901AR,\u00ffBV902A,\u00ffBV902AR,\u00ffBV903A,\u00ffBV903AR,\u00ffBV904A,\u00ffBV904AR,\u00ffBV905A,\u00ffBV905AR,\u00ffBV906A,\u00ffBV906AR,\u00ffBV907A,\u00ffBV907AR,\u00ffBV908A,\u00ffBV908AR,\u00ffBV909A,\u00ffBV909AR,\u00ffBV910A,\u00ffBV910AR,\u00ffBV911A,\u00ffBV911AR,\u00ffBV912A,\u00ffBV912AR,\u00ffBV913A,\u00ffBV913AR,\u00ffBV914A,\u00ffBV914AR,\u00ffBV916A,\u00ffBV916AR, - Bogota - Colombia - servidor-hp.com.co","breadcrumb":{"@id":"http:\/\/SSL%20-%20AKCP%20-%20Sensor%20Status%20Light-Luz%20de%20Estatus%20para%20Sensor%20de%20Temperatura%20para%20Rack%20de%20Servidores#breadcrumb"},"inLanguage":"es","potentialAction":[{"@type":"ReadAction","target":["http:\/\/SSL%20-%20AKCP%20-%20Sensor%20Status%20Light-Luz%20de%20Estatus%20para%20Sensor%20de%20Temperatura%20para%20Rack%20de%20Servidores"]}]},{"@type":"ImageObject","inLanguage":"es","@id":"http:\/\/SSL%20-%20AKCP%20-%20Sensor%20Status%20Light-Luz%20de%20Estatus%20para%20Sensor%20de%20Temperatura%20para%20Rack%20de%20Servidores#primaryimage","url":"https:\/\/servidor-hp.com.co\/netcomp\/wp-content\/uploads\/2018\/05\/hpe-logo-e1597802276155.jpg","contentUrl":"https:\/\/servidor-hp.com.co\/netcomp\/wp-content\/uploads\/2018\/05\/hpe-logo-e1597802276155.jpg","width":350,"height":233,"caption":"Servicios - PARA SERVIDOR HP PROLIANT DL380 SFF GEN10 - RACK"},{"@type":"BreadcrumbList","@id":"http:\/\/SSL%20-%20AKCP%20-%20Sensor%20Status%20Light-Luz%20de%20Estatus%20para%20Sensor%20de%20Temperatura%20para%20Rack%20de%20Servidores#breadcrumb","itemListElement":[{"@type":"ListItem","position":1,"name":"Portada","item":"https:\/\/servidor-hp.com.co\/netcomp\/"},{"@type":"ListItem","position":2,"name":"Tienda","item":"https:\/\/servidor-hp.com.co\/netcomp\/servidores\/"},{"@type":"ListItem","position":3,"name":"HPE HP P2000 G3 MSA Array Systems"}]},{"@type":"WebSite","@id":"https:\/\/servidor-hp.com.co\/netcomp\/#website","url":"https:\/\/servidor-hp.com.co\/netcomp\/","name":"Servidores HP - Nuevos - Usados - Alquiler","description":"Tels: (+57) 316 878 8749","alternateName":"Servidores HP DELL LENOVO IBM","potentialAction":[{"@type":"SearchAction","target":{"@type":"EntryPoint","urlTemplate":"https:\/\/servidor-hp.com.co\/netcomp\/?s={search_term_string}"},"query-input":{"@type":"PropertyValueSpecification","valueRequired":true,"valueName":"search_term_string"}}],"inLanguage":"es"}]}},"_links":{"self":[{"href":"https:\/\/servidor-hp.com.co\/netcomp\/wp-json\/wp\/v2\/product\/31346","targetHints":{"allow":["GET"]}}],"collection":[{"href":"https:\/\/servidor-hp.com.co\/netcomp\/wp-json\/wp\/v2\/product"}],"about":[{"href":"https:\/\/servidor-hp.com.co\/netcomp\/wp-json\/wp\/v2\/types\/product"}],"replies":[{"embeddable":true,"href":"https:\/\/servidor-hp.com.co\/netcomp\/wp-json\/wp\/v2\/comments?post=31346"}],"wp:featuredmedia":[{"embeddable":true,"href":"https:\/\/servidor-hp.com.co\/netcomp\/wp-json\/wp\/v2\/media\/19713"}],"wp:attachment":[{"href":"https:\/\/servidor-hp.com.co\/netcomp\/wp-json\/wp\/v2\/media?parent=31346"}],"wp:term":[{"taxonomy":"product_brand","embeddable":true,"href":"https:\/\/servidor-hp.com.co\/netcomp\/wp-json\/wp\/v2\/product_brand?post=31346"},{"taxonomy":"product_cat","embeddable":true,"href":"https:\/\/servidor-hp.com.co\/netcomp\/wp-json\/wp\/v2\/product_cat?post=31346"},{"taxonomy":"product_tag","embeddable":true,"href":"https:\/\/servidor-hp.com.co\/netcomp\/wp-json\/wp\/v2\/product_tag?post=31346"}],"curies":[{"name":"wp","href":"https:\/\/api.w.org\/{rel}","templated":true}]}}