{"id":25143,"date":"2022-05-30T00:43:01","date_gmt":"2022-05-30T05:43:01","guid":{"rendered":"https:\/\/servidor-hp.com.co\/netcomp\/servidores\/sin categor\u00eda\/hpe-hpe-proliant-dl380-g7-server-5\/"},"modified":"2022-05-30T00:43:05","modified_gmt":"2022-05-30T05:43:05","slug":"hpe-hpe-proliant-dl380-g7-server-5","status":"publish","type":"product","link":"https:\/\/servidor-hp.com.co\/netcomp\/servidores\/accesorios-2\/hpe-hpe-proliant-dl380-g7-server-5\/","title":{"rendered":"HPE HPE ProLiant DL380 G7 Server"},"content":{"rendered":"<h1 style=\"text-align: center;\"><strong>HPE N\/P: 470065-345,\u00ff470065-346,\u00ff470065-347,\u00ff470065-358,\u00ff470065-361,\u00ff470065-362,\u00ff470065-368,\u00ff470065-391,\u00ff470065-478,\u00ff470065-479,\u00ff470065-480,\u00ff470065-482,\u00ff470065-484,\u00ff589152-371,\u00ff630174-AA1,\u00ffB0M95A,\u00ffB0M96A,\u00ffB2S36A,\u00ffB2S39A,\u00ffBV402A,\u00ffBX748A,\u00ffBZ698A,\u00ffBZ698AR,\u00ffBZ709A,\u00ffBZ711A,\u00ffQK810A,\u00ffQK811A,\u00ffQL217A,\u00ffQP902A,\u00ffQS807A,<\/strong><\/h1>\n<p>&nbsp;<\/p>\n<h3><span style=\"font-family: tahoma, arial, helvetica, sans-serif; font-size: 14pt;\"><strong>Descripci\u00f3n:<\/strong><\/span><\/h3>\n<ul>\n<li>\n<h3>HPE ProLiant DL380 G7 Server<\/h3>\n<\/li>\n<\/ul>\n<p>&nbsp;<\/p>\n<p style=\"text-align: center;\"><span style=\"color: #ff0000;\"><strong><span style=\"font-family: tahoma, arial, helvetica, sans-serif; font-size: 14pt;\">Para Precio y Disponibilidad Por Favor Cont\u00e1ctanos V\u00eda Email o WhatsApp<\/span><\/strong><\/span><\/p>\n<p style=\"text-align: center;\"><span style=\"color: #ff0000;\">___________________________________________________________________________________________________<\/span><\/p>\n<p>&nbsp;<\/p>\n<p>&nbsp;<\/p>\n<h3 style=\"text-align: center;\"><span style=\"font-family: tahoma, arial, helvetica, sans-serif; font-size: 14pt;\"><a title=\"Tienda - Precio y Venta Servidores HP\" href=\"https:\/\/netcomp.co\/es\/132-servidores-hp-lenovo-dell-partes\" target=\"_blank\" rel=\"noopener noreferrer\"><span style=\"font-size: 14pt;\">DISPONEMOS DE UNA<\/span><span style=\"font-size: 14pt;\"> AMPLIA GAMA DE SERVIDORES HP PROLIANT PARA <\/span><\/a><\/span><\/h3>\n<h3 style=\"text-align: center;\"><span style=\"font-family: tahoma, arial, helvetica, sans-serif; font-size: 14pt;\"><a title=\"Tienda - Precio y Venta Servidores HP\" href=\"https:\/\/netcomp.co\/es\/132-servidores-hp-lenovo-dell-partes\" target=\"_blank\" rel=\"noopener noreferrer\">VENTA \/ ARRENDAMIENTO \/ ALQUILER :<\/a><\/span><\/h3>\n<h3 style=\"text-align: center;\"><span style=\"font-size: 14pt;\"><a title=\"Tienda - Precio y Venta Servidores HP\" href=\"https:\/\/netcomp.co\/es\/132-servidores-hp-lenovo-dell-partes\" target=\"_blank\" rel=\"noopener noreferrer\"><span style=\"font-family: tahoma, arial, helvetica, sans-serif;\">ML350 \/ ML150 \/ DL320 \/ DL360 \/ DL380 <\/span><span style=\"font-family: tahoma, arial, helvetica, sans-serif;\">PARA COMPRAR CLICK<\/span><span style=\"font-family: tahoma, arial, helvetica, sans-serif;\"> AQU<\/span><span style=\"font-family: tahoma, arial, helvetica, sans-serif;\">I!<\/span><\/a><\/span><\/h3>\n<h2 style=\"text-align: center;\"><strong><a href=\"https:\/\/api.whatsapp.com\/send?phone=573168788749\" target=\"_blank\" rel=\"noopener noreferrer\"><img loading=\"lazy\" decoding=\"async\" class=\"wp-image-20467 aligncenter\" src=\"http:\/\/cableado-estructurado.com.co\/netcomp\/wp-content\/uploads\/2018\/07\/whatsapp-logo-mensaje.jpg\" alt=\"\" width=\"290\" height=\"220\" \/><\/a><\/strong><\/h2>\n<h2 style=\"text-align: center;\"><img loading=\"lazy\" decoding=\"async\" class=\"wp-image-21775 aligncenter\" src=\"https:\/\/servidor-hp.com.co\/netcomp\/wp-content\/uploads\/2019\/05\/boton-ventas-servidor.png\" alt=\"\" width=\"495\" height=\"153\" \/><\/h2>\n<p style=\"text-align: center;\">\n","protected":false},"excerpt":{"rendered":"<p>HPE ProLiant DL380 G7 Server HPE 470065-345,\u00ff470065-346,\u00ff470065-347,\u00ff470065-358,\u00ff470065-361,\u00ff470065-362,\u00ff470065-368,\u00ff470065-391,\u00ff470065-478,\u00ff470065-479,\u00ff470065-480,\u00ff470065-482,\u00ff470065-484,\u00ff589152-371,\u00ff630174-AA1,\u00ffB0M95A,\u00ffB0M96A,\u00ffB2S36A,\u00ffB2S39A,\u00ffBV402A,\u00ffBX748A,\u00ffBZ698A,\u00ffBZ698AR,\u00ffBZ709A,\u00ffBZ711A,\u00ffQK810A,\u00ffQK811A,\u00ffQL217A,\u00ffQP902A,\u00ffQS807A,<\/p>\n","protected":false},"featured_media":19713,"comment_status":"closed","ping_status":"open","template":"","meta":{"_et_pb_use_builder":"on","_et_pb_old_content":"<h1 style=\"text-align: center;\"><span style=\"font-family: tahoma, arial, helvetica, sans-serif; font-size: 18pt;\"><strong>Fortinet : Power Injector - GPI-130<\/strong><\/span><\/h1>\r\n\u00a0\r\n<h2><span style=\"font-family: tahoma, arial, helvetica, sans-serif; font-size: 14pt;\"><strong>Descrpci\u00f3n:<\/strong><\/span><\/h2>\r\n<h3><span style=\"font-family: tahoma, arial, helvetica, sans-serif; font-size: 12pt;\">1-Port Gigabit PoE Power Injector, 802.3at up to 30W for GPI-130 Gigabit PoE Injector<\/span><\/h3>\r\n\u00a0\r\n\r\n\u00a0\r\n\r\n\u00a0\r\n<h3 style=\"text-align: center;\"><span style=\"font-family: tahoma, arial, helvetica, sans-serif; font-size: 14pt;\"><a title=\"Tienda - Precio y Venta Servidores HP\" href=\"https:\/\/netcomp.co\/es\/132-servidores-hp-lenovo-dell-partes\" target=\"_blank\" rel=\"noopener noreferrer\"><span style=\"font-size: 14pt;\">DISPONEMOS DE UNA<\/span><span style=\"font-size: 14pt;\"> AMPLIA GAMA DE SERVIDORES HP PROLIANT PARA <\/span><\/a><\/span><\/h3>\r\n<h3 style=\"text-align: center;\"><span style=\"font-family: tahoma, arial, helvetica, sans-serif; font-size: 14pt;\"><a title=\"Tienda - Precio y Venta Servidores HP\" href=\"https:\/\/netcomp.co\/es\/132-servidores-hp-lenovo-dell-partes\" target=\"_blank\" rel=\"noopener noreferrer\">VENTA \/ ARRENDAMIENTO \/ ALQUILER :<\/a><\/span><\/h3>\r\n<h3 style=\"text-align: center;\"><span style=\"font-size: 14pt;\"><a title=\"Tienda - Precio y Venta Servidores HP\" href=\"https:\/\/netcomp.co\/es\/132-servidores-hp-lenovo-dell-partes\" target=\"_blank\" rel=\"noopener noreferrer\"><span style=\"font-family: tahoma, arial, helvetica, sans-serif;\">ML350 \/ ML150 \/ DL320 \/ DL360 \/ DL380 <\/span><span style=\"font-family: tahoma, arial, helvetica, sans-serif;\">PARA COMPRAR CLICK<\/span><span style=\"font-family: tahoma, arial, helvetica, sans-serif;\"> AQU<\/span><span style=\"font-family: tahoma, arial, helvetica, sans-serif;\">I!<\/span><\/a><\/span><\/h3>\r\n<h2 style=\"text-align: center;\"><strong><a href=\"https:\/\/api.whatsapp.com\/send?phone=573168788749\" target=\"_blank\" rel=\"noopener noreferrer\"><img class=\"wp-image-20467 aligncenter\" src=\"http:\/\/cableado-estructurado.com.co\/netcomp\/wp-content\/uploads\/2018\/07\/whatsapp-logo-mensaje.jpg\" alt=\"\" width=\"290\" height=\"220\" \/><\/a><\/strong><\/h2>\r\n<h2 style=\"text-align: center;\"><img class=\"wp-image-21775 aligncenter\" src=\"https:\/\/servidor-hp.com.co\/netcomp\/wp-content\/uploads\/2019\/05\/boton-ventas-servidor.png\" alt=\"\" width=\"495\" height=\"153\" \/><\/h2>\r\n<p style=\"text-align: center;\"><\/p>","_et_gb_content_width":""},"product_brand":[],"product_cat":[21006],"product_tag":[27767,27768,27769,27770,27771,27772,27773,27774,27775,27776,27777,27778,27779,27780,27781,27782,27783,27784,27785,27786,27787,27788,27789,27790,27791,27792,27793,27794,27795,27796],"class_list":{"0":"post-25143","1":"product","2":"type-product","3":"status-publish","4":"has-post-thumbnail","6":"product_cat-accesorios-2","7":"product_tag-hpe-proliant-dl380-g7-server-hpe-470065-345","8":"product_tag-y470065-346","9":"product_tag-y470065-347","10":"product_tag-y470065-358","11":"product_tag-y470065-361","12":"product_tag-y470065-362","13":"product_tag-y470065-368","14":"product_tag-y470065-391","15":"product_tag-y470065-478","16":"product_tag-y470065-479","17":"product_tag-y470065-480","18":"product_tag-y470065-482","19":"product_tag-y470065-484","20":"product_tag-y589152-371","21":"product_tag-y630174-aa1","22":"product_tag-yb0m95a","23":"product_tag-yb0m96a","24":"product_tag-yb2s36a","25":"product_tag-yb2s39a","26":"product_tag-ybv402a","27":"product_tag-ybx748a","28":"product_tag-ybz698a","29":"product_tag-ybz698ar","30":"product_tag-ybz709a","31":"product_tag-ybz711a","32":"product_tag-yqk810a","33":"product_tag-yqk811a","34":"product_tag-yql217a","35":"product_tag-yqp902a","36":"product_tag-yqs807a","38":"first","39":"instock","40":"product-type-simple"},"yoast_head":"<!-- This site is optimized with the Yoast SEO plugin v27.2 - https:\/\/yoast.com\/product\/yoast-seo-wordpress\/ -->\n<title>Productos archivo - Servidores HP - Nuevos - Usados - Alquiler<\/title>\n<meta name=\"description\" content=\"HPE ProLiant DL380 G7 Server HPE 470065-345,\u00ff470065-346,\u00ff470065-347,\u00ff470065-358,\u00ff470065-361,\u00ff470065-362,\u00ff470065-368,\u00ff470065-391,\u00ff470065-478,\u00ff470065-479,\u00ff470065-480,\u00ff470065-482,\u00ff470065-484,\u00ff589152-371,\u00ff630174-AA1,\u00ffB0M95A,\u00ffB0M96A,\u00ffB2S36A,\u00ffB2S39A,\u00ffBV402A,\u00ffBX748A,\u00ffBZ698A,\u00ffBZ698AR,\u00ffBZ709A,\u00ffBZ711A,\u00ffQK810A,\u00ffQK811A,\u00ffQL217A,\u00ffQP902A,\u00ffQS807A, - Bogota - Colombia - servidor-hp.com.co\" \/>\n<meta name=\"robots\" content=\"index, follow, max-snippet:-1, max-image-preview:large, max-video-preview:-1\" \/>\n<link rel=\"canonical\" href=\"http:\/\/SSL%20-%20AKCP%20-%20Sensor%20Status%20Light-Luz%20de%20Estatus%20para%20Sensor%20de%20Temperatura%20para%20Rack%20de%20Servidores\" \/>\n<meta property=\"og:locale\" content=\"es_ES\" \/>\n<meta property=\"og:type\" content=\"article\" \/>\n<meta property=\"og:title\" content=\"HPE ProLiant DL380 G7 Server HPE 470065-345,\u00ff470065-346,\u00ff470065-347,\u00ff470065-358,\u00ff470065-361,\u00ff470065-362,\u00ff470065-368,\u00ff470065-391,\u00ff470065-478,\u00ff470065-479,\u00ff470065-480,\u00ff470065-482,\u00ff470065-484,\u00ff589152-371,\u00ff630174-AA1,\u00ffB0M95A,\u00ffB0M96A,\u00ffB2S36A,\u00ffB2S39A,\u00ffBV402A,\u00ffBX748A,\u00ffBZ698A,\u00ffBZ698AR,\u00ffBZ709A,\u00ffBZ711A,\u00ffQK810A,\u00ffQK811A,\u00ffQL217A,\u00ffQP902A,\u00ffQS807A,\" \/>\n<meta property=\"og:description\" content=\"HPE ProLiant DL380 G7 Server HPE 470065-345,\u00ff470065-346,\u00ff470065-347,\u00ff470065-358,\u00ff470065-361,\u00ff470065-362,\u00ff470065-368,\u00ff470065-391,\u00ff470065-478,\u00ff470065-479,\u00ff470065-480,\u00ff470065-482,\u00ff470065-484,\u00ff589152-371,\u00ff630174-AA1,\u00ffB0M95A,\u00ffB0M96A,\u00ffB2S36A,\u00ffB2S39A,\u00ffBV402A,\u00ffBX748A,\u00ffBZ698A,\u00ffBZ698AR,\u00ffBZ709A,\u00ffBZ711A,\u00ffQK810A,\u00ffQK811A,\u00ffQL217A,\u00ffQP902A,\u00ffQS807A, - Bogota - Colombia - servidor-hp.com.co\" \/>\n<meta property=\"og:url\" content=\"http:\/\/SSL - AKCP - Sensor Status Light-Luz de Estatus para Sensor de Temperatura para Rack de Servidores\" \/>\n<meta property=\"og:site_name\" content=\"Servidores HP - Nuevos - Usados - Alquiler\" \/>\n<meta property=\"article:modified_time\" content=\"2022-05-30T05:43:05+00:00\" \/>\n<meta property=\"og:image\" content=\"https:\/\/servidor-hp.com.co\/netcomp\/wp-content\/uploads\/2018\/12\/spx-sensores-temperatura-akcp.jpg\" \/>\n\t<meta property=\"og:image:width\" content=\"1280\" \/>\n\t<meta property=\"og:image:height\" content=\"720\" \/>\n\t<meta property=\"og:image:type\" content=\"image\/jpeg\" \/>\n<meta name=\"twitter:card\" content=\"summary_large_image\" \/>\n<meta name=\"twitter:title\" content=\"HPE ProLiant DL380 G7 Server HPE 470065-345,\u00ff470065-346,\u00ff470065-347,\u00ff470065-358,\u00ff470065-361,\u00ff470065-362,\u00ff470065-368,\u00ff470065-391,\u00ff470065-478,\u00ff470065-479,\u00ff470065-480,\u00ff470065-482,\u00ff470065-484,\u00ff589152-371,\u00ff630174-AA1,\u00ffB0M95A,\u00ffB0M96A,\u00ffB2S36A,\u00ffB2S39A,\u00ffBV402A,\u00ffBX748A,\u00ffBZ698A,\u00ffBZ698AR,\u00ffBZ709A,\u00ffBZ711A,\u00ffQK810A,\u00ffQK811A,\u00ffQL217A,\u00ffQP902A,\u00ffQS807A,\" \/>\n<meta name=\"twitter:description\" content=\"HPE ProLiant DL380 G7 Server HPE 470065-345,\u00ff470065-346,\u00ff470065-347,\u00ff470065-358,\u00ff470065-361,\u00ff470065-362,\u00ff470065-368,\u00ff470065-391,\u00ff470065-478,\u00ff470065-479,\u00ff470065-480,\u00ff470065-482,\u00ff470065-484,\u00ff589152-371,\u00ff630174-AA1,\u00ffB0M95A,\u00ffB0M96A,\u00ffB2S36A,\u00ffB2S39A,\u00ffBV402A,\u00ffBX748A,\u00ffBZ698A,\u00ffBZ698AR,\u00ffBZ709A,\u00ffBZ711A,\u00ffQK810A,\u00ffQK811A,\u00ffQL217A,\u00ffQP902A,\u00ffQS807A, - Bogota - Colombia - servidor-hp.com.co\" \/>\n<meta name=\"twitter:image\" content=\"https:\/\/servidor-hp.com.co\/netcomp\/wp-content\/uploads\/2018\/05\/hpe-logo-e1597802276155.jpg\" \/>\n<meta name=\"twitter:label1\" content=\"Tiempo de lectura\" \/>\n\t<meta name=\"twitter:data1\" content=\"1 minuto\" \/>\n<script type=\"application\/ld+json\" class=\"yoast-schema-graph\">{\"@context\":\"https:\/\/schema.org\",\"@graph\":[{\"@type\":\"WebPage\",\"@id\":\"https:\/\/servidor-hp.com.co\/netcomp\/servidores\/accesorios-2\/hpe-hpe-proliant-dl380-g7-server-5\/\",\"url\":\"http:\/\/SSL%20-%20AKCP%20-%20Sensor%20Status%20Light-Luz%20de%20Estatus%20para%20Sensor%20de%20Temperatura%20para%20Rack%20de%20Servidores\",\"name\":\"Productos archivo - Servidores HP - Nuevos - Usados - Alquiler\",\"isPartOf\":{\"@id\":\"https:\/\/servidor-hp.com.co\/netcomp\/#website\"},\"primaryImageOfPage\":{\"@id\":\"http:\/\/SSL%20-%20AKCP%20-%20Sensor%20Status%20Light-Luz%20de%20Estatus%20para%20Sensor%20de%20Temperatura%20para%20Rack%20de%20Servidores#primaryimage\"},\"image\":{\"@id\":\"http:\/\/SSL%20-%20AKCP%20-%20Sensor%20Status%20Light-Luz%20de%20Estatus%20para%20Sensor%20de%20Temperatura%20para%20Rack%20de%20Servidores#primaryimage\"},\"thumbnailUrl\":\"https:\/\/servidor-hp.com.co\/netcomp\/wp-content\/uploads\/2018\/05\/hpe-logo-e1597802276155.jpg\",\"datePublished\":\"2022-05-30T05:43:01+00:00\",\"dateModified\":\"2022-05-30T05:43:05+00:00\",\"description\":\"HPE ProLiant DL380 G7 Server HPE 470065-345,\u00ff470065-346,\u00ff470065-347,\u00ff470065-358,\u00ff470065-361,\u00ff470065-362,\u00ff470065-368,\u00ff470065-391,\u00ff470065-478,\u00ff470065-479,\u00ff470065-480,\u00ff470065-482,\u00ff470065-484,\u00ff589152-371,\u00ff630174-AA1,\u00ffB0M95A,\u00ffB0M96A,\u00ffB2S36A,\u00ffB2S39A,\u00ffBV402A,\u00ffBX748A,\u00ffBZ698A,\u00ffBZ698AR,\u00ffBZ709A,\u00ffBZ711A,\u00ffQK810A,\u00ffQK811A,\u00ffQL217A,\u00ffQP902A,\u00ffQS807A, - Bogota - Colombia - servidor-hp.com.co\",\"breadcrumb\":{\"@id\":\"http:\/\/SSL%20-%20AKCP%20-%20Sensor%20Status%20Light-Luz%20de%20Estatus%20para%20Sensor%20de%20Temperatura%20para%20Rack%20de%20Servidores#breadcrumb\"},\"inLanguage\":\"es\",\"potentialAction\":[{\"@type\":\"ReadAction\",\"target\":[\"http:\/\/SSL%20-%20AKCP%20-%20Sensor%20Status%20Light-Luz%20de%20Estatus%20para%20Sensor%20de%20Temperatura%20para%20Rack%20de%20Servidores\"]}]},{\"@type\":\"ImageObject\",\"inLanguage\":\"es\",\"@id\":\"http:\/\/SSL%20-%20AKCP%20-%20Sensor%20Status%20Light-Luz%20de%20Estatus%20para%20Sensor%20de%20Temperatura%20para%20Rack%20de%20Servidores#primaryimage\",\"url\":\"https:\/\/servidor-hp.com.co\/netcomp\/wp-content\/uploads\/2018\/05\/hpe-logo-e1597802276155.jpg\",\"contentUrl\":\"https:\/\/servidor-hp.com.co\/netcomp\/wp-content\/uploads\/2018\/05\/hpe-logo-e1597802276155.jpg\",\"width\":350,\"height\":233,\"caption\":\"Servicios - PARA SERVIDOR HP PROLIANT DL380 SFF GEN10 - RACK\"},{\"@type\":\"BreadcrumbList\",\"@id\":\"http:\/\/SSL%20-%20AKCP%20-%20Sensor%20Status%20Light-Luz%20de%20Estatus%20para%20Sensor%20de%20Temperatura%20para%20Rack%20de%20Servidores#breadcrumb\",\"itemListElement\":[{\"@type\":\"ListItem\",\"position\":1,\"name\":\"Portada\",\"item\":\"https:\/\/servidor-hp.com.co\/netcomp\/\"},{\"@type\":\"ListItem\",\"position\":2,\"name\":\"Tienda\",\"item\":\"https:\/\/servidor-hp.com.co\/netcomp\/servidores\/\"},{\"@type\":\"ListItem\",\"position\":3,\"name\":\"HPE HPE ProLiant DL380 G7 Server\"}]},{\"@type\":\"WebSite\",\"@id\":\"https:\/\/servidor-hp.com.co\/netcomp\/#website\",\"url\":\"https:\/\/servidor-hp.com.co\/netcomp\/\",\"name\":\"Servidores HP - Nuevos - Usados - Alquiler\",\"description\":\"Tels: (+57) 316 878 8749\",\"alternateName\":\"Servidores HP DELL LENOVO IBM\",\"potentialAction\":[{\"@type\":\"SearchAction\",\"target\":{\"@type\":\"EntryPoint\",\"urlTemplate\":\"https:\/\/servidor-hp.com.co\/netcomp\/?s={search_term_string}\"},\"query-input\":{\"@type\":\"PropertyValueSpecification\",\"valueRequired\":true,\"valueName\":\"search_term_string\"}}],\"inLanguage\":\"es\"}]}<\/script>\n<!-- \/ Yoast SEO plugin. -->","yoast_head_json":{"title":"Productos archivo - Servidores HP - Nuevos - Usados - Alquiler","description":"HPE ProLiant DL380 G7 Server HPE 470065-345,\u00ff470065-346,\u00ff470065-347,\u00ff470065-358,\u00ff470065-361,\u00ff470065-362,\u00ff470065-368,\u00ff470065-391,\u00ff470065-478,\u00ff470065-479,\u00ff470065-480,\u00ff470065-482,\u00ff470065-484,\u00ff589152-371,\u00ff630174-AA1,\u00ffB0M95A,\u00ffB0M96A,\u00ffB2S36A,\u00ffB2S39A,\u00ffBV402A,\u00ffBX748A,\u00ffBZ698A,\u00ffBZ698AR,\u00ffBZ709A,\u00ffBZ711A,\u00ffQK810A,\u00ffQK811A,\u00ffQL217A,\u00ffQP902A,\u00ffQS807A, - Bogota - Colombia - servidor-hp.com.co","robots":{"index":"index","follow":"follow","max-snippet":"max-snippet:-1","max-image-preview":"max-image-preview:large","max-video-preview":"max-video-preview:-1"},"canonical":"http:\/\/SSL - AKCP - Sensor Status Light-Luz de Estatus para Sensor de Temperatura para Rack de Servidores","og_locale":"es_ES","og_type":"article","og_title":"HPE ProLiant DL380 G7 Server HPE 470065-345,\u00ff470065-346,\u00ff470065-347,\u00ff470065-358,\u00ff470065-361,\u00ff470065-362,\u00ff470065-368,\u00ff470065-391,\u00ff470065-478,\u00ff470065-479,\u00ff470065-480,\u00ff470065-482,\u00ff470065-484,\u00ff589152-371,\u00ff630174-AA1,\u00ffB0M95A,\u00ffB0M96A,\u00ffB2S36A,\u00ffB2S39A,\u00ffBV402A,\u00ffBX748A,\u00ffBZ698A,\u00ffBZ698AR,\u00ffBZ709A,\u00ffBZ711A,\u00ffQK810A,\u00ffQK811A,\u00ffQL217A,\u00ffQP902A,\u00ffQS807A,","og_description":"HPE ProLiant DL380 G7 Server HPE 470065-345,\u00ff470065-346,\u00ff470065-347,\u00ff470065-358,\u00ff470065-361,\u00ff470065-362,\u00ff470065-368,\u00ff470065-391,\u00ff470065-478,\u00ff470065-479,\u00ff470065-480,\u00ff470065-482,\u00ff470065-484,\u00ff589152-371,\u00ff630174-AA1,\u00ffB0M95A,\u00ffB0M96A,\u00ffB2S36A,\u00ffB2S39A,\u00ffBV402A,\u00ffBX748A,\u00ffBZ698A,\u00ffBZ698AR,\u00ffBZ709A,\u00ffBZ711A,\u00ffQK810A,\u00ffQK811A,\u00ffQL217A,\u00ffQP902A,\u00ffQS807A, - Bogota - Colombia - servidor-hp.com.co","og_url":"http:\/\/SSL - AKCP - Sensor Status Light-Luz de Estatus para Sensor de Temperatura para Rack de Servidores","og_site_name":"Servidores HP - Nuevos - Usados - Alquiler","article_modified_time":"2022-05-30T05:43:05+00:00","og_image":[{"width":1280,"height":720,"url":"https:\/\/servidor-hp.com.co\/netcomp\/wp-content\/uploads\/2018\/12\/spx-sensores-temperatura-akcp.jpg","type":"image\/jpeg"}],"twitter_card":"summary_large_image","twitter_title":"HPE ProLiant DL380 G7 Server HPE 470065-345,\u00ff470065-346,\u00ff470065-347,\u00ff470065-358,\u00ff470065-361,\u00ff470065-362,\u00ff470065-368,\u00ff470065-391,\u00ff470065-478,\u00ff470065-479,\u00ff470065-480,\u00ff470065-482,\u00ff470065-484,\u00ff589152-371,\u00ff630174-AA1,\u00ffB0M95A,\u00ffB0M96A,\u00ffB2S36A,\u00ffB2S39A,\u00ffBV402A,\u00ffBX748A,\u00ffBZ698A,\u00ffBZ698AR,\u00ffBZ709A,\u00ffBZ711A,\u00ffQK810A,\u00ffQK811A,\u00ffQL217A,\u00ffQP902A,\u00ffQS807A,","twitter_description":"HPE ProLiant DL380 G7 Server HPE 470065-345,\u00ff470065-346,\u00ff470065-347,\u00ff470065-358,\u00ff470065-361,\u00ff470065-362,\u00ff470065-368,\u00ff470065-391,\u00ff470065-478,\u00ff470065-479,\u00ff470065-480,\u00ff470065-482,\u00ff470065-484,\u00ff589152-371,\u00ff630174-AA1,\u00ffB0M95A,\u00ffB0M96A,\u00ffB2S36A,\u00ffB2S39A,\u00ffBV402A,\u00ffBX748A,\u00ffBZ698A,\u00ffBZ698AR,\u00ffBZ709A,\u00ffBZ711A,\u00ffQK810A,\u00ffQK811A,\u00ffQL217A,\u00ffQP902A,\u00ffQS807A, - Bogota - Colombia - servidor-hp.com.co","twitter_image":"https:\/\/servidor-hp.com.co\/netcomp\/wp-content\/uploads\/2018\/05\/hpe-logo-e1597802276155.jpg","twitter_misc":{"Tiempo de lectura":"1 minuto"},"schema":{"@context":"https:\/\/schema.org","@graph":[{"@type":"WebPage","@id":"https:\/\/servidor-hp.com.co\/netcomp\/servidores\/accesorios-2\/hpe-hpe-proliant-dl380-g7-server-5\/","url":"http:\/\/SSL%20-%20AKCP%20-%20Sensor%20Status%20Light-Luz%20de%20Estatus%20para%20Sensor%20de%20Temperatura%20para%20Rack%20de%20Servidores","name":"Productos archivo - Servidores HP - Nuevos - Usados - Alquiler","isPartOf":{"@id":"https:\/\/servidor-hp.com.co\/netcomp\/#website"},"primaryImageOfPage":{"@id":"http:\/\/SSL%20-%20AKCP%20-%20Sensor%20Status%20Light-Luz%20de%20Estatus%20para%20Sensor%20de%20Temperatura%20para%20Rack%20de%20Servidores#primaryimage"},"image":{"@id":"http:\/\/SSL%20-%20AKCP%20-%20Sensor%20Status%20Light-Luz%20de%20Estatus%20para%20Sensor%20de%20Temperatura%20para%20Rack%20de%20Servidores#primaryimage"},"thumbnailUrl":"https:\/\/servidor-hp.com.co\/netcomp\/wp-content\/uploads\/2018\/05\/hpe-logo-e1597802276155.jpg","datePublished":"2022-05-30T05:43:01+00:00","dateModified":"2022-05-30T05:43:05+00:00","description":"HPE ProLiant DL380 G7 Server HPE 470065-345,\u00ff470065-346,\u00ff470065-347,\u00ff470065-358,\u00ff470065-361,\u00ff470065-362,\u00ff470065-368,\u00ff470065-391,\u00ff470065-478,\u00ff470065-479,\u00ff470065-480,\u00ff470065-482,\u00ff470065-484,\u00ff589152-371,\u00ff630174-AA1,\u00ffB0M95A,\u00ffB0M96A,\u00ffB2S36A,\u00ffB2S39A,\u00ffBV402A,\u00ffBX748A,\u00ffBZ698A,\u00ffBZ698AR,\u00ffBZ709A,\u00ffBZ711A,\u00ffQK810A,\u00ffQK811A,\u00ffQL217A,\u00ffQP902A,\u00ffQS807A, - Bogota - Colombia - servidor-hp.com.co","breadcrumb":{"@id":"http:\/\/SSL%20-%20AKCP%20-%20Sensor%20Status%20Light-Luz%20de%20Estatus%20para%20Sensor%20de%20Temperatura%20para%20Rack%20de%20Servidores#breadcrumb"},"inLanguage":"es","potentialAction":[{"@type":"ReadAction","target":["http:\/\/SSL%20-%20AKCP%20-%20Sensor%20Status%20Light-Luz%20de%20Estatus%20para%20Sensor%20de%20Temperatura%20para%20Rack%20de%20Servidores"]}]},{"@type":"ImageObject","inLanguage":"es","@id":"http:\/\/SSL%20-%20AKCP%20-%20Sensor%20Status%20Light-Luz%20de%20Estatus%20para%20Sensor%20de%20Temperatura%20para%20Rack%20de%20Servidores#primaryimage","url":"https:\/\/servidor-hp.com.co\/netcomp\/wp-content\/uploads\/2018\/05\/hpe-logo-e1597802276155.jpg","contentUrl":"https:\/\/servidor-hp.com.co\/netcomp\/wp-content\/uploads\/2018\/05\/hpe-logo-e1597802276155.jpg","width":350,"height":233,"caption":"Servicios - PARA SERVIDOR HP PROLIANT DL380 SFF GEN10 - RACK"},{"@type":"BreadcrumbList","@id":"http:\/\/SSL%20-%20AKCP%20-%20Sensor%20Status%20Light-Luz%20de%20Estatus%20para%20Sensor%20de%20Temperatura%20para%20Rack%20de%20Servidores#breadcrumb","itemListElement":[{"@type":"ListItem","position":1,"name":"Portada","item":"https:\/\/servidor-hp.com.co\/netcomp\/"},{"@type":"ListItem","position":2,"name":"Tienda","item":"https:\/\/servidor-hp.com.co\/netcomp\/servidores\/"},{"@type":"ListItem","position":3,"name":"HPE HPE ProLiant DL380 G7 Server"}]},{"@type":"WebSite","@id":"https:\/\/servidor-hp.com.co\/netcomp\/#website","url":"https:\/\/servidor-hp.com.co\/netcomp\/","name":"Servidores HP - Nuevos - Usados - Alquiler","description":"Tels: (+57) 316 878 8749","alternateName":"Servidores HP DELL LENOVO IBM","potentialAction":[{"@type":"SearchAction","target":{"@type":"EntryPoint","urlTemplate":"https:\/\/servidor-hp.com.co\/netcomp\/?s={search_term_string}"},"query-input":{"@type":"PropertyValueSpecification","valueRequired":true,"valueName":"search_term_string"}}],"inLanguage":"es"}]}},"_links":{"self":[{"href":"https:\/\/servidor-hp.com.co\/netcomp\/wp-json\/wp\/v2\/product\/25143","targetHints":{"allow":["GET"]}}],"collection":[{"href":"https:\/\/servidor-hp.com.co\/netcomp\/wp-json\/wp\/v2\/product"}],"about":[{"href":"https:\/\/servidor-hp.com.co\/netcomp\/wp-json\/wp\/v2\/types\/product"}],"replies":[{"embeddable":true,"href":"https:\/\/servidor-hp.com.co\/netcomp\/wp-json\/wp\/v2\/comments?post=25143"}],"wp:featuredmedia":[{"embeddable":true,"href":"https:\/\/servidor-hp.com.co\/netcomp\/wp-json\/wp\/v2\/media\/19713"}],"wp:attachment":[{"href":"https:\/\/servidor-hp.com.co\/netcomp\/wp-json\/wp\/v2\/media?parent=25143"}],"wp:term":[{"taxonomy":"product_brand","embeddable":true,"href":"https:\/\/servidor-hp.com.co\/netcomp\/wp-json\/wp\/v2\/product_brand?post=25143"},{"taxonomy":"product_cat","embeddable":true,"href":"https:\/\/servidor-hp.com.co\/netcomp\/wp-json\/wp\/v2\/product_cat?post=25143"},{"taxonomy":"product_tag","embeddable":true,"href":"https:\/\/servidor-hp.com.co\/netcomp\/wp-json\/wp\/v2\/product_tag?post=25143"}],"curies":[{"name":"wp","href":"https:\/\/api.w.org\/{rel}","templated":true}]}}