{"id":22563,"date":"2021-06-17T17:24:13","date_gmt":"2021-06-17T22:24:13","guid":{"rendered":"https:\/\/servidor-hp.com.co\/netcomp\/?post_type=product&#038;p=22563"},"modified":"2021-06-17T17:40:22","modified_gmt":"2021-06-17T22:40:22","slug":"servidor-hpe-proliant-ml110-gen10-torre-n-p-p19116-001","status":"publish","type":"product","link":"https:\/\/servidor-hp.com.co\/netcomp\/servidores\/servidores-hp\/storage-hp\/servidor-hpe-proliant-ml110-gen10-torre-n-p-p19116-001\/","title":{"rendered":"SERVIDOR HPE PROLIANT ML110 GEN10 TORRE N\/P: P19116-001"},"content":{"rendered":"<h1 style=\"text-align: center;\"><\/h1>\n<p>&nbsp;<\/p>\n<h1 style=\"text-align: center;\"><span style=\"color: #2445a2; font-family: tahoma, arial, helvetica, sans-serif;\"><strong>SERVIDOR HPE PROLIANT ML110 GEN10 TORRE<\/strong><\/span><\/h1>\n<h1 style=\"text-align: center;\"><span style=\"color: #2445a2; font-family: tahoma, arial, helvetica, sans-serif;\"><strong>N\/P: P19116-001<\/strong><\/span><\/h1>\n<h2 class=\"hpe-featured-product-description hpe-productDetails_data hpe-show-more1 hpe-product-description__text\" style=\"text-align: center;\"><span style=\"font-family: tahoma, arial, helvetica, sans-serif;\"><strong><span style=\"color: #d0121a; font-size: 18pt;\">PARA ESPECIFICACIONES TECNICAS CLICK EN LA PESTA\u00d1A INFORMACION ADICIONAL\u00a0<\/span><\/strong><\/span><\/h2>\n<p>&nbsp;<\/p>\n<div id=\"header-1315dd\" class=\"ccs-cc-inline-section ccs-cc-inline-header\" data-elementid=\"inline-content-header[hpe]\" data-context=\"{&quot;mobile&quot;:false}\" data-ccs-cc-inline-jumplink=\"Visi\u00f3n general\" data-display-mode=\"noheader\">\n<div class=\"ccs-cc-inline-header-layout\" data-type=\"text\">\n<h3 class=\"ccs-cc-inline-header-description\"><span style=\"color: #000000; font-family: tahoma, arial, helvetica, sans-serif;\">\u00bfBusca un servidor de torre con fiabilidad y rendimiento de clase empresarial para satisfacer sus exigencias a un valor excepcional?<\/span><\/h3>\n<h3 class=\"ccs-cc-inline-header-description\"><span style=\"color: #000000;\"><img loading=\"lazy\" decoding=\"async\" class=\"\" style=\"display: block; margin-left: auto; margin-right: auto;\" src=\"https:\/\/www.netcomp.co\/img\/cms\/HEWLETT_PACKARD_ENTERPRISE_P19116-001_ICECAT_40522111.jpg\" alt=\"\" width=\"439\" height=\"329\" \/><\/span><\/h3>\n<h3 class=\"ccs-cc-inline-header-description\"><\/h3>\n<h3 class=\"ccs-cc-inline-header-description\"><span style=\"color: #000000; font-family: tahoma, arial, helvetica, sans-serif;\">\u00a0El servidor HPE ProLiant ML110 Gen10 es una torre de procesador \u00fanico y mejorado con rendimiento, expansi\u00f3n y seguridad a un precio asequible.<\/span><\/h3>\n<h3 class=\"ccs-cc-inline-header-description\"><span style=\"color: #000000; font-family: tahoma, arial, helvetica, sans-serif;\">Compatible con el procesador escalable Intel\u00ae\u00a0Xeon\u00ae, HPE DDR4 SmartMemory con una capacidad m\u00e1xima de 192 GB, 5 ranuras PCIe, 8 unidades de disco de factor de forma grande (LFF) o 16 de factor de forma reducido (SFF). Puede convertirse f\u00e1cilmente en un rack utilizando 4,5 U de espacio de rack.<\/span><\/h3>\n<h3 class=\"ccs-cc-inline-header-description\"><span style=\"color: #000000; font-family: tahoma, arial, helvetica, sans-serif;\">El servidor HPE ProLiant ML110 Gen10 tambi\u00e9n ofrece ventilador opcional redundante y fuente de alimentaci\u00f3n redundante para satisfacer las necesidades de recuperaci\u00f3n autom\u00e1tica ante fallos, lo cual lo convierte en el servidor ideal para peque\u00f1as y medianas empresas, oficinas remotas y sucursales.<\/span><\/h3>\n<\/div>\n<\/div>\n<h3><\/h3>\n<p>&nbsp;<\/p>\n<h3 style=\"text-align: center;\"><span style=\"font-family: tahoma, arial, helvetica, sans-serif; font-size: 14pt;\"><a title=\"Tienda - Precio y Venta Servidores HP\" href=\"https:\/\/netcomp.co\/es\/132-servidores-hp-lenovo-dell-partes\" target=\"_blank\" rel=\"noopener noreferrer\"><strong>COMPRAR &#8211; DISPONEMOS DE UNA AMPLIA GAMA DE SERVIDORES HP PROLIANT PARA <\/strong><\/a><\/span><\/h3>\n<h3 style=\"text-align: center;\"><span style=\"font-family: tahoma, arial, helvetica, sans-serif; font-size: 14pt;\"><a title=\"Tienda - Precio y Venta Servidores HP\" href=\"https:\/\/netcomp.co\/es\/132-servidores-hp-lenovo-dell-partes\" target=\"_blank\" rel=\"noopener noreferrer\"><strong>VENTA \/ ARRENDAMIENTO \/ ALQUILER : <\/strong><\/a><\/span><\/h3>\n<h3 style=\"text-align: center;\"><a title=\"Tienda - Precio y Venta Servidores HP\" href=\"https:\/\/netcomp.co\/es\/132-servidores-hp-lenovo-dell-partes\" target=\"_blank\" rel=\"noopener noreferrer\"><span style=\"font-family: tahoma, arial, helvetica, sans-serif; font-size: 14pt;\"><strong>ML350 \/ ML150 \/ DL320 \/ DL360 \/ DL380 <\/strong><\/span><strong><span style=\"font-family: tahoma, arial, helvetica, sans-serif; font-size: 14pt;\">PARA COMPRAR CLICK AQUI!<\/span><\/strong><\/a><\/h3>\n<p>&nbsp;<\/p>\n<h2><strong><a href=\"https:\/\/api.whatsapp.com\/send?phone=573168788749\" target=\"_blank\" rel=\"noopener noreferrer\"><img loading=\"lazy\" decoding=\"async\" class=\"wp-image-20467 aligncenter\" src=\"http:\/\/cableado-estructurado.com.co\/netcomp\/wp-content\/uploads\/2018\/07\/whatsapp-logo-mensaje.jpg\" alt=\"\" width=\"290\" height=\"220\" \/><\/a><\/strong><\/h2>\n<h2><img loading=\"lazy\" decoding=\"async\" class=\"wp-image-21775 aligncenter\" src=\"https:\/\/servidor-hp.com.co\/netcomp\/wp-content\/uploads\/2019\/05\/boton-ventas-servidor.png\" alt=\"\" width=\"495\" height=\"153\" \/><\/h2>\n<hr \/>\n<h3><\/h3>\n","protected":false},"excerpt":{"rendered":"<p>&nbsp; SERVIDOR HPE PROLIANT ML110 GEN10 TORRE N\/P: P19116-001 PARA ESPECIFICACIONES TECNICAS CLICK EN LA PESTA\u00d1A INFORMACION ADICIONAL\u00a0 &nbsp; \u00bfBusca un servidor de torre con fiabilidad y rendimiento de clase empresarial para satisfacer sus exigencias a un valor excepcional? \u00a0El servidor HPE ProLiant ML110 Gen10 es una torre de procesador \u00fanico y mejorado con rendimiento, [&hellip;]<\/p>\n","protected":false},"featured_media":22567,"comment_status":"closed","ping_status":"closed","template":"","meta":{"_et_pb_use_builder":"","_et_pb_old_content":"","_et_gb_content_width":""},"product_brand":[],"product_cat":[73,15,57,45],"product_tag":[20540,517,20539,20538,20542,20944,20945,20946,20541],"class_list":{"0":"post-22563","1":"product","2":"type-product","3":"status-publish","4":"has-post-thumbnail","6":"product_cat-servidores-hp-ibm-cisco","7":"product_cat-servidores-hp","8":"product_cat-servidores-hp-2","9":"product_cat-storage-hp","10":"product_tag-discos-duros-para-servidor-hp","11":"product_tag-fuente-de-poder","12":"product_tag-garantia-extendida-para-servidor-hp","13":"product_tag-opciones-para-servidor-hp","14":"product_tag-procesadores","15":"product_tag-servidor-de-torre-hpe","16":"product_tag-servidor-de-torre-proliant-ml350-gen10","17":"product_tag-servidor-hpe-gen-10","18":"product_tag-tarjeta-de-red-para-servidor-hp","20":"first","21":"instock","22":"product-type-simple"},"yoast_head":"<!-- This site is optimized with the Yoast SEO plugin v27.2 - https:\/\/yoast.com\/product\/yoast-seo-wordpress\/ -->\n<title>SERVIDOR HPE PROLIANT ML110 GEN10 TORRE N\/P: P19116-001 - Servidores HP - Nuevos - Usados - Alquiler<\/title>\n<meta name=\"description\" content=\"SERVIDOR HPE PROLIANT ML110 GEN10 TORRE N\/P: P19116-001 - - Precio y Disponibilidad en Bogota - Colombia - servidor-hp.com.co\" \/>\n<meta name=\"robots\" content=\"index, follow, max-snippet:-1, max-image-preview:large, max-video-preview:-1\" \/>\n<link rel=\"canonical\" href=\"https:\/\/servidor-hp.com.co\/netcomp\/servidores\/servidores-hp\/storage-hp\/servidor-hpe-proliant-ml110-gen10-torre-n-p-p19116-001\/\" \/>\n<meta property=\"og:locale\" content=\"es_ES\" \/>\n<meta property=\"og:type\" content=\"article\" \/>\n<meta property=\"og:title\" content=\"SERVIDOR HPE PROLIANT ML110 GEN10 TORRE N\/P: P19116-001 - Servidores HP - Nuevos - Usados - Alquiler\" \/>\n<meta property=\"og:description\" content=\"SERVIDOR HPE PROLIANT ML110 GEN10 TORRE N\/P: P19116-001 - - Precio y Disponibilidad en Bogota - Colombia - servidor-hp.com.co\" \/>\n<meta property=\"og:url\" content=\"https:\/\/servidor-hp.com.co\/netcomp\/servidores\/servidores-hp\/storage-hp\/servidor-hpe-proliant-ml110-gen10-torre-n-p-p19116-001\/\" \/>\n<meta property=\"og:site_name\" content=\"Servidores HP - Nuevos - Usados - Alquiler\" \/>\n<meta property=\"article:modified_time\" content=\"2021-06-17T22:40:22+00:00\" \/>\n<meta property=\"og:image\" content=\"https:\/\/servidor-hp.com.co\/netcomp\/wp-content\/uploads\/2021\/06\/HP_P19116-001.jpg\" \/>\n\t<meta property=\"og:image:width\" content=\"343\" \/>\n\t<meta property=\"og:image:height\" content=\"508\" \/>\n\t<meta property=\"og:image:type\" content=\"image\/jpeg\" \/>\n<meta name=\"twitter:card\" content=\"summary_large_image\" \/>\n<meta name=\"twitter:label1\" content=\"Tiempo de lectura\" \/>\n\t<meta name=\"twitter:data1\" content=\"1 minuto\" \/>\n<script type=\"application\/ld+json\" class=\"yoast-schema-graph\">{\"@context\":\"https:\/\/schema.org\",\"@graph\":[{\"@type\":\"WebPage\",\"@id\":\"https:\/\/servidor-hp.com.co\/netcomp\/servidores\/servidores-hp\/storage-hp\/servidor-hpe-proliant-ml110-gen10-torre-n-p-p19116-001\/\",\"url\":\"https:\/\/servidor-hp.com.co\/netcomp\/servidores\/servidores-hp\/storage-hp\/servidor-hpe-proliant-ml110-gen10-torre-n-p-p19116-001\/\",\"name\":\"SERVIDOR HPE PROLIANT ML110 GEN10 TORRE N\/P: P19116-001 - Servidores HP - Nuevos - Usados - Alquiler\",\"isPartOf\":{\"@id\":\"https:\/\/servidor-hp.com.co\/netcomp\/#website\"},\"primaryImageOfPage\":{\"@id\":\"https:\/\/servidor-hp.com.co\/netcomp\/servidores\/servidores-hp\/storage-hp\/servidor-hpe-proliant-ml110-gen10-torre-n-p-p19116-001\/#primaryimage\"},\"image\":{\"@id\":\"https:\/\/servidor-hp.com.co\/netcomp\/servidores\/servidores-hp\/storage-hp\/servidor-hpe-proliant-ml110-gen10-torre-n-p-p19116-001\/#primaryimage\"},\"thumbnailUrl\":\"https:\/\/servidor-hp.com.co\/netcomp\/wp-content\/uploads\/2021\/06\/HP_P19116-001.jpg\",\"datePublished\":\"2021-06-17T22:24:13+00:00\",\"dateModified\":\"2021-06-17T22:40:22+00:00\",\"description\":\"SERVIDOR HPE PROLIANT ML110 GEN10 TORRE N\/P: P19116-001 - - Precio y Disponibilidad en Bogota - Colombia - servidor-hp.com.co\",\"breadcrumb\":{\"@id\":\"https:\/\/servidor-hp.com.co\/netcomp\/servidores\/servidores-hp\/storage-hp\/servidor-hpe-proliant-ml110-gen10-torre-n-p-p19116-001\/#breadcrumb\"},\"inLanguage\":\"es\",\"potentialAction\":[{\"@type\":\"ReadAction\",\"target\":[\"https:\/\/servidor-hp.com.co\/netcomp\/servidores\/servidores-hp\/storage-hp\/servidor-hpe-proliant-ml110-gen10-torre-n-p-p19116-001\/\"]}]},{\"@type\":\"ImageObject\",\"inLanguage\":\"es\",\"@id\":\"https:\/\/servidor-hp.com.co\/netcomp\/servidores\/servidores-hp\/storage-hp\/servidor-hpe-proliant-ml110-gen10-torre-n-p-p19116-001\/#primaryimage\",\"url\":\"https:\/\/servidor-hp.com.co\/netcomp\/wp-content\/uploads\/2021\/06\/HP_P19116-001.jpg\",\"contentUrl\":\"https:\/\/servidor-hp.com.co\/netcomp\/wp-content\/uploads\/2021\/06\/HP_P19116-001.jpg\",\"width\":343,\"height\":508},{\"@type\":\"BreadcrumbList\",\"@id\":\"https:\/\/servidor-hp.com.co\/netcomp\/servidores\/servidores-hp\/storage-hp\/servidor-hpe-proliant-ml110-gen10-torre-n-p-p19116-001\/#breadcrumb\",\"itemListElement\":[{\"@type\":\"ListItem\",\"position\":1,\"name\":\"Portada\",\"item\":\"https:\/\/servidor-hp.com.co\/netcomp\/\"},{\"@type\":\"ListItem\",\"position\":2,\"name\":\"Tienda\",\"item\":\"https:\/\/servidor-hp.com.co\/netcomp\/servidores\/\"},{\"@type\":\"ListItem\",\"position\":3,\"name\":\"SERVIDOR HPE PROLIANT ML110 GEN10 TORRE N\/P: P19116-001\"}]},{\"@type\":\"WebSite\",\"@id\":\"https:\/\/servidor-hp.com.co\/netcomp\/#website\",\"url\":\"https:\/\/servidor-hp.com.co\/netcomp\/\",\"name\":\"Servidores HP - Nuevos - Usados - Alquiler\",\"description\":\"Tels: (+57) 316 878 8749\",\"alternateName\":\"Servidores HP DELL LENOVO IBM\",\"potentialAction\":[{\"@type\":\"SearchAction\",\"target\":{\"@type\":\"EntryPoint\",\"urlTemplate\":\"https:\/\/servidor-hp.com.co\/netcomp\/?s={search_term_string}\"},\"query-input\":{\"@type\":\"PropertyValueSpecification\",\"valueRequired\":true,\"valueName\":\"search_term_string\"}}],\"inLanguage\":\"es\"}]}<\/script>\n<!-- \/ Yoast SEO plugin. -->","yoast_head_json":{"title":"SERVIDOR HPE PROLIANT ML110 GEN10 TORRE N\/P: P19116-001 - Servidores HP - Nuevos - Usados - Alquiler","description":"SERVIDOR HPE PROLIANT ML110 GEN10 TORRE N\/P: P19116-001 - - Precio y Disponibilidad en Bogota - Colombia - servidor-hp.com.co","robots":{"index":"index","follow":"follow","max-snippet":"max-snippet:-1","max-image-preview":"max-image-preview:large","max-video-preview":"max-video-preview:-1"},"canonical":"https:\/\/servidor-hp.com.co\/netcomp\/servidores\/servidores-hp\/storage-hp\/servidor-hpe-proliant-ml110-gen10-torre-n-p-p19116-001\/","og_locale":"es_ES","og_type":"article","og_title":"SERVIDOR HPE PROLIANT ML110 GEN10 TORRE N\/P: P19116-001 - Servidores HP - Nuevos - Usados - Alquiler","og_description":"SERVIDOR HPE PROLIANT ML110 GEN10 TORRE N\/P: P19116-001 - - Precio y Disponibilidad en Bogota - Colombia - servidor-hp.com.co","og_url":"https:\/\/servidor-hp.com.co\/netcomp\/servidores\/servidores-hp\/storage-hp\/servidor-hpe-proliant-ml110-gen10-torre-n-p-p19116-001\/","og_site_name":"Servidores HP - Nuevos - Usados - Alquiler","article_modified_time":"2021-06-17T22:40:22+00:00","og_image":[{"width":343,"height":508,"url":"https:\/\/servidor-hp.com.co\/netcomp\/wp-content\/uploads\/2021\/06\/HP_P19116-001.jpg","type":"image\/jpeg"}],"twitter_card":"summary_large_image","twitter_misc":{"Tiempo de lectura":"1 minuto"},"schema":{"@context":"https:\/\/schema.org","@graph":[{"@type":"WebPage","@id":"https:\/\/servidor-hp.com.co\/netcomp\/servidores\/servidores-hp\/storage-hp\/servidor-hpe-proliant-ml110-gen10-torre-n-p-p19116-001\/","url":"https:\/\/servidor-hp.com.co\/netcomp\/servidores\/servidores-hp\/storage-hp\/servidor-hpe-proliant-ml110-gen10-torre-n-p-p19116-001\/","name":"SERVIDOR HPE PROLIANT ML110 GEN10 TORRE N\/P: P19116-001 - Servidores HP - Nuevos - Usados - Alquiler","isPartOf":{"@id":"https:\/\/servidor-hp.com.co\/netcomp\/#website"},"primaryImageOfPage":{"@id":"https:\/\/servidor-hp.com.co\/netcomp\/servidores\/servidores-hp\/storage-hp\/servidor-hpe-proliant-ml110-gen10-torre-n-p-p19116-001\/#primaryimage"},"image":{"@id":"https:\/\/servidor-hp.com.co\/netcomp\/servidores\/servidores-hp\/storage-hp\/servidor-hpe-proliant-ml110-gen10-torre-n-p-p19116-001\/#primaryimage"},"thumbnailUrl":"https:\/\/servidor-hp.com.co\/netcomp\/wp-content\/uploads\/2021\/06\/HP_P19116-001.jpg","datePublished":"2021-06-17T22:24:13+00:00","dateModified":"2021-06-17T22:40:22+00:00","description":"SERVIDOR HPE PROLIANT ML110 GEN10 TORRE N\/P: P19116-001 - - Precio y Disponibilidad en Bogota - Colombia - servidor-hp.com.co","breadcrumb":{"@id":"https:\/\/servidor-hp.com.co\/netcomp\/servidores\/servidores-hp\/storage-hp\/servidor-hpe-proliant-ml110-gen10-torre-n-p-p19116-001\/#breadcrumb"},"inLanguage":"es","potentialAction":[{"@type":"ReadAction","target":["https:\/\/servidor-hp.com.co\/netcomp\/servidores\/servidores-hp\/storage-hp\/servidor-hpe-proliant-ml110-gen10-torre-n-p-p19116-001\/"]}]},{"@type":"ImageObject","inLanguage":"es","@id":"https:\/\/servidor-hp.com.co\/netcomp\/servidores\/servidores-hp\/storage-hp\/servidor-hpe-proliant-ml110-gen10-torre-n-p-p19116-001\/#primaryimage","url":"https:\/\/servidor-hp.com.co\/netcomp\/wp-content\/uploads\/2021\/06\/HP_P19116-001.jpg","contentUrl":"https:\/\/servidor-hp.com.co\/netcomp\/wp-content\/uploads\/2021\/06\/HP_P19116-001.jpg","width":343,"height":508},{"@type":"BreadcrumbList","@id":"https:\/\/servidor-hp.com.co\/netcomp\/servidores\/servidores-hp\/storage-hp\/servidor-hpe-proliant-ml110-gen10-torre-n-p-p19116-001\/#breadcrumb","itemListElement":[{"@type":"ListItem","position":1,"name":"Portada","item":"https:\/\/servidor-hp.com.co\/netcomp\/"},{"@type":"ListItem","position":2,"name":"Tienda","item":"https:\/\/servidor-hp.com.co\/netcomp\/servidores\/"},{"@type":"ListItem","position":3,"name":"SERVIDOR HPE PROLIANT ML110 GEN10 TORRE N\/P: P19116-001"}]},{"@type":"WebSite","@id":"https:\/\/servidor-hp.com.co\/netcomp\/#website","url":"https:\/\/servidor-hp.com.co\/netcomp\/","name":"Servidores HP - Nuevos - Usados - Alquiler","description":"Tels: (+57) 316 878 8749","alternateName":"Servidores HP DELL LENOVO IBM","potentialAction":[{"@type":"SearchAction","target":{"@type":"EntryPoint","urlTemplate":"https:\/\/servidor-hp.com.co\/netcomp\/?s={search_term_string}"},"query-input":{"@type":"PropertyValueSpecification","valueRequired":true,"valueName":"search_term_string"}}],"inLanguage":"es"}]}},"_links":{"self":[{"href":"https:\/\/servidor-hp.com.co\/netcomp\/wp-json\/wp\/v2\/product\/22563","targetHints":{"allow":["GET"]}}],"collection":[{"href":"https:\/\/servidor-hp.com.co\/netcomp\/wp-json\/wp\/v2\/product"}],"about":[{"href":"https:\/\/servidor-hp.com.co\/netcomp\/wp-json\/wp\/v2\/types\/product"}],"replies":[{"embeddable":true,"href":"https:\/\/servidor-hp.com.co\/netcomp\/wp-json\/wp\/v2\/comments?post=22563"}],"wp:featuredmedia":[{"embeddable":true,"href":"https:\/\/servidor-hp.com.co\/netcomp\/wp-json\/wp\/v2\/media\/22567"}],"wp:attachment":[{"href":"https:\/\/servidor-hp.com.co\/netcomp\/wp-json\/wp\/v2\/media?parent=22563"}],"wp:term":[{"taxonomy":"product_brand","embeddable":true,"href":"https:\/\/servidor-hp.com.co\/netcomp\/wp-json\/wp\/v2\/product_brand?post=22563"},{"taxonomy":"product_cat","embeddable":true,"href":"https:\/\/servidor-hp.com.co\/netcomp\/wp-json\/wp\/v2\/product_cat?post=22563"},{"taxonomy":"product_tag","embeddable":true,"href":"https:\/\/servidor-hp.com.co\/netcomp\/wp-json\/wp\/v2\/product_tag?post=22563"}],"curies":[{"name":"wp","href":"https:\/\/api.w.org\/{rel}","templated":true}]}}