{"id":22557,"date":"2021-06-15T17:10:31","date_gmt":"2021-06-15T22:10:31","guid":{"rendered":"https:\/\/servidor-hp.com.co\/netcomp\/?post_type=product&#038;p=22557"},"modified":"2024-06-10T22:37:14","modified_gmt":"2024-06-11T03:37:14","slug":"memoria-para-servidor-dl380-gen10-n-p-p00924-b21","status":"publish","type":"product","link":"https:\/\/servidor-hp.com.co\/netcomp\/servidores\/servidores-hp\/storage-hp\/memoria-para-servidor-dl380-gen10-n-p-p00924-b21\/","title":{"rendered":"Memoria Para Servidor HP DL380 Gen10 N\/P : P00924-B21"},"content":{"rendered":"<h1 style=\"text-align: center;\"><span style=\"font-family: tahoma, arial, helvetica, sans-serif;\"><strong><span style=\"color: #2445a2;\">Memoria Para Servidor DL380 Gen10 HPE 32GB HPE Proliant N\/P: P00924-B21\u00a0\u00a0<\/span><\/strong><\/span><\/h1>\n<p>&nbsp;<\/p>\n<p>&nbsp;<\/p>\n<h2 style=\"text-align: center;\"><span style=\"color: #000000; font-family: tahoma, arial, helvetica, sans-serif;\"><span style=\"color: #333399;\">Contactanos para Precio y Disponibilidad de las Diferentes Opciones que Tenemos de Memoria RAM Para Servidores HPE<\/span><br \/>\n<\/span><\/h2>\n<h3><\/h3>\n<p>&nbsp;<\/p>\n<p>&nbsp;<\/p>\n<h2>Que Tipos de Memoria utilizan los Servidores?<\/h2>\n<h3><\/h3>\n<h2>1. Que Siginifica Memoria <strong>DDR (Double Data Rate)<\/strong><\/h2>\n<p>&nbsp;<\/p>\n<ul>\n<li>\n<h3><strong>DDR3<\/strong>: M\u00e1s antigua que DDR4, ofrece velocidades de transferencia adecuadas para muchas aplicaciones empresariales, pero menos eficiente energ\u00e9ticamente comparada con DDR4.<\/h3>\n<\/li>\n<li>\n<h3><strong>DDR4<\/strong>: La m\u00e1s com\u00fan en los servidores modernos. Proporciona mayores velocidades de transferencia y eficiencia energ\u00e9tica en comparaci\u00f3n con DDR3.<\/h3>\n<\/li>\n<li>\n<h3><strong>DDR5<\/strong>: La \u00faltima generaci\u00f3n de memoria DDR, ofrece velocidades a\u00fan mayores y mejor eficiencia energ\u00e9tica, aunque todav\u00eda est\u00e1 en proceso de adopci\u00f3n generalizada.<\/h3>\n<\/li>\n<\/ul>\n<h3><\/h3>\n<h2>2. Que Significa Memoria <strong>ECC (Error-Correcting Code)<\/strong><\/h2>\n<h3><\/h3>\n<ul>\n<li>\n<h3><strong>Memoria ECC<\/strong>: Incluye capacidades de correcci\u00f3n de errores para detectar y corregir errores de datos. Es crucial para servidores donde la integridad de los datos es fundamental.<\/h3>\n<\/li>\n<li>\n<h3><strong>Non-ECC<\/strong>: M\u00e1s com\u00fan en PCs y estaciones de trabajo donde la correcci\u00f3n de errores no es tan cr\u00edtica.<\/h3>\n<\/li>\n<\/ul>\n<h3><\/h3>\n<h2>3. Que Significa Memoria <strong>Registered (Buffered) vs. Unbuffered<\/strong><\/h2>\n<ul>\n<li>\n<h3><strong>Registered (RDIMM)<\/strong>: Utiliza un registro entre la memoria y el controlador de memoria. Aumenta la estabilidad y permite una mayor cantidad de memoria total en el sistema.<\/h3>\n<\/li>\n<li>\n<h3><strong>Unbuffered (UDIMM)<\/strong>: No tiene el registro adicional, ofrece menor latencia, pero es menos estable y soporta menos memoria total comparada con RDIMM.<\/h3>\n<\/li>\n<\/ul>\n<h3><\/h3>\n<h2>4. Que Significa Memoria <strong>LRDIMM (Load-Reduced DIMM)<\/strong><\/h2>\n<ul>\n<li>\n<h3>Dise\u00f1ada para reducir la carga el\u00e9ctrica en el controlador de memoria, permitiendo la instalaci\u00f3n de m\u00e1s m\u00f3dulos de memoria y aumentando la capacidad total de memoria del servidor.<\/h3>\n<\/li>\n<\/ul>\n<h3><\/h3>\n<h2>5. Que es Memoria <strong>NVDIMM (Non-Volatile DIMM)<\/strong><\/h2>\n<ul>\n<li>\n<h3>Combina memoria DRAM y almacenamiento flash en un solo m\u00f3dulo, proporcionando persistencia de datos en caso de una falla de energ\u00eda. Es \u00fatil en aplicaciones que requieren alta disponibilidad y recuperaci\u00f3n r\u00e1pida.<\/h3>\n<\/li>\n<\/ul>\n<h3><\/h3>\n<h3><\/h3>\n<h2>Que caracter\u00edsticas Determinan Una Memoria Optima?<\/h2>\n<h3><\/h3>\n<ul>\n<li>\n<h3><strong>Capacidad<\/strong>: Los m\u00f3dulos de memoria de servidores var\u00edan en capacidad, com\u00fanmente desde 4GB hasta 128GB por m\u00f3dulo, dependiendo del tipo y generaci\u00f3n.<\/h3>\n<\/li>\n<\/ul>\n<h3><\/h3>\n<ul>\n<li>\n<h3><strong>Velocidad<\/strong>: Las velocidades de la memoria se miden en MT\/s (Megatransfers por segundo), con DDR4 t\u00edpicamente variando desde 1600 MT\/s hasta 3200 MT\/s o m\u00e1s.<\/h3>\n<\/li>\n<\/ul>\n<h3><\/h3>\n<ul>\n<li>\n<h3><strong>Latencia CAS (Column Access Strobe)<\/strong>: Indica el tiempo que tarda en acceder a una columna de datos en un m\u00f3dulo de memoria. Menor latencia significa acceso m\u00e1s r\u00e1pido a los datos.<\/h3>\n<\/li>\n<\/ul>\n<h3><\/h3>\n<h3>La memoria es esencial para el rendimiento de tu servidor HPE ProLiant. Al aumentar la capacidad de memoria, mejorar\u00e1s significativamente la velocidad y eficiencia de tus aplicaciones empresariales. Ofrecemos memorias compatibles con servidores HPE ProLiant, desde DDR3 hasta DDR4, en diversas capacidades y velocidades.<\/h3>\n<h3><\/h3>\n<h2>Que Tipos de Memoria Hay Disponible Para Servidores HPE ProLiant?<\/h2>\n<p>&nbsp;<\/p>\n<h2>DDR3 vs. DDR4:<\/h2>\n<ul>\n<li>\n<h3>DDR3: Ofrece frecuencias entre 800 y 2133 MHz con un voltaje de 1.5V.<\/h3>\n<\/li>\n<li>\n<h3>DDR4: Opera entre 1600 y 3200 MHz con un voltaje reducido de 1.2V, proporcionando mayor eficiencia.<\/h3>\n<\/li>\n<li>\n<h3>RDIMM vs. UDIMM:<\/h3>\n<\/li>\n<li>\n<h3>RDIMM: Memoria registrada, ideal para sistemas con gran volumen de memoria.<\/h3>\n<\/li>\n<li>\n<h3>UDIMM: Memoria sin registro, adecuada para configuraciones m\u00e1s simples.<\/h3>\n<\/li>\n<\/ul>\n<h3><\/h3>\n<h2>Especificaciones T\u00e9cnicas de la Memoria Para HPE ProLiant<\/h2>\n<p>&nbsp;<\/p>\n<ul>\n<li>\n<h3>Latencia CAS: Comparaci\u00f3n de diferentes latencias y su impacto en el rendimiento.<\/h3>\n<\/li>\n<li>\n<h3>Ancho de Banda: An\u00e1lisis del rendimiento pr\u00e1ctico en t\u00e9rminos de MB\/s.<\/h3>\n<\/li>\n<li>\n<h3>ECC (Error-Correcting Code): Detalle de la funci\u00f3n ECC para mejorar la estabilidad del sistema.<\/h3>\n<\/li>\n<li>\n<h3>Ranks: Impacto de las configuraciones de rank en el rendimiento.<\/h3>\n<\/li>\n<\/ul>\n<h3><\/h3>\n<h2>Selecci\u00f3n de Memoria Compatible para tu HPE ProLiant<\/h2>\n<h3><\/h3>\n<h3>Aseg\u00farate de elegir la memoria sea compatible con tu modelo de servidor HPE ProLiant. Utiliza nuestras gu\u00edas y herramientas de compatibilidad para tomar una decisi\u00f3n informada.<\/h3>\n<h2>Instalaci\u00f3n y Configuraci\u00f3n de Memoria en HPE ProLiant<\/h2>\n<ul>\n<li>\n<h3>Instrucciones de Instalaci\u00f3n: Gu\u00eda paso a paso para la instalaci\u00f3n f\u00edsica.<\/h3>\n<\/li>\n<li>\n<h3>Configuraci\u00f3n del BIOS\/UEFI: Ajustes necesarios en el BIOS\/UEFI.<\/h3>\n<\/li>\n<li>\n<h3>Verificaci\u00f3n y Diagn\u00f3stico: Herramientas para verificar la instalaci\u00f3n (e.g., memtest86+).<\/h3>\n<\/li>\n<\/ul>\n<h3><\/h3>\n<h2>**Ventajas de Actualizar Memoria a tu Servidor HPE ProLiant**<\/h2>\n<h3><\/h3>\n<ul>\n<li>\n<h3>Mejora del Rendimiento: Incrementa la velocidad de procesamiento y la eficiencia general.<\/h3>\n<\/li>\n<li>\n<h3>Mayor Capacidad de Carga: Permite manejar m\u00e1s aplicaciones y usuarios simult\u00e1neamente.<\/h3>\n<\/li>\n<li>\n<h3>Estabilidad y Confiabilidad: Reduce las ca\u00eddas y errores del sistema.<\/h3>\n<\/li>\n<\/ul>\n<h3><\/h3>\n<h3>Nuestros clientes han experimentado mejoras significativas en el rendimiento de sus servidores HPE ProLiant tras aumentar memoria. Lee sus historias y descubre c\u00f3mo nuestra memoria puede beneficiarte.<\/h3>\n<h3>Aprovecha nuestras promociones y descuentos en memoria para servidores HPE ProLiant. Todas nuestras memorias vienen con una garant\u00eda completa y soporte t\u00e9cnico.<\/h3>\n<p>&nbsp;<\/p>\n<h2>Mejora tu Servidor HPE ProLiant con aumento de Memoria Hoy Mismo<\/h2>\n<h3>\u00a0No esperes m\u00e1s para mejorar el rendimiento de tu servidor HPE ProLiant. Compra ahora y lleva tu infraestructura de TI al siguiente nivel.<\/h3>\n<p>&nbsp;<\/p>\n<p>&nbsp;<\/p>\n<h3 style=\"text-align: left;\"><span style=\"color: #000000; font-family: tahoma, arial, helvetica, sans-serif;\">La memoria HPE SmartMemory DDR4 est\u00e1 dise\u00f1ada para usuarios de peque\u00f1as y grandes empresas con una necesidad significativa de rendimiento y capacidad junto con un deseo de gestionar el coste total de la propiedad. HPE SmartMemory DDR4 ofrece la optimizaci\u00f3n total de la memoria del servidor, funciona a la m\u00e1xima velocidad de rendimiento y se encuentra entre la memoria m\u00e1s eficiente disponible.<\/span><\/h3>\n<h3 style=\"text-align: left;\"><\/h3>\n<h3 style=\"text-align: left;\"><span style=\"color: #000000; font-family: tahoma, arial, helvetica, sans-serif;\">Adem\u00e1s del rendimiento y la eficiencia, HPE SmartMemory DDR4 tambi\u00e9n ofrece fiabilidad. Solo los m\u00f3dulos de memoria DRAM de m\u00e1s alta calidad son seleccionados de los principales proveedores. Ahora m\u00e1s que nunca, la calidad de la DRAM es crucial, al igual que las tendencias de los centros de datos como la virtualizaci\u00f3n de servidores, la computaci\u00f3n en la nube y el uso de aplicaciones de grandes bases de datos han aumentado la necesidad de una mayor capacidad de memoria con un mayor tiempo de actividad.<\/span><\/h3>\n<h3 style=\"text-align: left;\"><\/h3>\n<h3 style=\"text-align: left;\"><span style=\"color: #000000; font-family: tahoma, arial, helvetica, sans-serif;\">La HPE SmartMemory DDR4 pasa por rigurosos procesos de pruebas y certificaciones que desbloquean las caracter\u00edsticas de rendimiento de la memoria disponible solo con los servidores HPE.<\/span><\/h3>\n<p>&nbsp;<\/p>\n<p>&nbsp;<\/p>\n<h3 style=\"text-align: center;\"><span style=\"font-family: tahoma, arial, helvetica, sans-serif; font-size: 14pt;\"><a title=\"Tienda - Precio y Venta Servidores HP\" href=\"https:\/\/netcomp.co\/es\/132-servidores-hp-lenovo-dell-partes\" target=\"_blank\" rel=\"noopener noreferrer\"><strong>DISPONEMOS DE UNA AMPLIA GAMA DE SERVIDORES HP PROLIANT PARA <\/strong><\/a><\/span><\/h3>\n<h3 style=\"text-align: center;\"><span style=\"font-family: tahoma, arial, helvetica, sans-serif; font-size: 14pt;\"><a title=\"Tienda - Precio y Venta Servidores HP\" href=\"https:\/\/netcomp.co\/es\/132-servidores-hp-lenovo-dell-partes\" target=\"_blank\" rel=\"noopener noreferrer\"><strong>VENTA \/ ARRENDAMIENTO \/ ALQUILER : <\/strong><\/a><\/span><\/h3>\n<h3 style=\"text-align: center;\"><a title=\"Tienda - Precio y Venta Servidores HP\" href=\"https:\/\/netcomp.co\/es\/132-servidores-hp-lenovo-dell-partes\" target=\"_blank\" rel=\"noopener noreferrer\"><span style=\"font-family: tahoma, arial, helvetica, sans-serif; font-size: 14pt;\"><strong>ML350 \/ ML150 \/ DL320 \/ DL360 \/ DL380 <\/strong><\/span><strong><span style=\"font-family: tahoma, arial, helvetica, sans-serif; font-size: 14pt;\">PARA COMPRAR CLICK AQUI!<\/span><\/strong><\/a><\/h3>\n<p>&nbsp;<\/p>\n<h2><strong><a href=\"https:\/\/api.whatsapp.com\/send?phone=573168788749\" target=\"_blank\" rel=\"noopener noreferrer\"><img loading=\"lazy\" decoding=\"async\" class=\"wp-image-20467 aligncenter\" src=\"http:\/\/cableado-estructurado.com.co\/netcomp\/wp-content\/uploads\/2018\/07\/whatsapp-logo-mensaje.jpg\" alt=\"\" width=\"290\" height=\"220\" \/><\/a><\/strong><\/h2>\n<h2><img loading=\"lazy\" decoding=\"async\" class=\"wp-image-21775 aligncenter\" src=\"https:\/\/servidor-hp.com.co\/netcomp\/wp-content\/uploads\/2019\/05\/boton-ventas-servidor.png\" alt=\"\" width=\"495\" height=\"153\" \/><\/h2>\n<hr \/>\n<h3><\/h3>\n","protected":false},"excerpt":{"rendered":"<h2>Memoria RAM 32GB Para Servidor HPE DL380 Gen10<\/h2>\n","protected":false},"featured_media":22555,"comment_status":"closed","ping_status":"closed","template":"","meta":{"_et_pb_use_builder":"","_et_pb_old_content":"","_et_gb_content_width":""},"product_brand":[],"product_cat":[73,15,57,45],"product_tag":[20539,20963,20538,20964,20542,20949,20946],"class_list":{"0":"post-22557","1":"product","2":"type-product","3":"status-publish","4":"has-post-thumbnail","6":"product_cat-servidores-hp-ibm-cisco","7":"product_cat-servidores-hp","8":"product_cat-servidores-hp-2","9":"product_cat-storage-hp","10":"product_tag-garantia-extendida-para-servidor-hp","11":"product_tag-memoria-para-servidor-dl380-gen10","12":"product_tag-opciones-para-servidor-hp","13":"product_tag-p00924-b21","14":"product_tag-procesadores","15":"product_tag-servidor-hp-en-rack","16":"product_tag-servidor-hpe-gen-10","18":"first","19":"instock","20":"product-type-simple"},"yoast_head":"<!-- This site is optimized with the Yoast SEO plugin v27.2 - https:\/\/yoast.com\/product\/yoast-seo-wordpress\/ -->\n<title>Memoria Para Servidor HP DL380 Gen10 N\/P : P00924-B21 - Servidores HP - Nuevos - Usados - Alquiler<\/title>\n<meta name=\"description\" content=\"Memoria RAM Para Servidor HPE DL380 Gen10 32GB p00924-b21 - Precio y Disponibilidad en Bogota - Colombia\" \/>\n<meta name=\"robots\" content=\"index, follow, max-snippet:-1, max-image-preview:large, max-video-preview:-1\" \/>\n<link rel=\"canonical\" href=\"https:\/\/servidor-hp.com.co\/netcomp\/servidores\/servidores-hp\/storage-hp\/memoria-para-servidor-dl380-gen10-n-p-p00924-b21\/\" \/>\n<meta property=\"og:locale\" content=\"es_ES\" \/>\n<meta property=\"og:type\" content=\"article\" \/>\n<meta property=\"og:title\" content=\"Memoria Para Servidor HP DL380 Gen10 N\/P : P00924-B21 - Servidores HP - Nuevos - Usados - Alquiler\" \/>\n<meta property=\"og:description\" content=\"Memoria RAM Para Servidor HPE DL380 Gen10 32GB p00924-b21 - Precio y Disponibilidad en Bogota - Colombia\" \/>\n<meta property=\"og:url\" content=\"https:\/\/servidor-hp.com.co\/netcomp\/servidores\/servidores-hp\/storage-hp\/memoria-para-servidor-dl380-gen10-n-p-p00924-b21\/\" \/>\n<meta property=\"og:site_name\" content=\"Servidores HP - Nuevos - Usados - Alquiler\" \/>\n<meta property=\"article:modified_time\" content=\"2024-06-11T03:37:14+00:00\" \/>\n<meta property=\"og:image\" content=\"https:\/\/servidor-hp.com.co\/netcomp\/wp-content\/uploads\/2021\/06\/HEWLETT_PACKARD_ENTERPRISE_P00922-B21.jpg\" \/>\n\t<meta property=\"og:image:width\" content=\"600\" \/>\n\t<meta property=\"og:image:height\" content=\"450\" \/>\n\t<meta property=\"og:image:type\" content=\"image\/jpeg\" \/>\n<meta name=\"twitter:card\" content=\"summary_large_image\" \/>\n<meta name=\"twitter:label1\" content=\"Tiempo de lectura\" \/>\n\t<meta name=\"twitter:data1\" content=\"5 minutos\" \/>\n<script type=\"application\/ld+json\" class=\"yoast-schema-graph\">{\"@context\":\"https:\/\/schema.org\",\"@graph\":[{\"@type\":\"WebPage\",\"@id\":\"https:\/\/servidor-hp.com.co\/netcomp\/servidores\/servidores-hp\/storage-hp\/memoria-para-servidor-dl380-gen10-n-p-p00924-b21\/\",\"url\":\"https:\/\/servidor-hp.com.co\/netcomp\/servidores\/servidores-hp\/storage-hp\/memoria-para-servidor-dl380-gen10-n-p-p00924-b21\/\",\"name\":\"Memoria Para Servidor HP DL380 Gen10 N\/P : P00924-B21 - Servidores HP - Nuevos - Usados - Alquiler\",\"isPartOf\":{\"@id\":\"https:\/\/servidor-hp.com.co\/netcomp\/#website\"},\"primaryImageOfPage\":{\"@id\":\"https:\/\/servidor-hp.com.co\/netcomp\/servidores\/servidores-hp\/storage-hp\/memoria-para-servidor-dl380-gen10-n-p-p00924-b21\/#primaryimage\"},\"image\":{\"@id\":\"https:\/\/servidor-hp.com.co\/netcomp\/servidores\/servidores-hp\/storage-hp\/memoria-para-servidor-dl380-gen10-n-p-p00924-b21\/#primaryimage\"},\"thumbnailUrl\":\"https:\/\/servidor-hp.com.co\/netcomp\/wp-content\/uploads\/2021\/06\/HEWLETT_PACKARD_ENTERPRISE_P00922-B21.jpg\",\"datePublished\":\"2021-06-15T22:10:31+00:00\",\"dateModified\":\"2024-06-11T03:37:14+00:00\",\"description\":\"Memoria RAM Para Servidor HPE DL380 Gen10 32GB p00924-b21 - Precio y Disponibilidad en Bogota - Colombia\",\"breadcrumb\":{\"@id\":\"https:\/\/servidor-hp.com.co\/netcomp\/servidores\/servidores-hp\/storage-hp\/memoria-para-servidor-dl380-gen10-n-p-p00924-b21\/#breadcrumb\"},\"inLanguage\":\"es\",\"potentialAction\":[{\"@type\":\"ReadAction\",\"target\":[\"https:\/\/servidor-hp.com.co\/netcomp\/servidores\/servidores-hp\/storage-hp\/memoria-para-servidor-dl380-gen10-n-p-p00924-b21\/\"]}]},{\"@type\":\"ImageObject\",\"inLanguage\":\"es\",\"@id\":\"https:\/\/servidor-hp.com.co\/netcomp\/servidores\/servidores-hp\/storage-hp\/memoria-para-servidor-dl380-gen10-n-p-p00924-b21\/#primaryimage\",\"url\":\"https:\/\/servidor-hp.com.co\/netcomp\/wp-content\/uploads\/2021\/06\/HEWLETT_PACKARD_ENTERPRISE_P00922-B21.jpg\",\"contentUrl\":\"https:\/\/servidor-hp.com.co\/netcomp\/wp-content\/uploads\/2021\/06\/HEWLETT_PACKARD_ENTERPRISE_P00922-B21.jpg\",\"width\":600,\"height\":450},{\"@type\":\"BreadcrumbList\",\"@id\":\"https:\/\/servidor-hp.com.co\/netcomp\/servidores\/servidores-hp\/storage-hp\/memoria-para-servidor-dl380-gen10-n-p-p00924-b21\/#breadcrumb\",\"itemListElement\":[{\"@type\":\"ListItem\",\"position\":1,\"name\":\"Portada\",\"item\":\"https:\/\/servidor-hp.com.co\/netcomp\/\"},{\"@type\":\"ListItem\",\"position\":2,\"name\":\"Tienda\",\"item\":\"https:\/\/servidor-hp.com.co\/netcomp\/servidores\/\"},{\"@type\":\"ListItem\",\"position\":3,\"name\":\"Memoria Para Servidor HP DL380 Gen10 N\/P : P00924-B21\"}]},{\"@type\":\"WebSite\",\"@id\":\"https:\/\/servidor-hp.com.co\/netcomp\/#website\",\"url\":\"https:\/\/servidor-hp.com.co\/netcomp\/\",\"name\":\"Servidores HP - Nuevos - Usados - Alquiler\",\"description\":\"Tels: (+57) 316 878 8749\",\"alternateName\":\"Servidores HP DELL LENOVO IBM\",\"potentialAction\":[{\"@type\":\"SearchAction\",\"target\":{\"@type\":\"EntryPoint\",\"urlTemplate\":\"https:\/\/servidor-hp.com.co\/netcomp\/?s={search_term_string}\"},\"query-input\":{\"@type\":\"PropertyValueSpecification\",\"valueRequired\":true,\"valueName\":\"search_term_string\"}}],\"inLanguage\":\"es\"}]}<\/script>\n<!-- \/ Yoast SEO plugin. -->","yoast_head_json":{"title":"Memoria Para Servidor HP DL380 Gen10 N\/P : P00924-B21 - Servidores HP - Nuevos - Usados - Alquiler","description":"Memoria RAM Para Servidor HPE DL380 Gen10 32GB p00924-b21 - Precio y Disponibilidad en Bogota - Colombia","robots":{"index":"index","follow":"follow","max-snippet":"max-snippet:-1","max-image-preview":"max-image-preview:large","max-video-preview":"max-video-preview:-1"},"canonical":"https:\/\/servidor-hp.com.co\/netcomp\/servidores\/servidores-hp\/storage-hp\/memoria-para-servidor-dl380-gen10-n-p-p00924-b21\/","og_locale":"es_ES","og_type":"article","og_title":"Memoria Para Servidor HP DL380 Gen10 N\/P : P00924-B21 - Servidores HP - Nuevos - Usados - Alquiler","og_description":"Memoria RAM Para Servidor HPE DL380 Gen10 32GB p00924-b21 - Precio y Disponibilidad en Bogota - Colombia","og_url":"https:\/\/servidor-hp.com.co\/netcomp\/servidores\/servidores-hp\/storage-hp\/memoria-para-servidor-dl380-gen10-n-p-p00924-b21\/","og_site_name":"Servidores HP - Nuevos - Usados - Alquiler","article_modified_time":"2024-06-11T03:37:14+00:00","og_image":[{"width":600,"height":450,"url":"https:\/\/servidor-hp.com.co\/netcomp\/wp-content\/uploads\/2021\/06\/HEWLETT_PACKARD_ENTERPRISE_P00922-B21.jpg","type":"image\/jpeg"}],"twitter_card":"summary_large_image","twitter_misc":{"Tiempo de lectura":"5 minutos"},"schema":{"@context":"https:\/\/schema.org","@graph":[{"@type":"WebPage","@id":"https:\/\/servidor-hp.com.co\/netcomp\/servidores\/servidores-hp\/storage-hp\/memoria-para-servidor-dl380-gen10-n-p-p00924-b21\/","url":"https:\/\/servidor-hp.com.co\/netcomp\/servidores\/servidores-hp\/storage-hp\/memoria-para-servidor-dl380-gen10-n-p-p00924-b21\/","name":"Memoria Para Servidor HP DL380 Gen10 N\/P : P00924-B21 - Servidores HP - Nuevos - Usados - Alquiler","isPartOf":{"@id":"https:\/\/servidor-hp.com.co\/netcomp\/#website"},"primaryImageOfPage":{"@id":"https:\/\/servidor-hp.com.co\/netcomp\/servidores\/servidores-hp\/storage-hp\/memoria-para-servidor-dl380-gen10-n-p-p00924-b21\/#primaryimage"},"image":{"@id":"https:\/\/servidor-hp.com.co\/netcomp\/servidores\/servidores-hp\/storage-hp\/memoria-para-servidor-dl380-gen10-n-p-p00924-b21\/#primaryimage"},"thumbnailUrl":"https:\/\/servidor-hp.com.co\/netcomp\/wp-content\/uploads\/2021\/06\/HEWLETT_PACKARD_ENTERPRISE_P00922-B21.jpg","datePublished":"2021-06-15T22:10:31+00:00","dateModified":"2024-06-11T03:37:14+00:00","description":"Memoria RAM Para Servidor HPE DL380 Gen10 32GB p00924-b21 - Precio y Disponibilidad en Bogota - Colombia","breadcrumb":{"@id":"https:\/\/servidor-hp.com.co\/netcomp\/servidores\/servidores-hp\/storage-hp\/memoria-para-servidor-dl380-gen10-n-p-p00924-b21\/#breadcrumb"},"inLanguage":"es","potentialAction":[{"@type":"ReadAction","target":["https:\/\/servidor-hp.com.co\/netcomp\/servidores\/servidores-hp\/storage-hp\/memoria-para-servidor-dl380-gen10-n-p-p00924-b21\/"]}]},{"@type":"ImageObject","inLanguage":"es","@id":"https:\/\/servidor-hp.com.co\/netcomp\/servidores\/servidores-hp\/storage-hp\/memoria-para-servidor-dl380-gen10-n-p-p00924-b21\/#primaryimage","url":"https:\/\/servidor-hp.com.co\/netcomp\/wp-content\/uploads\/2021\/06\/HEWLETT_PACKARD_ENTERPRISE_P00922-B21.jpg","contentUrl":"https:\/\/servidor-hp.com.co\/netcomp\/wp-content\/uploads\/2021\/06\/HEWLETT_PACKARD_ENTERPRISE_P00922-B21.jpg","width":600,"height":450},{"@type":"BreadcrumbList","@id":"https:\/\/servidor-hp.com.co\/netcomp\/servidores\/servidores-hp\/storage-hp\/memoria-para-servidor-dl380-gen10-n-p-p00924-b21\/#breadcrumb","itemListElement":[{"@type":"ListItem","position":1,"name":"Portada","item":"https:\/\/servidor-hp.com.co\/netcomp\/"},{"@type":"ListItem","position":2,"name":"Tienda","item":"https:\/\/servidor-hp.com.co\/netcomp\/servidores\/"},{"@type":"ListItem","position":3,"name":"Memoria Para Servidor HP DL380 Gen10 N\/P : P00924-B21"}]},{"@type":"WebSite","@id":"https:\/\/servidor-hp.com.co\/netcomp\/#website","url":"https:\/\/servidor-hp.com.co\/netcomp\/","name":"Servidores HP - Nuevos - Usados - Alquiler","description":"Tels: (+57) 316 878 8749","alternateName":"Servidores HP DELL LENOVO IBM","potentialAction":[{"@type":"SearchAction","target":{"@type":"EntryPoint","urlTemplate":"https:\/\/servidor-hp.com.co\/netcomp\/?s={search_term_string}"},"query-input":{"@type":"PropertyValueSpecification","valueRequired":true,"valueName":"search_term_string"}}],"inLanguage":"es"}]}},"_links":{"self":[{"href":"https:\/\/servidor-hp.com.co\/netcomp\/wp-json\/wp\/v2\/product\/22557","targetHints":{"allow":["GET"]}}],"collection":[{"href":"https:\/\/servidor-hp.com.co\/netcomp\/wp-json\/wp\/v2\/product"}],"about":[{"href":"https:\/\/servidor-hp.com.co\/netcomp\/wp-json\/wp\/v2\/types\/product"}],"replies":[{"embeddable":true,"href":"https:\/\/servidor-hp.com.co\/netcomp\/wp-json\/wp\/v2\/comments?post=22557"}],"wp:featuredmedia":[{"embeddable":true,"href":"https:\/\/servidor-hp.com.co\/netcomp\/wp-json\/wp\/v2\/media\/22555"}],"wp:attachment":[{"href":"https:\/\/servidor-hp.com.co\/netcomp\/wp-json\/wp\/v2\/media?parent=22557"}],"wp:term":[{"taxonomy":"product_brand","embeddable":true,"href":"https:\/\/servidor-hp.com.co\/netcomp\/wp-json\/wp\/v2\/product_brand?post=22557"},{"taxonomy":"product_cat","embeddable":true,"href":"https:\/\/servidor-hp.com.co\/netcomp\/wp-json\/wp\/v2\/product_cat?post=22557"},{"taxonomy":"product_tag","embeddable":true,"href":"https:\/\/servidor-hp.com.co\/netcomp\/wp-json\/wp\/v2\/product_tag?post=22557"}],"curies":[{"name":"wp","href":"https:\/\/api.w.org\/{rel}","templated":true}]}}