{"id":22522,"date":"2021-06-10T09:27:16","date_gmt":"2021-06-10T14:27:16","guid":{"rendered":"https:\/\/servidor-hp.com.co\/netcomp\/?post_type=product&#038;p=22522"},"modified":"2021-06-10T15:22:14","modified_gmt":"2021-06-10T20:22:14","slug":"servidor-de-torre-hpe-proliant-ml350-gen10-n-p-p21788-001","status":"publish","type":"product","link":"https:\/\/servidor-hp.com.co\/netcomp\/servidores\/servidores-hp\/storage-hp\/servidor-de-torre-hpe-proliant-ml350-gen10-n-p-p21788-001\/","title":{"rendered":"SERVIDOR DE TORRE HPE PROLIANT ML350 GEN10 -N\/P: P21788-001"},"content":{"rendered":"<h1 style=\"text-align: center;\"><span style=\"color: #2445a2; font-family: tahoma, arial, helvetica, sans-serif;\"><strong>SERVIDOR DE TORRE HPE PROLIANT ML350 GEN10 &#8211;<\/strong><strong>N\/P: P21788-001<\/strong><\/span><\/h1>\n<h2 class=\"hpe-featured-product-description hpe-productDetails_data hpe-show-more1 hpe-product-description__text\" style=\"text-align: center;\"><strong><a href=\"https:\/\/servidor-hp.com.co\/netcomp\/servidores\/servidores-hp\/storage-hp\/servidor-de-torre-hpe-proliant-ml350-gen10-n-p-p21788-001\/?preview=true#tab-additional_information\"><span style=\"color: #d0121a; font-size: 18pt; font-family: tahoma, arial, helvetica, sans-serif;\">PARA ESPECIFICACIONES TECNICAS CLICK EN LA PESTA\u00d1A INFORMACION ADICIONAL\u00a0<\/span><\/a><\/strong><\/h2>\n<p>&nbsp;<\/p>\n<div style=\"width: 1080px;\" class=\"wp-video\"><video class=\"wp-video-shortcode\" id=\"video-22522-1\" width=\"1080\" height=\"608\" loop autoplay preload=\"metadata\" controls=\"controls\"><source type=\"video\/mp4\" src=\"https:\/\/servidor-hp.com.co\/netcomp\/wp-content\/uploads\/2021\/06\/HPE-ProLiant-ML110-Gen10-Server-animated-exploded-view-video.mp4?_=1\" \/><a href=\"https:\/\/servidor-hp.com.co\/netcomp\/wp-content\/uploads\/2021\/06\/HPE-ProLiant-ML110-Gen10-Server-animated-exploded-view-video.mp4\">https:\/\/servidor-hp.com.co\/netcomp\/wp-content\/uploads\/2021\/06\/HPE-ProLiant-ML110-Gen10-Server-animated-exploded-view-video.mp4<\/a><\/video><\/div>\n<h2 style=\"text-align: center;\"><\/h2>\n<p>&nbsp;<\/p>\n<div class=\"hpe-product-description__features\">\n<h4 style=\"text-align: center;\"><span style=\"color: #000080; font-family: tahoma, arial, helvetica, sans-serif; font-size: 24pt;\"><strong>CARACTERISTICAS :\u00a0<\/strong><\/span><\/h4>\n<\/div>\n<div class=\"ccs-cc-inline-feature\" data-type=\"text\"><\/div>\n<div class=\"ccs-cc-inline-feature\" data-type=\"text\">\n<h4><span style=\"color: #d0121a; font-family: tahoma, arial, helvetica, sans-serif; font-size: 18pt;\"><strong>Rendimiento con versatilidad incomparable<\/strong><\/span><\/h4>\n<ul>\n<li>\n<h4><span style=\"color: #000000; font-family: tahoma, arial, helvetica, sans-serif; font-size: 18pt;\">El servidor HPE ProLiant ML350 Gen10 admite hasta dos procesadores escalables Intel Xeon, empezando desde Bronze hasta Platinum, los procesadores de 4\u00a0n\u00facleos aumentan hasta llegar a 28\u00a0n\u00facleos ofreciendo un rendimiento sin igual.<\/span><\/h4>\n<\/li>\n<li>\n<h4><span style=\"color: #000000; font-family: tahoma, arial, helvetica, sans-serif; font-size: 18pt;\">Hasta 24 ranuras DIMM para admitir los 2933 MT\/s o 2600 MT\/s de DDR4 HPE SmartMemory\u00a0que reduce la p\u00e9rdida de datos y el tiempo de inactividad gracias a la funci\u00f3n de la tecnolog\u00eda de tolerancia r\u00e1pida a los fallos con licencia de HPE Gen10 al tiempo que incrementa el rendimiento de la carga de trabajo y la eficiencia energ\u00e9tica.<\/span><\/h4>\n<\/li>\n<li>\n<h4><span style=\"color: #000000; font-family: tahoma, arial, helvetica, sans-serif; font-size: 18pt;\">Admite una amplia gama de soluciones, desde Azure hasta Docker, adem\u00e1s de los sistemas operativos tradicionales.<\/span><\/h4>\n<\/li>\n<li>\n<h4><span style=\"color: #000000; font-family: tahoma, arial, helvetica, sans-serif; font-size: 18pt;\">La expansi\u00f3n de la GPU admite hasta cuatro unidades para acelerar el rendimiento en las aplicaciones VDI y de aprendizaje autom\u00e1tico para servicios financieros, vigilancia y seguridad, investigaci\u00f3n cient\u00edfica y educativa, as\u00ed como en venta al por menor y generaci\u00f3n de im\u00e1genes m\u00e9dicas.<\/span><\/h4>\n<\/li>\n<li>\n<h4><span style=\"color: #000000; font-family: tahoma, arial, helvetica, sans-serif; font-size: 18pt;\">Con la incorporaci\u00f3n del nuevo soporte para NVIDIA Tesla T4 y NVIDIA Quadro RTX8000\/6000\/4000 GPU, se transforma en un servidor de torre de inteligencia artificial a\u00fan m\u00e1s potente con conexi\u00f3n GPU de alta velocidad, trazado de rayos e inteligencia artificial.<\/span><\/h4>\n<\/li>\n<\/ul>\n<\/div>\n<h3><span style=\"font-family: tahoma, arial, helvetica, sans-serif; font-size: 18pt;\"><strong><span style=\"color: #d0121a;\">Expanda a medida que las necesidades de su negocio crecen<\/span><\/strong><\/span><\/h3>\n<ul>\n<li>\n<h4><span style=\"color: #000000; font-family: tahoma, arial, helvetica, sans-serif; font-size: 18pt;\">ProLiant ML350 Gen10 ofrece capacidad de expansi\u00f3n y flexibilidad con cajas mixtas de unidades de factor formato grande y reducido en el mismo servidor. Admite de 8 a 24 SFF o 16 SFF al combinarse con 8 unidades de estado s\u00f3lido NVMe PCIe y de 4 a 12 unidades LFF hot-plug o sin conexi\u00f3n hot-plug que protegen su inversi\u00f3n en TI en el entorno h\u00edbrido.<\/span><\/h4>\n<\/li>\n<li>\n<h4><span style=\"color: #000000; font-family: tahoma, arial, helvetica, sans-serif; font-size: 18pt;\">Amplia capacidad de expansi\u00f3n con 8\u00a0ranuras PCIe, 6\u00a0puertos USB, conversi\u00f3n de rack de 5U y opciones de fuente de alimentaci\u00f3n.<\/span><\/h4>\n<\/li>\n<li>\n<h4><span style=\"color: #000000; font-family: tahoma, arial, helvetica, sans-serif; font-size: 18pt;\">Adaptador integrado 4 x 1 GbE y opci\u00f3n de un PCIe vertical de 1 GbE, 10 GbE, 25 GbE o 100 GbE y tarjetas Infiniband que ofrecen la flexibilidad de ancho de banda de red y estructura para que puedas escalar y adaptarte a las diferentes necesidades a medida que tu negocio crece.<\/span><\/h4>\n<\/li>\n<\/ul>\n<h3><span style=\"color: #d0121a; font-family: tahoma, arial, helvetica, sans-serif; font-size: 18pt;\"><strong>Innovaciones en seguridad<\/strong><\/span><\/h3>\n<ul>\n<li>\n<h4><span style=\"color: #000000; font-family: tahoma, arial, helvetica, sans-serif; font-size: 18pt;\">HPE Integrated Lights Out 5 (iLO 5) habilita los servidores est\u00e1ndar del sector m\u00e1s seguros del mundo gracias a la tecnolog\u00eda de ra\u00edz de confianza de silicio de HPE para proteger sus servidores de ataques, detectar posibles intrusiones y recuperar el firmware esencial de su servidor de forma segura.<\/span><\/h4>\n<\/li>\n<li>\n<h4><span style=\"color: #000000; font-family: tahoma, arial, helvetica, sans-serif; font-size: 18pt;\">Las caracter\u00edsticas de seguridad de iLO 5 incluyen Server Configuration Lock para garantizar que el tr\u00e1nsito sea seguro; iLO Security Dashboard ayuda a detectar y abordar posibles vulnerabilidades de seguridad en la configuraci\u00f3n del servidor. Workload Performance Advisor proporciona recomendaciones de ajuste del servidor para lograr mejor rendimiento.<\/span><\/h4>\n<\/li>\n<li>\n<h4><span style=\"color: #000000; font-family: tahoma, arial, helvetica, sans-serif; font-size: 18pt;\">Gracias a Runtime Firmware Verification, se comprueba el firmware del servidor cada 24\u00a0horas verificando la validez y fiabilidad del firmware esencial del sistema. La recuperaci\u00f3n segura permite al firmware del servidor regresar al \u00faltimo estado bueno conocido o a los ajustes de f\u00e1brica despu\u00e9s de detectar el c\u00f3digo comprometido.<\/span><\/h4>\n<\/li>\n<li>\n<h4><span style=\"color: #000000; font-family: tahoma, arial, helvetica, sans-serif; font-size: 18pt;\">Existen opciones de seguridad adicionales con el m\u00f3dulo de plataforma de confianza (Trusted Platform Module, TPM) para evitar el acceso no autorizado al servidor y almacenar de manera segura los objetos utilizados para autenticar el servidor.<\/span><\/h4>\n<\/li>\n<li>\n<h4><span style=\"color: #000000; font-family: tahoma, arial, helvetica, sans-serif; font-size: 18pt;\">HPE InfoSight proporciona una herramienta basada en la nube de an\u00e1lisis que predice y evita los problemas antes de que su negocio se vea afectado.<\/span><\/h4>\n<\/li>\n<\/ul>\n<h3><span style=\"color: #d0121a; font-family: tahoma, arial, helvetica, sans-serif; font-size: 18pt;\"><strong>Servicios l\u00edderes del sector y facilidad de implementaci\u00f3n<\/strong><\/span><\/h3>\n<ul>\n<li>\n<h4><span style=\"color: #000000; font-family: tahoma, arial, helvetica, sans-serif; font-size: 18pt;\">El servidor HPE ProLiant ML350 Gen10 viene con un conjunto completo de servicios de HPE Pointnext, que ofrecen seguridad, reducen el riesgo y ayudan a los clientes a aprovechar la agilidad y la estabilidad.<\/span><\/h4>\n<\/li>\n<li>\n<h4><span style=\"color: #000000; font-family: tahoma, arial, helvetica, sans-serif; font-size: 18pt;\">Los servicios de HPE Pointnext simplifican todas las fases del viaje de TI. Los profesionales de los servicios de asesor\u00eda y transformaci\u00f3n entienden los retos que afrontan los clientes y dise\u00f1an una soluci\u00f3n efectiva. HPE Professional Services permite una implementaci\u00f3n r\u00e1pida de las soluciones y HPE Operational Services proporciona soporte continuo.<\/span><\/h4>\n<\/li>\n<li>\n<h4><span style=\"color: #000000; font-family: tahoma, arial, helvetica, sans-serif; font-size: 18pt;\">Operational Services suministra los siguientes servicios: HPE Flexible Capacity, HPE Datacenter Care, automatizaci\u00f3n de infraestructura HPE, HPE Campus Care, servicios proactivos HPE y cobertura multiproveedor.<\/span><\/h4>\n<\/li>\n<li>\n<h4><span style=\"color: #000000; font-family: tahoma, arial, helvetica, sans-serif; font-size: 18pt;\">Las soluciones de inversi\u00f3n en TI de HPE le ayudan a dar el salto a una empresa digital con la econom\u00eda de TI para alinearse con sus objetivos empresariales.<\/span><\/h4>\n<\/li>\n<\/ul>\n<p>&nbsp;<\/p>\n<h3><\/h3>\n<p>&nbsp;<\/p>\n<h3 style=\"text-align: center;\"><span style=\"font-family: tahoma, arial, helvetica, sans-serif; font-size: 14pt;\"><a title=\"Tienda - Precio y Venta Servidores HP\" href=\"https:\/\/netcomp.co\/es\/132-servidores-hp-lenovo-dell-partes\" target=\"_blank\" rel=\"noopener noreferrer\"><strong>COMPRAR &#8211; DISPONEMOS DE UNA AMPLIA GAMA DE SERVIDORES HP PROLIANT PARA <\/strong><\/a><\/span><\/h3>\n<h3 style=\"text-align: center;\"><span style=\"font-family: tahoma, arial, helvetica, sans-serif; font-size: 14pt;\"><a title=\"Tienda - Precio y Venta Servidores HP\" href=\"https:\/\/netcomp.co\/es\/132-servidores-hp-lenovo-dell-partes\" target=\"_blank\" rel=\"noopener noreferrer\"><strong>VENTA \/ ARRENDAMIENTO \/ ALQUILER : <\/strong><\/a><\/span><\/h3>\n<h3 style=\"text-align: center;\"><a title=\"Tienda - Precio y Venta Servidores HP\" href=\"https:\/\/netcomp.co\/es\/132-servidores-hp-lenovo-dell-partes\" target=\"_blank\" rel=\"noopener noreferrer\"><span style=\"font-family: tahoma, arial, helvetica, sans-serif; font-size: 14pt;\"><strong>ML350 \/ ML150 \/ DL320 \/ DL360 \/ DL380 <\/strong><\/span><strong><span style=\"font-family: tahoma, arial, helvetica, sans-serif; font-size: 14pt;\">PARA COMPRAR CLICK AQUI!<\/span><\/strong><\/a><\/h3>\n<p>&nbsp;<\/p>\n<h2><strong><a href=\"https:\/\/api.whatsapp.com\/send?phone=573168788749\" target=\"_blank\" rel=\"noopener noreferrer\"><img loading=\"lazy\" decoding=\"async\" class=\"wp-image-20467 aligncenter\" src=\"http:\/\/cableado-estructurado.com.co\/netcomp\/wp-content\/uploads\/2018\/07\/whatsapp-logo-mensaje.jpg\" alt=\"\" width=\"290\" height=\"220\" \/><\/a><\/strong><\/h2>\n<h2><img loading=\"lazy\" decoding=\"async\" class=\"wp-image-21775 aligncenter\" src=\"https:\/\/servidor-hp.com.co\/netcomp\/wp-content\/uploads\/2019\/05\/boton-ventas-servidor.png\" alt=\"\" width=\"495\" height=\"153\" \/><\/h2>\n<hr \/>\n<h3><\/h3>\n","protected":false},"excerpt":{"rendered":"<div class=\"ccs-cc-inline-features-block ccs-cc-inline-single-feature\">\n<div class=\"ccs-cc-inline-feature\" data-type=\"text\">\n<h3 class=\"ccs-cc-inline-feature-content ccs-cc-inline-feature-description\"><span style=\"font-family: tahoma, arial, helvetica, sans-serif; font-size: 14pt; color: #000000;\">Compatible con las ofertas adicionales del procesador Intel\u00ae\u00a0Xeon Scalable de segunda generaci\u00f3n que ofrece un excepcional valor para el cliente con un rendimiento incrementado y una frecuencia l\u00edder del sector.<\/span><\/h3>\n<\/div>\n<\/div>\n<div class=\"ccs-cc-inline-feature\" data-type=\"text\">\n<h3 class=\"ccs-cc-inline-feature-content ccs-cc-inline-feature-description\"><span style=\"font-family: tahoma, arial, helvetica, sans-serif; font-size: 14pt; color: #000000;\">Compatible con cajas mixtas de unidades con factor formato grande y reducido en el mismo servidor para almacenamiento jerarquizado, ofreciendo la flexibilidad de mezclar distintas unidades en base a la capacidad de almacenamiento y al coste.<\/span><\/h3>\n<p>&nbsp;<\/p>\n<\/div>\n","protected":false},"featured_media":22523,"comment_status":"closed","ping_status":"closed","template":"","meta":{"_et_pb_use_builder":"","_et_pb_old_content":"","_et_gb_content_width":""},"product_brand":[],"product_cat":[73,15,57,45],"product_tag":[20540,517,20539,20538,20542,20944,20945,20946,20541],"class_list":{"0":"post-22522","1":"product","2":"type-product","3":"status-publish","4":"has-post-thumbnail","6":"product_cat-servidores-hp-ibm-cisco","7":"product_cat-servidores-hp","8":"product_cat-servidores-hp-2","9":"product_cat-storage-hp","10":"product_tag-discos-duros-para-servidor-hp","11":"product_tag-fuente-de-poder","12":"product_tag-garantia-extendida-para-servidor-hp","13":"product_tag-opciones-para-servidor-hp","14":"product_tag-procesadores","15":"product_tag-servidor-de-torre-hpe","16":"product_tag-servidor-de-torre-proliant-ml350-gen10","17":"product_tag-servidor-hpe-gen-10","18":"product_tag-tarjeta-de-red-para-servidor-hp","20":"first","21":"instock","22":"product-type-simple"},"yoast_head":"<!-- This site is optimized with the Yoast SEO plugin v27.2 - https:\/\/yoast.com\/product\/yoast-seo-wordpress\/ -->\n<title>SERVIDOR DE TORRE HPE PROLIANT ML350 GEN10 -N\/P: P21788-001 - Servidores HP - Nuevos - Usados - Alquiler<\/title>\n<meta name=\"description\" content=\"SERVIDOR DE TORRE HPE PROLIANT ML350 GEN10 -N\/P: P21788-001 - - Precio y Disponibilidad en Bogota - Colombia - servidor-hp.com.co\" \/>\n<meta name=\"robots\" content=\"index, follow, max-snippet:-1, max-image-preview:large, max-video-preview:-1\" \/>\n<link rel=\"canonical\" href=\"https:\/\/servidor-hp.com.co\/netcomp\/servidores\/servidores-hp\/storage-hp\/servidor-de-torre-hpe-proliant-ml350-gen10-n-p-p21788-001\/\" \/>\n<meta property=\"og:locale\" content=\"es_ES\" \/>\n<meta property=\"og:type\" content=\"article\" \/>\n<meta property=\"og:title\" content=\"SERVIDOR DE TORRE HPE PROLIANT ML350 GEN10 -N\/P: P21788-001 - Servidores HP - Nuevos - Usados - Alquiler\" \/>\n<meta property=\"og:description\" content=\"SERVIDOR DE TORRE HPE PROLIANT ML350 GEN10 -N\/P: P21788-001 - - Precio y Disponibilidad en Bogota - Colombia - servidor-hp.com.co\" \/>\n<meta property=\"og:url\" content=\"https:\/\/servidor-hp.com.co\/netcomp\/servidores\/servidores-hp\/storage-hp\/servidor-de-torre-hpe-proliant-ml350-gen10-n-p-p21788-001\/\" \/>\n<meta property=\"og:site_name\" content=\"Servidores HP - Nuevos - Usados - Alquiler\" \/>\n<meta property=\"article:modified_time\" content=\"2021-06-10T20:22:14+00:00\" \/>\n<meta property=\"og:image\" content=\"https:\/\/servidor-hp.com.co\/netcomp\/wp-content\/uploads\/2021\/06\/HEWLETT_PACKARD_ENTERPRISE_P21788-001_ICECAT_46458451.jpg\" \/>\n\t<meta property=\"og:image:width\" content=\"536\" \/>\n\t<meta property=\"og:image:height\" content=\"500\" \/>\n\t<meta property=\"og:image:type\" content=\"image\/jpeg\" \/>\n<meta name=\"twitter:card\" content=\"summary_large_image\" \/>\n<meta name=\"twitter:label1\" content=\"Tiempo de lectura\" \/>\n\t<meta name=\"twitter:data1\" content=\"4 minutos\" \/>\n<script type=\"application\/ld+json\" class=\"yoast-schema-graph\">{\"@context\":\"https:\/\/schema.org\",\"@graph\":[{\"@type\":\"WebPage\",\"@id\":\"https:\/\/servidor-hp.com.co\/netcomp\/servidores\/servidores-hp\/storage-hp\/servidor-de-torre-hpe-proliant-ml350-gen10-n-p-p21788-001\/\",\"url\":\"https:\/\/servidor-hp.com.co\/netcomp\/servidores\/servidores-hp\/storage-hp\/servidor-de-torre-hpe-proliant-ml350-gen10-n-p-p21788-001\/\",\"name\":\"SERVIDOR DE TORRE HPE PROLIANT ML350 GEN10 -N\/P: P21788-001 - Servidores HP - Nuevos - Usados - Alquiler\",\"isPartOf\":{\"@id\":\"https:\/\/servidor-hp.com.co\/netcomp\/#website\"},\"primaryImageOfPage\":{\"@id\":\"https:\/\/servidor-hp.com.co\/netcomp\/servidores\/servidores-hp\/storage-hp\/servidor-de-torre-hpe-proliant-ml350-gen10-n-p-p21788-001\/#primaryimage\"},\"image\":{\"@id\":\"https:\/\/servidor-hp.com.co\/netcomp\/servidores\/servidores-hp\/storage-hp\/servidor-de-torre-hpe-proliant-ml350-gen10-n-p-p21788-001\/#primaryimage\"},\"thumbnailUrl\":\"https:\/\/servidor-hp.com.co\/netcomp\/wp-content\/uploads\/2021\/06\/HEWLETT_PACKARD_ENTERPRISE_P21788-001_ICECAT_46458451.jpg\",\"datePublished\":\"2021-06-10T14:27:16+00:00\",\"dateModified\":\"2021-06-10T20:22:14+00:00\",\"description\":\"SERVIDOR DE TORRE HPE PROLIANT ML350 GEN10 -N\/P: P21788-001 - - Precio y Disponibilidad en Bogota - Colombia - servidor-hp.com.co\",\"breadcrumb\":{\"@id\":\"https:\/\/servidor-hp.com.co\/netcomp\/servidores\/servidores-hp\/storage-hp\/servidor-de-torre-hpe-proliant-ml350-gen10-n-p-p21788-001\/#breadcrumb\"},\"inLanguage\":\"es\",\"potentialAction\":[{\"@type\":\"ReadAction\",\"target\":[\"https:\/\/servidor-hp.com.co\/netcomp\/servidores\/servidores-hp\/storage-hp\/servidor-de-torre-hpe-proliant-ml350-gen10-n-p-p21788-001\/\"]}]},{\"@type\":\"ImageObject\",\"inLanguage\":\"es\",\"@id\":\"https:\/\/servidor-hp.com.co\/netcomp\/servidores\/servidores-hp\/storage-hp\/servidor-de-torre-hpe-proliant-ml350-gen10-n-p-p21788-001\/#primaryimage\",\"url\":\"https:\/\/servidor-hp.com.co\/netcomp\/wp-content\/uploads\/2021\/06\/HEWLETT_PACKARD_ENTERPRISE_P21788-001_ICECAT_46458451.jpg\",\"contentUrl\":\"https:\/\/servidor-hp.com.co\/netcomp\/wp-content\/uploads\/2021\/06\/HEWLETT_PACKARD_ENTERPRISE_P21788-001_ICECAT_46458451.jpg\",\"width\":536,\"height\":500,\"caption\":\"Procesador Intel\u00ae Xeon\u00ae Silver 4210R\/ 16 GB de memoria\/Ocho bah\u00edas para unidades de factor formato reducido y una fuente de alimentaci\u00f3n de 800 W\"},{\"@type\":\"BreadcrumbList\",\"@id\":\"https:\/\/servidor-hp.com.co\/netcomp\/servidores\/servidores-hp\/storage-hp\/servidor-de-torre-hpe-proliant-ml350-gen10-n-p-p21788-001\/#breadcrumb\",\"itemListElement\":[{\"@type\":\"ListItem\",\"position\":1,\"name\":\"Portada\",\"item\":\"https:\/\/servidor-hp.com.co\/netcomp\/\"},{\"@type\":\"ListItem\",\"position\":2,\"name\":\"Tienda\",\"item\":\"https:\/\/servidor-hp.com.co\/netcomp\/servidores\/\"},{\"@type\":\"ListItem\",\"position\":3,\"name\":\"SERVIDOR DE TORRE HPE PROLIANT ML350 GEN10 -N\/P: P21788-001\"}]},{\"@type\":\"WebSite\",\"@id\":\"https:\/\/servidor-hp.com.co\/netcomp\/#website\",\"url\":\"https:\/\/servidor-hp.com.co\/netcomp\/\",\"name\":\"Servidores HP - Nuevos - Usados - Alquiler\",\"description\":\"Tels: (+57) 316 878 8749\",\"alternateName\":\"Servidores HP DELL LENOVO IBM\",\"potentialAction\":[{\"@type\":\"SearchAction\",\"target\":{\"@type\":\"EntryPoint\",\"urlTemplate\":\"https:\/\/servidor-hp.com.co\/netcomp\/?s={search_term_string}\"},\"query-input\":{\"@type\":\"PropertyValueSpecification\",\"valueRequired\":true,\"valueName\":\"search_term_string\"}}],\"inLanguage\":\"es\"}]}<\/script>\n<!-- \/ Yoast SEO plugin. -->","yoast_head_json":{"title":"SERVIDOR DE TORRE HPE PROLIANT ML350 GEN10 -N\/P: P21788-001 - Servidores HP - Nuevos - Usados - Alquiler","description":"SERVIDOR DE TORRE HPE PROLIANT ML350 GEN10 -N\/P: P21788-001 - - Precio y Disponibilidad en Bogota - Colombia - servidor-hp.com.co","robots":{"index":"index","follow":"follow","max-snippet":"max-snippet:-1","max-image-preview":"max-image-preview:large","max-video-preview":"max-video-preview:-1"},"canonical":"https:\/\/servidor-hp.com.co\/netcomp\/servidores\/servidores-hp\/storage-hp\/servidor-de-torre-hpe-proliant-ml350-gen10-n-p-p21788-001\/","og_locale":"es_ES","og_type":"article","og_title":"SERVIDOR DE TORRE HPE PROLIANT ML350 GEN10 -N\/P: P21788-001 - Servidores HP - Nuevos - Usados - Alquiler","og_description":"SERVIDOR DE TORRE HPE PROLIANT ML350 GEN10 -N\/P: P21788-001 - - Precio y Disponibilidad en Bogota - Colombia - servidor-hp.com.co","og_url":"https:\/\/servidor-hp.com.co\/netcomp\/servidores\/servidores-hp\/storage-hp\/servidor-de-torre-hpe-proliant-ml350-gen10-n-p-p21788-001\/","og_site_name":"Servidores HP - Nuevos - Usados - Alquiler","article_modified_time":"2021-06-10T20:22:14+00:00","og_image":[{"width":536,"height":500,"url":"https:\/\/servidor-hp.com.co\/netcomp\/wp-content\/uploads\/2021\/06\/HEWLETT_PACKARD_ENTERPRISE_P21788-001_ICECAT_46458451.jpg","type":"image\/jpeg"}],"twitter_card":"summary_large_image","twitter_misc":{"Tiempo de lectura":"4 minutos"},"schema":{"@context":"https:\/\/schema.org","@graph":[{"@type":"WebPage","@id":"https:\/\/servidor-hp.com.co\/netcomp\/servidores\/servidores-hp\/storage-hp\/servidor-de-torre-hpe-proliant-ml350-gen10-n-p-p21788-001\/","url":"https:\/\/servidor-hp.com.co\/netcomp\/servidores\/servidores-hp\/storage-hp\/servidor-de-torre-hpe-proliant-ml350-gen10-n-p-p21788-001\/","name":"SERVIDOR DE TORRE HPE PROLIANT ML350 GEN10 -N\/P: P21788-001 - Servidores HP - Nuevos - Usados - Alquiler","isPartOf":{"@id":"https:\/\/servidor-hp.com.co\/netcomp\/#website"},"primaryImageOfPage":{"@id":"https:\/\/servidor-hp.com.co\/netcomp\/servidores\/servidores-hp\/storage-hp\/servidor-de-torre-hpe-proliant-ml350-gen10-n-p-p21788-001\/#primaryimage"},"image":{"@id":"https:\/\/servidor-hp.com.co\/netcomp\/servidores\/servidores-hp\/storage-hp\/servidor-de-torre-hpe-proliant-ml350-gen10-n-p-p21788-001\/#primaryimage"},"thumbnailUrl":"https:\/\/servidor-hp.com.co\/netcomp\/wp-content\/uploads\/2021\/06\/HEWLETT_PACKARD_ENTERPRISE_P21788-001_ICECAT_46458451.jpg","datePublished":"2021-06-10T14:27:16+00:00","dateModified":"2021-06-10T20:22:14+00:00","description":"SERVIDOR DE TORRE HPE PROLIANT ML350 GEN10 -N\/P: P21788-001 - - Precio y Disponibilidad en Bogota - Colombia - servidor-hp.com.co","breadcrumb":{"@id":"https:\/\/servidor-hp.com.co\/netcomp\/servidores\/servidores-hp\/storage-hp\/servidor-de-torre-hpe-proliant-ml350-gen10-n-p-p21788-001\/#breadcrumb"},"inLanguage":"es","potentialAction":[{"@type":"ReadAction","target":["https:\/\/servidor-hp.com.co\/netcomp\/servidores\/servidores-hp\/storage-hp\/servidor-de-torre-hpe-proliant-ml350-gen10-n-p-p21788-001\/"]}]},{"@type":"ImageObject","inLanguage":"es","@id":"https:\/\/servidor-hp.com.co\/netcomp\/servidores\/servidores-hp\/storage-hp\/servidor-de-torre-hpe-proliant-ml350-gen10-n-p-p21788-001\/#primaryimage","url":"https:\/\/servidor-hp.com.co\/netcomp\/wp-content\/uploads\/2021\/06\/HEWLETT_PACKARD_ENTERPRISE_P21788-001_ICECAT_46458451.jpg","contentUrl":"https:\/\/servidor-hp.com.co\/netcomp\/wp-content\/uploads\/2021\/06\/HEWLETT_PACKARD_ENTERPRISE_P21788-001_ICECAT_46458451.jpg","width":536,"height":500,"caption":"Procesador Intel\u00ae Xeon\u00ae Silver 4210R\/ 16 GB de memoria\/Ocho bah\u00edas para unidades de factor formato reducido y una fuente de alimentaci\u00f3n de 800 W"},{"@type":"BreadcrumbList","@id":"https:\/\/servidor-hp.com.co\/netcomp\/servidores\/servidores-hp\/storage-hp\/servidor-de-torre-hpe-proliant-ml350-gen10-n-p-p21788-001\/#breadcrumb","itemListElement":[{"@type":"ListItem","position":1,"name":"Portada","item":"https:\/\/servidor-hp.com.co\/netcomp\/"},{"@type":"ListItem","position":2,"name":"Tienda","item":"https:\/\/servidor-hp.com.co\/netcomp\/servidores\/"},{"@type":"ListItem","position":3,"name":"SERVIDOR DE TORRE HPE PROLIANT ML350 GEN10 -N\/P: P21788-001"}]},{"@type":"WebSite","@id":"https:\/\/servidor-hp.com.co\/netcomp\/#website","url":"https:\/\/servidor-hp.com.co\/netcomp\/","name":"Servidores HP - Nuevos - Usados - Alquiler","description":"Tels: (+57) 316 878 8749","alternateName":"Servidores HP DELL LENOVO IBM","potentialAction":[{"@type":"SearchAction","target":{"@type":"EntryPoint","urlTemplate":"https:\/\/servidor-hp.com.co\/netcomp\/?s={search_term_string}"},"query-input":{"@type":"PropertyValueSpecification","valueRequired":true,"valueName":"search_term_string"}}],"inLanguage":"es"}]}},"_links":{"self":[{"href":"https:\/\/servidor-hp.com.co\/netcomp\/wp-json\/wp\/v2\/product\/22522","targetHints":{"allow":["GET"]}}],"collection":[{"href":"https:\/\/servidor-hp.com.co\/netcomp\/wp-json\/wp\/v2\/product"}],"about":[{"href":"https:\/\/servidor-hp.com.co\/netcomp\/wp-json\/wp\/v2\/types\/product"}],"replies":[{"embeddable":true,"href":"https:\/\/servidor-hp.com.co\/netcomp\/wp-json\/wp\/v2\/comments?post=22522"}],"wp:featuredmedia":[{"embeddable":true,"href":"https:\/\/servidor-hp.com.co\/netcomp\/wp-json\/wp\/v2\/media\/22523"}],"wp:attachment":[{"href":"https:\/\/servidor-hp.com.co\/netcomp\/wp-json\/wp\/v2\/media?parent=22522"}],"wp:term":[{"taxonomy":"product_brand","embeddable":true,"href":"https:\/\/servidor-hp.com.co\/netcomp\/wp-json\/wp\/v2\/product_brand?post=22522"},{"taxonomy":"product_cat","embeddable":true,"href":"https:\/\/servidor-hp.com.co\/netcomp\/wp-json\/wp\/v2\/product_cat?post=22522"},{"taxonomy":"product_tag","embeddable":true,"href":"https:\/\/servidor-hp.com.co\/netcomp\/wp-json\/wp\/v2\/product_tag?post=22522"}],"curies":[{"name":"wp","href":"https:\/\/api.w.org\/{rel}","templated":true}]}}