{"id":19797,"date":"2018-05-02T00:20:42","date_gmt":"2018-05-02T05:20:42","guid":{"rendered":"http:\/\/servidor-hp.com.co\/netcomp\/servidores\/sin%20categorizar\/n-p-867962-b21-hp-servidor-hpe-proliant-dl360-sff-gen10fa\/"},"modified":"2021-05-10T10:13:20","modified_gmt":"2021-05-10T15:13:20","slug":"n-p-867962-b21-hp-servidor-hpe-proliant-dl360-sff-gen10fa","status":"publish","type":"product","link":"https:\/\/servidor-hp.com.co\/netcomp\/servidores\/servidores-hp\/servidores-hp-2\/n-p-867962-b21-hp-servidor-hpe-proliant-dl360-sff-gen10fa\/","title":{"rendered":"Servidor HPE Proliant DL360 SFF Gen10 &#8211; HP &#8211; N\/P : 867962-B21"},"content":{"rendered":"<h1 style=\"text-align: center;\"><span style=\"font-size: 36pt;\"><strong><span style=\"font-family: tahoma, arial, helvetica, sans-serif; color: #333399;\">\u00a0<\/span><\/strong><\/span><strong><span style=\"font-size: 18.0pt; line-height: 115%; font-family: 'Tahoma','sans-serif'; color: #333399;\"><span style=\"font-size: 36pt;\">SERVIDOR HPE PROLIANT DL360 SFF GEN10 RACK<\/span><\/span><\/strong><strong style=\"font-size: 36pt;\"><span style=\"font-family: tahoma, arial, helvetica, sans-serif; color: #333399;\">&#8211; HPE &#8211;<\/span><\/strong><strong style=\"font-size: 36pt;\"><span style=\"font-family: tahoma, arial, helvetica, sans-serif; color: #333399;\">N\/P : 867962-B21\u00a0<\/span><\/strong><\/h1>\n<p><a href=\"https:\/\/netcomp.co\/es\/132-servidores-hp-lenovo-dell-partes\"><img loading=\"lazy\" decoding=\"async\" class=\"aligncenter wp-image-22502 \" src=\"https:\/\/servidor-hp.com.co\/netcomp\/wp-content\/uploads\/2018\/10\/Servidor_HPE_ProLiant_DL360_Gen10.jpg\" alt=\"\" width=\"746\" height=\"371\" \/><\/a><\/p>\n<div class=\"hpe-more-information__columns row\" style=\"width: 1100px;\">\n<div class=\"flex-adapt-width pl-6 pr-6\"><\/div>\n<\/div>\n<h3 style=\"text-align: center;\"><span style=\"color: #333399; font-family: tahoma, arial, helvetica, sans-serif; font-size: 12pt;\"><strong>Encuentra las Especificaciones t\u00e9cnicas de este Servidor HP ProLiant DL360 en la pesta\u00f1a<\/strong><\/span><\/h3>\n<h3 style=\"text-align: center;\"><span style=\"color: #333399; font-family: tahoma, arial, helvetica, sans-serif; font-size: 12pt;\"><strong> \u201c<a style=\"color: #333399;\" href=\"https:\/\/servidor-hp.com.co\/netcomp\/servidores\/servidores-hp\/servidores-hp-2\/servidor-hp-dl360-gen-8-e\/#tab-additional_information\">Informaci\u00f3n adicional <\/a>\u201c\u00a0<\/strong><\/span><\/h3>\n<h3 class=\"hpe-headline--strong hpe-more-information__content hpe-key-features\"><span style=\"color: #ff0000; font-family: tahoma, arial, helvetica, sans-serif;\"><strong>Caracter\u00edsticas principales<\/strong><\/span><\/h3>\n<p>&nbsp;<\/p>\n<h3 style=\"background: #F6F6F6;\"><span style=\"font-family: tahoma, arial, helvetica, sans-serif;\"><strong><span style=\"color: black; font-size: 18pt;\">Rendimiento l\u00edder del sector con computaci\u00f3n vers\u00e1til<\/span><\/strong><\/span><\/h3>\n<p class=\"hpe-more-informationcontent\" style=\"background: #F6F6F6; box-sizing: border-box; font-variant-ligatures: normal; font-variant-caps: normal; orphans: 2; text-align: start; widows: 2; -webkit-text-stroke-width: 0px; text-decoration-thickness: initial; text-decoration-style: initial; text-decoration-color: initial; word-spacing: 0px; margin: 0cm 0cm 12.0pt 0cm;\"><span style=\"font-size: 18pt; font-family: tahoma, arial, helvetica, sans-serif; color: black;\">El servidor HPE ProLiant DL360 Gen10 es compatible con la tecnolog\u00eda est\u00e1ndar del sector aprovechando el procesador escalable Intel Xeon con hasta 28\u00a0n\u00facleos, SAS de 12 G y 3\u00a0TB de HPE DDR4 SmartMemory de 2933\u00a0MT\/s.<\/span><\/p>\n<h3 style=\"background: #F6F6F6;\"><span style=\"font-family: tahoma, arial, helvetica, sans-serif;\"><strong><span style=\"color: black;\">Dise\u00f1o innovador para posibilidad de elecci\u00f3n y flexibilidad<\/span><\/strong><\/span><\/h3>\n<p class=\"hpe-more-informationcontent\" style=\"background: #F6F6F6; box-sizing: border-box; font-variant-ligatures: normal; font-variant-caps: normal; orphans: 2; text-align: start; widows: 2; -webkit-text-stroke-width: 0px; text-decoration-thickness: initial; text-decoration-style: initial; text-decoration-color: initial; word-spacing: 0px; margin: 0cm 0cm 12.0pt 0cm;\"><span style=\"font-size: 18pt; font-family: tahoma, arial, helvetica, sans-serif; color: black;\">La placa base del chasis premium de 10 SFF NVMe ofrece la posibilidad de mezclar y combinar SAS\/SATA y NVMe dentro del mismo chasis junto con chasis de 8 + 2 SFF y 4 LFF que es compatible con las nuevas opciones de almacenamiento uFF y M.2<\/span><\/p>\n<h3 style=\"background: #F6F6F6;\"><span style=\"font-family: tahoma, arial, helvetica, sans-serif;\"><strong><span style=\"color: black;\">Innovaciones en seguridad<\/span><\/strong><\/span><\/h3>\n<p class=\"hpe-more-informationcontent\" style=\"background: #F6F6F6; box-sizing: border-box; font-variant-ligatures: normal; font-variant-caps: normal; orphans: 2; text-align: start; widows: 2; -webkit-text-stroke-width: 0px; text-decoration-thickness: initial; text-decoration-style: initial; text-decoration-color: initial; word-spacing: 0px; margin: 0cm 0cm 12.0pt 0cm;\"><span style=\"font-size: 18pt; font-family: tahoma, arial, helvetica, sans-serif; color: black;\">HPE iLO 5 habilita los servidores est\u00e1ndar del sector m\u00e1s seguros del mundo gracias a la confiable tecnolog\u00eda de ra\u00edz de silicio de HPE para proteger sus servidores de ataques, detectar posibles intrusiones y recuperar el firmware esencial de su servidor de forma segura.<\/span><\/p>\n<h3 style=\"background: #F6F6F6;\"><span style=\"font-family: tahoma, arial, helvetica, sans-serif;\"><strong><span style=\"color: black;\">Capacidad de servicio e implementaci\u00f3n l\u00edderes del sector<\/span><\/strong><\/span><\/h3>\n<p class=\"hpe-more-informationcontent\" style=\"background: #F6F6F6; box-sizing: border-box; font-variant-ligatures: normal; font-variant-caps: normal; orphans: 2; text-align: start; widows: 2; -webkit-text-stroke-width: 0px; text-decoration-thickness: initial; text-decoration-style: initial; text-decoration-color: initial; word-spacing: 0px; margin: 0cm 0cm 12.0pt 0cm;\"><span style=\"font-size: 18pt; font-family: tahoma, arial, helvetica, sans-serif; color: black;\">El servidor HPE ProLiant DL360 Gen10 incluye un conjunto completo de servicios ofrecidos por HPE Pointnext, que ofrecen seguridad, reducen el riesgo y ayudan a los clientes a aprovechar la agilidad y la estabilidad.<\/span><\/p>\n<p>&nbsp;<\/p>\n<h2 style=\"text-align: center;\"><span style=\"font-size: 18pt; font-family: tahoma, arial, helvetica, sans-serif;\"><strong><a href=\"https:\/\/netcomp.co\/es\/132-servidores-hp-lenovo-dell-partes\" target=\"_blank\" rel=\"noopener noreferrer\"><span style=\"color: #ff0000;\">TIENDA &#8211; DISPONEMOS DE UNA AMPLIA GAMA DE SERVIDORES HP PROLIANT PARA ARRENDAMIENTO \/ ALQUILER : <\/span><\/a><\/strong><\/span><\/h2>\n<h2 style=\"text-align: center;\"><a href=\"https:\/\/netcomp.co\/es\/132-servidores-hp-lenovo-dell-partes\"><span style=\"font-size: 18pt; font-family: tahoma, arial, helvetica, sans-serif;\"><strong><span style=\"color: #ff0000;\">ML350 \/ ML150 \/ DL320 \/ DL360 \/ DL380 &#8211; CLICK AQUI!<\/span><\/strong><\/span><\/a><\/h2>\n<div id=\"attachment_19668\" style=\"width: 460px\" class=\"wp-caption aligncenter\"><a href=\"https:\/\/netcomp.co\/es\/132-servidores-hp-lenovo-dell-partes\" target=\"_blank\" rel=\"noopener noreferrer\"><img loading=\"lazy\" decoding=\"async\" aria-describedby=\"caption-attachment-19668\" class=\"wp-image-19668 size-full\" src=\"https:\/\/servidor-hp.com.co\/netcomp\/wp-content\/uploads\/2017\/08\/servidor-hp-proliant-DL360Gen9_201.png\" alt=\"\" width=\"450\" height=\"300\" \/><\/a><p id=\"caption-attachment-19668\" class=\"wp-caption-text\">Servidor Hp Proliant DL360 Gen10<\/p><\/div>\n<p>&nbsp;<\/p>\n<h2 style=\"text-align: center;\"><span style=\"font-size: 24pt;\"><a href=\"https:\/\/servidor-hp.com.co\/netcomp\/servidores\/servidores-hp\/discos-duros-para-servidor-hp-proliant\/\" target=\"_blank\" rel=\"noopener noreferrer\"><span style=\"font-family: tahoma, arial, helvetica, sans-serif;\"><span style=\"color: #333399; font-size: 14pt;\">Tenemos una Amplia Gama de Discos Duros &#8211; Repuestos y Partes En Colombia <\/span><\/span><\/a><\/span><\/h2>\n<h2 style=\"text-align: center;\"><span style=\"font-size: 24pt;\"><a href=\"https:\/\/servidor-hp.com.co\/netcomp\/servidores\/servidores-hp\/discos-duros-para-servidor-hp-proliant\/\" target=\"_blank\" rel=\"noopener noreferrer\"><span style=\"font-family: tahoma, arial, helvetica, sans-serif;\"><span style=\"color: #333399; font-size: 14pt;\">Para Servidores<\/span><\/span><\/a><\/span><span style=\"font-size: 24pt;\"><a href=\"https:\/\/servidor-hp.com.co\/netcomp\/servidores\/servidores-hp\/discos-duros-para-servidor-hp-proliant\/\" target=\"_blank\" rel=\"noopener noreferrer\"><span style=\"font-family: tahoma, arial, helvetica, sans-serif;\"><span style=\"color: #333399; font-size: 14pt;\"> HP &#8211; IBM &#8211; DELL &#8211; Click Aqui<\/span><\/span><\/a><\/span><\/h2>\n<p>&nbsp;<\/p>\n<p>&nbsp;<\/p>\n<h2 style=\"margin: 18px 0px 9px; padding: 0px; border: 0px; font-style: normal; font-weight: 500; line-height: 1.1; font-family: Arial, Helvetica, sans-serif; font-size: 27px; vertical-align: baseline; color: #777777; letter-spacing: normal; text-indent: 0px; text-transform: none; background-color: #ffffff; text-align: center;\"><a href=\"https:\/\/servidor-hp.com.co\/netcomp\/servidores-hp\/servidores-hp\/\"><span style=\"margin: 0px; padding: 0px; border: 0px; font-style: inherit; font-variant: inherit; font-weight: inherit; line-height: inherit; font-family: tahoma, arial, helvetica, sans-serif; font-size: 14pt; vertical-align: baseline; color: #ff0000;\"><strong style=\"margin: 0px; padding: 0px; border: 0px; font-style: inherit; font-variant: inherit; font-weight: bold; line-height: inherit; font-family: inherit; font-size: 18.6667px; vertical-align: baseline;\">DISPONEMOS DE UNA AMPLIA GAMA DE SERVIDOR HP PROLIANT NUEVOS Y USADOS<\/strong><\/span><\/a><\/h2>\n<h2 style=\"text-align: center;\"><a href=\"https:\/\/servidor-hp.com.co\/netcomp\/servidores-hp\/servidores-hp\/\"><span style=\"color: #ff0000; font-family: tahoma, arial, helvetica, sans-serif; font-size: 14pt;\"><strong>PARA <\/strong><\/span><span style=\"color: #ff0000; font-family: tahoma, arial, helvetica, sans-serif; font-size: 14pt;\"><strong>VENTA \/ ARRENDAMIENTO \/ ALQUILER :<\/strong><\/span><\/a><\/h2>\n<h2 style=\"text-align: center;\"><a href=\"https:\/\/servidor-hp.com.co\/netcomp\/servidores-hp\/servidores-hp\/\"><span style=\"color: #ff0000; font-family: tahoma, arial, helvetica, sans-serif; font-size: 14pt;\"><strong>ML110 \/ ML350 \/ ML150 \/ DL320 \/ DL360 \/ DL380<\/strong><\/span><\/a><\/h2>\n<h3><a href=\"https:\/\/api.whatsapp.com\/send?phone=573168788749\" target=\"_blank\" rel=\"noopener noreferrer\"><img loading=\"lazy\" decoding=\"async\" class=\"wp-image-20467 aligncenter\" src=\"http:\/\/cableado-estructurado.com.co\/netcomp\/wp-content\/uploads\/2018\/07\/whatsapp-logo-mensaje.jpg\" alt=\"\" width=\"290\" height=\"220\" \/><\/a><\/h3>\n<p><img loading=\"lazy\" decoding=\"async\" class=\"wp-image-21775 aligncenter\" src=\"https:\/\/servidor-hp.com.co\/netcomp\/wp-content\/uploads\/2019\/05\/boton-ventas-servidor.png\" alt=\"\" width=\"495\" height=\"153\" \/><\/p>\n<h3 style=\"text-align: center;\"><\/h3>\n<p>&nbsp;<\/p>\n","protected":false},"excerpt":{"rendered":"<ul class=\"hpe-more-information__list\">\n<li class=\"hpe-more-information__list-item\"><span style=\"font-size: 14pt; font-family: tahoma, arial, helvetica, sans-serif;\">Admite los procesadores escalables Intel\u00ae Xeon\u00ae de 2.\u00aa generaci\u00f3n con un rendimiento y precio mejorados.<\/span><\/li>\n<li class=\"hpe-more-information__list-item\"><span style=\"font-size: 14pt; font-family: tahoma, arial, helvetica, sans-serif;\">Los modelos de servidor Networking Choice (NC) ofrecen una mayor flexibilidad en la selecci\u00f3n de red principal.<\/span><\/li>\n<li class=\"hpe-more-information__list-item\"><span style=\"font-size: 14pt; font-family: tahoma, arial, helvetica, sans-serif;\">Caracter\u00edsticas de seguridad iLO\u00a05 mejoradas como Server Configuration Lock, el panel de seguridad iLO y Workload Performance Advisor.<\/span><\/li>\n<li class=\"hpe-more-information__list-item\"><span style=\"font-size: 14pt; font-family: tahoma, arial, helvetica, sans-serif;\">HPE InfoSight proporciona una herramienta basada en la nube de an\u00e1lisis que predice y evita los problemas antes de que su negocio se vea afectado.<\/span><\/li>\n<li class=\"hpe-more-information__list-item\"><span style=\"font-size: 14pt; font-family: tahoma, arial, helvetica, sans-serif;\">La memoria persistente HPE ofrece la flexibilidad de implementar memoria densa o almacenamiento r\u00e1pido utilizando la memoria persistente Intel\u00ae Optane\u2122 DC y ofrece capacidad de memoria por socket de hasta 3,0 TB.<sup>5<\/sup><\/span><\/li>\n<\/ul>\n","protected":false},"featured_media":19668,"comment_status":"closed","ping_status":"closed","template":"","meta":{"_et_pb_use_builder":"","_et_pb_old_content":"","_et_gb_content_width":""},"product_brand":[],"product_cat":[73,15,57],"product_tag":[20540,517,20539,20538,20542,20541],"class_list":{"0":"post-19797","1":"product","2":"type-product","3":"status-publish","4":"has-post-thumbnail","6":"product_cat-servidores-hp-ibm-cisco","7":"product_cat-servidores-hp","8":"product_cat-servidores-hp-2","9":"product_tag-discos-duros-para-servidor-hp","10":"product_tag-fuente-de-poder","11":"product_tag-garantia-extendida-para-servidor-hp","12":"product_tag-opciones-para-servidor-hp","13":"product_tag-procesadores","14":"product_tag-tarjeta-de-red-para-servidor-hp","16":"first","17":"instock","18":"product-type-simple"},"yoast_head":"<!-- This site is optimized with the Yoast SEO plugin v27.2 - https:\/\/yoast.com\/product\/yoast-seo-wordpress\/ -->\n<title>Servidor HPE Proliant DL360 SFF Gen10 - HP - N\/P : 867962-B21 - Servidores HP - Nuevos - Usados - Alquiler<\/title>\n<meta name=\"description\" content=\"Servidor HPE Proliant DL360 SFF Gen10 - HP - N\/P : 867962-B21 - - Precio y Disponibilidad en Bogota - Colombia - servidor-hp.com.co\" \/>\n<meta name=\"robots\" content=\"index, follow, max-snippet:-1, max-image-preview:large, max-video-preview:-1\" \/>\n<link rel=\"canonical\" href=\"https:\/\/servidor-hp.com.co\/netcomp\/servidores\/servidores-hp\/servidores-hp-2\/n-p-867962-b21-hp-servidor-hpe-proliant-dl360-sff-gen10fa\/\" \/>\n<meta property=\"og:locale\" content=\"es_ES\" \/>\n<meta property=\"og:type\" content=\"article\" \/>\n<meta property=\"og:title\" content=\"Servidor HPE Proliant DL360 SFF Gen10 - HP - N\/P : 867962-B21 - Servidores HP - Nuevos - Usados - Alquiler\" \/>\n<meta property=\"og:description\" content=\"Servidor HPE Proliant DL360 SFF Gen10 - HP - N\/P : 867962-B21 - - Precio y Disponibilidad en Bogota - Colombia - servidor-hp.com.co\" \/>\n<meta property=\"og:url\" content=\"https:\/\/servidor-hp.com.co\/netcomp\/servidores\/servidores-hp\/servidores-hp-2\/n-p-867962-b21-hp-servidor-hpe-proliant-dl360-sff-gen10fa\/\" \/>\n<meta property=\"og:site_name\" content=\"Servidores HP - Nuevos - Usados - Alquiler\" \/>\n<meta property=\"article:modified_time\" content=\"2021-05-10T15:13:20+00:00\" \/>\n<meta property=\"og:image\" content=\"https:\/\/servidor-hp.com.co\/netcomp\/wp-content\/uploads\/2017\/08\/servidor-hp-proliant-DL360Gen9_201.png\" \/>\n\t<meta property=\"og:image:width\" content=\"450\" \/>\n\t<meta property=\"og:image:height\" content=\"300\" \/>\n\t<meta property=\"og:image:type\" content=\"image\/png\" \/>\n<meta name=\"twitter:card\" content=\"summary_large_image\" \/>\n<meta name=\"twitter:label1\" content=\"Tiempo de lectura\" \/>\n\t<meta name=\"twitter:data1\" content=\"2 minutos\" \/>\n<script type=\"application\/ld+json\" class=\"yoast-schema-graph\">{\"@context\":\"https:\/\/schema.org\",\"@graph\":[{\"@type\":\"WebPage\",\"@id\":\"https:\/\/servidor-hp.com.co\/netcomp\/servidores\/servidores-hp\/servidores-hp-2\/n-p-867962-b21-hp-servidor-hpe-proliant-dl360-sff-gen10fa\/\",\"url\":\"https:\/\/servidor-hp.com.co\/netcomp\/servidores\/servidores-hp\/servidores-hp-2\/n-p-867962-b21-hp-servidor-hpe-proliant-dl360-sff-gen10fa\/\",\"name\":\"Servidor HPE Proliant DL360 SFF Gen10 - HP - N\/P : 867962-B21 - Servidores HP - Nuevos - Usados - Alquiler\",\"isPartOf\":{\"@id\":\"https:\/\/servidor-hp.com.co\/netcomp\/#website\"},\"primaryImageOfPage\":{\"@id\":\"https:\/\/servidor-hp.com.co\/netcomp\/servidores\/servidores-hp\/servidores-hp-2\/n-p-867962-b21-hp-servidor-hpe-proliant-dl360-sff-gen10fa\/#primaryimage\"},\"image\":{\"@id\":\"https:\/\/servidor-hp.com.co\/netcomp\/servidores\/servidores-hp\/servidores-hp-2\/n-p-867962-b21-hp-servidor-hpe-proliant-dl360-sff-gen10fa\/#primaryimage\"},\"thumbnailUrl\":\"https:\/\/servidor-hp.com.co\/netcomp\/wp-content\/uploads\/2017\/08\/servidor-hp-proliant-DL360Gen9_201.png\",\"datePublished\":\"2018-05-02T05:20:42+00:00\",\"dateModified\":\"2021-05-10T15:13:20+00:00\",\"description\":\"Servidor HPE Proliant DL360 SFF Gen10 - HP - N\/P : 867962-B21 - - Precio y Disponibilidad en Bogota - Colombia - servidor-hp.com.co\",\"breadcrumb\":{\"@id\":\"https:\/\/servidor-hp.com.co\/netcomp\/servidores\/servidores-hp\/servidores-hp-2\/n-p-867962-b21-hp-servidor-hpe-proliant-dl360-sff-gen10fa\/#breadcrumb\"},\"inLanguage\":\"es\",\"potentialAction\":[{\"@type\":\"ReadAction\",\"target\":[\"https:\/\/servidor-hp.com.co\/netcomp\/servidores\/servidores-hp\/servidores-hp-2\/n-p-867962-b21-hp-servidor-hpe-proliant-dl360-sff-gen10fa\/\"]}]},{\"@type\":\"ImageObject\",\"inLanguage\":\"es\",\"@id\":\"https:\/\/servidor-hp.com.co\/netcomp\/servidores\/servidores-hp\/servidores-hp-2\/n-p-867962-b21-hp-servidor-hpe-proliant-dl360-sff-gen10fa\/#primaryimage\",\"url\":\"https:\/\/servidor-hp.com.co\/netcomp\/wp-content\/uploads\/2017\/08\/servidor-hp-proliant-DL360Gen9_201.png\",\"contentUrl\":\"https:\/\/servidor-hp.com.co\/netcomp\/wp-content\/uploads\/2017\/08\/servidor-hp-proliant-DL360Gen9_201.png\",\"width\":450,\"height\":300,\"caption\":\"Servidor HP DL360 Gen10\"},{\"@type\":\"BreadcrumbList\",\"@id\":\"https:\/\/servidor-hp.com.co\/netcomp\/servidores\/servidores-hp\/servidores-hp-2\/n-p-867962-b21-hp-servidor-hpe-proliant-dl360-sff-gen10fa\/#breadcrumb\",\"itemListElement\":[{\"@type\":\"ListItem\",\"position\":1,\"name\":\"Portada\",\"item\":\"https:\/\/servidor-hp.com.co\/netcomp\/\"},{\"@type\":\"ListItem\",\"position\":2,\"name\":\"Tienda\",\"item\":\"https:\/\/servidor-hp.com.co\/netcomp\/servidores\/\"},{\"@type\":\"ListItem\",\"position\":3,\"name\":\"Servidor HPE Proliant DL360 SFF Gen10 &#8211; HP &#8211; N\/P : 867962-B21\"}]},{\"@type\":\"WebSite\",\"@id\":\"https:\/\/servidor-hp.com.co\/netcomp\/#website\",\"url\":\"https:\/\/servidor-hp.com.co\/netcomp\/\",\"name\":\"Servidores HP - Nuevos - Usados - Alquiler\",\"description\":\"Tels: (+57) 316 878 8749\",\"alternateName\":\"Servidores HP DELL LENOVO IBM\",\"potentialAction\":[{\"@type\":\"SearchAction\",\"target\":{\"@type\":\"EntryPoint\",\"urlTemplate\":\"https:\/\/servidor-hp.com.co\/netcomp\/?s={search_term_string}\"},\"query-input\":{\"@type\":\"PropertyValueSpecification\",\"valueRequired\":true,\"valueName\":\"search_term_string\"}}],\"inLanguage\":\"es\"}]}<\/script>\n<!-- \/ Yoast SEO plugin. -->","yoast_head_json":{"title":"Servidor HPE Proliant DL360 SFF Gen10 - HP - N\/P : 867962-B21 - Servidores HP - Nuevos - Usados - Alquiler","description":"Servidor HPE Proliant DL360 SFF Gen10 - HP - N\/P : 867962-B21 - - Precio y Disponibilidad en Bogota - Colombia - servidor-hp.com.co","robots":{"index":"index","follow":"follow","max-snippet":"max-snippet:-1","max-image-preview":"max-image-preview:large","max-video-preview":"max-video-preview:-1"},"canonical":"https:\/\/servidor-hp.com.co\/netcomp\/servidores\/servidores-hp\/servidores-hp-2\/n-p-867962-b21-hp-servidor-hpe-proliant-dl360-sff-gen10fa\/","og_locale":"es_ES","og_type":"article","og_title":"Servidor HPE Proliant DL360 SFF Gen10 - HP - N\/P : 867962-B21 - Servidores HP - Nuevos - Usados - Alquiler","og_description":"Servidor HPE Proliant DL360 SFF Gen10 - HP - N\/P : 867962-B21 - - Precio y Disponibilidad en Bogota - Colombia - servidor-hp.com.co","og_url":"https:\/\/servidor-hp.com.co\/netcomp\/servidores\/servidores-hp\/servidores-hp-2\/n-p-867962-b21-hp-servidor-hpe-proliant-dl360-sff-gen10fa\/","og_site_name":"Servidores HP - Nuevos - Usados - Alquiler","article_modified_time":"2021-05-10T15:13:20+00:00","og_image":[{"width":450,"height":300,"url":"https:\/\/servidor-hp.com.co\/netcomp\/wp-content\/uploads\/2017\/08\/servidor-hp-proliant-DL360Gen9_201.png","type":"image\/png"}],"twitter_card":"summary_large_image","twitter_misc":{"Tiempo de lectura":"2 minutos"},"schema":{"@context":"https:\/\/schema.org","@graph":[{"@type":"WebPage","@id":"https:\/\/servidor-hp.com.co\/netcomp\/servidores\/servidores-hp\/servidores-hp-2\/n-p-867962-b21-hp-servidor-hpe-proliant-dl360-sff-gen10fa\/","url":"https:\/\/servidor-hp.com.co\/netcomp\/servidores\/servidores-hp\/servidores-hp-2\/n-p-867962-b21-hp-servidor-hpe-proliant-dl360-sff-gen10fa\/","name":"Servidor HPE Proliant DL360 SFF Gen10 - HP - N\/P : 867962-B21 - Servidores HP - Nuevos - Usados - Alquiler","isPartOf":{"@id":"https:\/\/servidor-hp.com.co\/netcomp\/#website"},"primaryImageOfPage":{"@id":"https:\/\/servidor-hp.com.co\/netcomp\/servidores\/servidores-hp\/servidores-hp-2\/n-p-867962-b21-hp-servidor-hpe-proliant-dl360-sff-gen10fa\/#primaryimage"},"image":{"@id":"https:\/\/servidor-hp.com.co\/netcomp\/servidores\/servidores-hp\/servidores-hp-2\/n-p-867962-b21-hp-servidor-hpe-proliant-dl360-sff-gen10fa\/#primaryimage"},"thumbnailUrl":"https:\/\/servidor-hp.com.co\/netcomp\/wp-content\/uploads\/2017\/08\/servidor-hp-proliant-DL360Gen9_201.png","datePublished":"2018-05-02T05:20:42+00:00","dateModified":"2021-05-10T15:13:20+00:00","description":"Servidor HPE Proliant DL360 SFF Gen10 - HP - N\/P : 867962-B21 - - Precio y Disponibilidad en Bogota - Colombia - servidor-hp.com.co","breadcrumb":{"@id":"https:\/\/servidor-hp.com.co\/netcomp\/servidores\/servidores-hp\/servidores-hp-2\/n-p-867962-b21-hp-servidor-hpe-proliant-dl360-sff-gen10fa\/#breadcrumb"},"inLanguage":"es","potentialAction":[{"@type":"ReadAction","target":["https:\/\/servidor-hp.com.co\/netcomp\/servidores\/servidores-hp\/servidores-hp-2\/n-p-867962-b21-hp-servidor-hpe-proliant-dl360-sff-gen10fa\/"]}]},{"@type":"ImageObject","inLanguage":"es","@id":"https:\/\/servidor-hp.com.co\/netcomp\/servidores\/servidores-hp\/servidores-hp-2\/n-p-867962-b21-hp-servidor-hpe-proliant-dl360-sff-gen10fa\/#primaryimage","url":"https:\/\/servidor-hp.com.co\/netcomp\/wp-content\/uploads\/2017\/08\/servidor-hp-proliant-DL360Gen9_201.png","contentUrl":"https:\/\/servidor-hp.com.co\/netcomp\/wp-content\/uploads\/2017\/08\/servidor-hp-proliant-DL360Gen9_201.png","width":450,"height":300,"caption":"Servidor HP DL360 Gen10"},{"@type":"BreadcrumbList","@id":"https:\/\/servidor-hp.com.co\/netcomp\/servidores\/servidores-hp\/servidores-hp-2\/n-p-867962-b21-hp-servidor-hpe-proliant-dl360-sff-gen10fa\/#breadcrumb","itemListElement":[{"@type":"ListItem","position":1,"name":"Portada","item":"https:\/\/servidor-hp.com.co\/netcomp\/"},{"@type":"ListItem","position":2,"name":"Tienda","item":"https:\/\/servidor-hp.com.co\/netcomp\/servidores\/"},{"@type":"ListItem","position":3,"name":"Servidor HPE Proliant DL360 SFF Gen10 &#8211; HP &#8211; N\/P : 867962-B21"}]},{"@type":"WebSite","@id":"https:\/\/servidor-hp.com.co\/netcomp\/#website","url":"https:\/\/servidor-hp.com.co\/netcomp\/","name":"Servidores HP - Nuevos - Usados - Alquiler","description":"Tels: (+57) 316 878 8749","alternateName":"Servidores HP DELL LENOVO IBM","potentialAction":[{"@type":"SearchAction","target":{"@type":"EntryPoint","urlTemplate":"https:\/\/servidor-hp.com.co\/netcomp\/?s={search_term_string}"},"query-input":{"@type":"PropertyValueSpecification","valueRequired":true,"valueName":"search_term_string"}}],"inLanguage":"es"}]}},"_links":{"self":[{"href":"https:\/\/servidor-hp.com.co\/netcomp\/wp-json\/wp\/v2\/product\/19797","targetHints":{"allow":["GET"]}}],"collection":[{"href":"https:\/\/servidor-hp.com.co\/netcomp\/wp-json\/wp\/v2\/product"}],"about":[{"href":"https:\/\/servidor-hp.com.co\/netcomp\/wp-json\/wp\/v2\/types\/product"}],"replies":[{"embeddable":true,"href":"https:\/\/servidor-hp.com.co\/netcomp\/wp-json\/wp\/v2\/comments?post=19797"}],"wp:featuredmedia":[{"embeddable":true,"href":"https:\/\/servidor-hp.com.co\/netcomp\/wp-json\/wp\/v2\/media\/19668"}],"wp:attachment":[{"href":"https:\/\/servidor-hp.com.co\/netcomp\/wp-json\/wp\/v2\/media?parent=19797"}],"wp:term":[{"taxonomy":"product_brand","embeddable":true,"href":"https:\/\/servidor-hp.com.co\/netcomp\/wp-json\/wp\/v2\/product_brand?post=19797"},{"taxonomy":"product_cat","embeddable":true,"href":"https:\/\/servidor-hp.com.co\/netcomp\/wp-json\/wp\/v2\/product_cat?post=19797"},{"taxonomy":"product_tag","embeddable":true,"href":"https:\/\/servidor-hp.com.co\/netcomp\/wp-json\/wp\/v2\/product_tag?post=19797"}],"curies":[{"name":"wp","href":"https:\/\/api.w.org\/{rel}","templated":true}]}}