{"id":18160,"date":"2015-07-08T16:28:59","date_gmt":"2015-07-08T21:28:59","guid":{"rendered":"http:\/\/servidor-hp.com.co\/netcomp\/servidores\/inicio\/servidores-hp-ibm-cisco\/hp-proliant-dl380-gen9-e5-2650v3-np-752689-b21\/"},"modified":"2021-03-02T12:19:38","modified_gmt":"2021-03-02T17:19:38","slug":"hp-proliant-dl380-gen9-e5-2650v3-np-752689-b21","status":"publish","type":"product","link":"https:\/\/servidor-hp.com.co\/netcomp\/servidores\/servidores-hp\/servidores-hp-2\/hp-proliant-dl380-gen9-e5-2650v3-np-752689-b21\/","title":{"rendered":"HP ProLiant DL380 Gen9 E5-2650v3 N\/P: 752689-B21"},"content":{"rendered":"<h1 style=\"text-align: center;\"><span style=\"color: #333399; font-size: 18pt;\"><strong><span style=\"font-family: tahoma, arial, helvetica, sans-serif;\">\u00a0Servidor HP ProLiant DL380 Gen9 E5-2650 V3- <\/span><\/strong><\/span><strong style=\"color: #333399; font-size: 18pt;\"><span style=\"font-family: tahoma, arial, helvetica, sans-serif;\">N\/P: 752689-B21<\/span><\/strong><\/h1>\n<h2><\/h2>\n<h2 class=\"ccs-cc-inline-header-description\"><span style=\"font-size: 12pt; color: #000000;\">Dise\u00f1ado para reducir los costes y la complejidad, aprovecha los procesadores E5-2600 v4 m\u00e1s recientes de Intel con un 21% de aumento del rendimiento, adem\u00e1s de la m\u00e1s reciente HPE SmartMemory DDR4 a 2400 MHz, que admite 3 TB y hasta un 23 %de aumento del rendimiento. Admite SAS de 12\u00a0Gb\/s, NIC de 40\u00a0Gb con una amplia variedad de opciones inform\u00e1ticas.<\/span><\/h2>\n<h2><\/h2>\n<h2 class=\"ccs-cc-inline-header-description\"><span style=\"color: #000000;\"><span style=\"font-size: 12pt;\">Memoria persistente HPE, la primera NVDIMM del mundo optimizada en ProLiant que ofrece niveles sin precedentes de rendimiento para bases de datos y cargas de trabajo de an\u00e1lisis. Ejecuta todo, desde las aplicaciones m\u00e1s b\u00e1sicas a las cruciales, y puede implementarse con seguridad.<\/span><span style=\"font-family: tahoma, arial, helvetica, sans-serif; font-size: 12pt;\">\u00a0<\/span><\/span><\/h2>\n<ul>\n<li>\n<h2><span style=\"font-family: tahoma, arial, helvetica, sans-serif; font-size: 12pt;\">2 Procesadores 32GB-R P440ar 8SFF 2x10Gb 2x800W Perf Server<\/span><\/h2>\n<\/li>\n<\/ul>\n<ul>\n<li>\n<h2><span style=\"font-family: tahoma, arial, helvetica, sans-serif; font-size: 12pt;\">Memoria RAM 32GB (2x16GB Registered DIMMs, 2133 MHz)<\/span><\/h2>\n<\/li>\n<li>\n<h2><span style=\"font-family: tahoma, arial, helvetica, sans-serif; font-size: 12pt;\">Tipo de memoria DDR4\u00a0<\/span><\/h2>\n<\/li>\n<li>\n<h2><span style=\"font-family: tahoma, arial, helvetica, sans-serif; font-size: 12pt;\">M\u00e1ximo 768 GB<\/span><\/h2>\n<\/li>\n<li>\n<h2><span style=\"font-family: tahoma, arial, helvetica, sans-serif; font-size: 12pt;\">24 Ranuras DIMM de memoria<\/span><\/h2>\n<\/li>\n<\/ul>\n<ul>\n<li>\n<h2><span style=\"font-family: tahoma, arial, helvetica, sans-serif; font-size: 12pt;\">HP Embedded 4x1Gb, plus 2x10Gb-T Flexible LOM,\u00a0<\/span><\/h2>\n<\/li>\n<li>\n<h2><span style=\"font-family: tahoma, arial, helvetica, sans-serif; font-size: 12pt;\">HP Flexible Smart Array P440ar\/2GB\u00a0<\/span><\/h2>\n<\/li>\n<\/ul>\n<ul>\n<li>\n<h2><span style=\"font-family: tahoma, arial, helvetica, sans-serif; font-size: 12pt;\">Sin unidades de discos duros incluidas<\/span><\/h2>\n<\/li>\n<li>\n<h2><span style=\"font-family: tahoma, arial, helvetica, sans-serif; font-size: 12pt;\">Soporta 8 Discos Duros\u00a0<\/span><\/h2>\n<\/li>\n<\/ul>\n<ul>\n<li>\n<h2><span style=\"font-family: tahoma, arial, helvetica, sans-serif; font-size: 12pt;\">DVD HP Half-Height SATA DVD-RW Optical Drive<\/span><\/h2>\n<\/li>\n<\/ul>\n<ul>\n<li>\n<h2><span style=\"font-family: tahoma, arial, helvetica, sans-serif; font-size: 12pt;\">Slots PCI 6 PCIe slots<\/span><\/h2>\n<\/li>\n<\/ul>\n<ul>\n<li>\n<h2><span style=\"font-family: tahoma, arial, helvetica, sans-serif; font-size: 12pt;\">Fuente de poder (2) HP 800W Flex Slot Platinum Power Supply<\/span><\/h2>\n<\/li>\n<\/ul>\n<ul>\n<li>\n<h2><span style=\"font-family: tahoma, arial, helvetica, sans-serif; font-size: 12pt;\">Ventiladores 4 hot plug fans, redundant,iLO Management (standard)<\/span><\/h2>\n<\/li>\n<li>\n<h2><span style=\"font-family: tahoma, arial, helvetica, sans-serif; font-size: 12pt;\">Intelligent Provisioning (standard), iLO Advanced (standard)<\/span><\/h2>\n<\/li>\n<li>\n<h2><span style=\"font-family: tahoma, arial, helvetica, sans-serif; font-size: 12pt;\">ENERGY STAR Meets Energy Star requirements<\/span><\/h2>\n<\/li>\n<\/ul>\n<ul>\n<li><span style=\"font-family: tahoma, arial, helvetica, sans-serif; font-size: 12pt;\">Rack (2U)<\/span><span style=\"font-family: tahoma, arial, helvetica, sans-serif;\"><span style=\"font-size: 16px;\"><br \/>\n<\/span><\/span><\/li>\n<\/ul>\n<ul>\n<li>\n<h2><span style=\"font-family: tahoma, arial, helvetica, sans-serif; font-size: 12pt;\">Garant\u00eda: 1 A\u00f1o<\/span><\/h2>\n<\/li>\n<\/ul>\n<p>&nbsp;<\/p>\n<div id=\"header-435042\" class=\"ccs-cc-inline-section ccs-cc-inline-header\" data-elementid=\"inline-content-header[hpe]\" data-context=\"{&quot;mobile&quot;:false}\" data-ccs-cc-inline-jumplink=\"Visi\u00f3n general\" data-display-mode=\"noheader\">\n<div class=\"ccs-cc-inline-header-layout\" data-type=\"text\">\n<div class=\"ccs-cc-inline-header-description\"><\/div>\n<\/div>\n<\/div>\n<div class=\"ccs-cc-inline-section ccs-cc-inline-features\" data-elementid=\"inline-content-features[hpe]\" data-context=\"{&quot;mobile&quot;:false}\" data-ccs-cc-inline-jumplink=\"Funciones\" data-display-mode=\"noheader\">\n<div class=\"ccs-cc-inline-features-block ccs-cc-inline-single-feature\">\n<div class=\"ccs-cc-inline-feature\" data-type=\"text\"><\/div>\n<\/div>\n<\/div>\n<p style=\"text-align: center;\"><span style=\"font-family: tahoma, arial, helvetica, sans-serif; font-size: 12pt;\">\u00a0<\/span><\/p>\n<p style=\"text-align: center;\"><span style=\"font-family: tahoma, arial, helvetica, sans-serif; font-size: 12pt;\">\u00a0<\/span><\/p>\n<h2 style=\"text-align: center;\"><span style=\"color: #ff0000; font-family: tahoma, arial, helvetica, sans-serif; font-size: 14pt;\"><strong>DISPONEMOS DE UNA AMPLIA GAMA DE SERVIDOR HP PROLIANT PARA ARRENDAMIENTO \/ ALQUILER : ML350 \/ ML150 \/ DL320 \/ DL360 \/ DL380<\/strong><\/span><\/h2>\n<h3><a href=\"https:\/\/api.whatsapp.com\/send?phone=573168788749\" target=\"_blank\" rel=\"noopener\"><img loading=\"lazy\" decoding=\"async\" class=\"wp-image-20467 aligncenter\" src=\"http:\/\/cableado-estructurado.com.co\/netcomp\/wp-content\/uploads\/2018\/07\/whatsapp-logo-mensaje.jpg\" alt=\"\" width=\"290\" height=\"220\" \/><\/a><\/h3>\n<p><img loading=\"lazy\" decoding=\"async\" class=\"wp-image-21775 aligncenter\" src=\"https:\/\/servidor-hp.com.co\/netcomp\/wp-content\/uploads\/2019\/05\/boton-ventas-servidor.png\" alt=\"\" width=\"495\" height=\"153\" \/><\/p>\n","protected":false},"excerpt":{"rendered":"<h2><span style=\"font-size: 12pt; color: #000000;\">Ofrece lo \u00faltimo en rendimiento y capacidad de expansi\u00f3n Su fiabilidad, capacidad de servicio y disponibilidad casi continua, junto con el respaldo de una garant\u00eda integral, lo hacen perfecto para cualquier entorno de servidores. Implemente el est\u00e1ndar del centro de datos.\u00a0<\/span><\/h2>\n","protected":false},"featured_media":22062,"comment_status":"open","ping_status":"closed","template":"","meta":{"_et_pb_use_builder":"","_et_pb_old_content":"","_et_gb_content_width":""},"product_brand":[],"product_cat":[79,73,57],"product_tag":[18930,336,17854,144,18748,17855,18929,356,329,352,321,17851],"class_list":{"0":"post-18160","1":"product","2":"type-product","3":"status-publish","4":"has-post-thumbnail","6":"product_cat-inicio","7":"product_cat-servidores-hp-ibm-cisco","8":"product_cat-servidores-hp-2","9":"product_tag-752689-b21","10":"product_tag-bogota","11":"product_tag-central-telefonica-panasonic-bog","12":"product_tag-colombia","13":"product_tag-fuente-alimentacion-panasonic-kx","14":"product_tag-fuente-de-alimentacion-panasonic","15":"product_tag-hp-proliant-dl380-gen9-e5-2650v3","16":"product_tag-netcomp-co","17":"product_tag-precio-servidor-hp","18":"product_tag-proliant-hp","19":"product_tag-servidor-hp","20":"product_tag-venta-de-sistemas-para-videoconf","22":"first","23":"instock","24":"shipping-taxable","25":"purchasable","26":"product-type-simple"},"yoast_head":"<!-- This site is optimized with the Yoast SEO plugin v27.2 - https:\/\/yoast.com\/product\/yoast-seo-wordpress\/ -->\n<title>HP ProLiant DL380 Gen9 E5-2650v3 N\/P: 752689-B21 - Servidores HP - Nuevos - Usados - Alquiler<\/title>\n<meta name=\"description\" content=\"HP ProLiant DL380 Gen9 E5-2650v3 N\/P: 752689-B21 - - Precio y Disponibilidad en Bogota - Colombia - servidor-hp.com.co\" \/>\n<meta name=\"robots\" content=\"index, follow, max-snippet:-1, max-image-preview:large, max-video-preview:-1\" \/>\n<link rel=\"canonical\" href=\"https:\/\/servidor-hp.com.co\/netcomp\/servidores\/servidores-hp\/servidores-hp-2\/hp-proliant-dl380-gen9-e5-2650v3-np-752689-b21\/\" \/>\n<meta property=\"og:locale\" content=\"es_ES\" \/>\n<meta property=\"og:type\" content=\"article\" \/>\n<meta property=\"og:title\" content=\"HP ProLiant DL380 Gen9 E5-2650v3 N\/P: 752689-B21 - Servidores HP - Nuevos - Usados - Alquiler\" \/>\n<meta property=\"og:description\" content=\"HP ProLiant DL380 Gen9 E5-2650v3 N\/P: 752689-B21 - - Precio y Disponibilidad en Bogota - Colombia - servidor-hp.com.co\" \/>\n<meta property=\"og:url\" content=\"https:\/\/servidor-hp.com.co\/netcomp\/servidores\/servidores-hp\/servidores-hp-2\/hp-proliant-dl380-gen9-e5-2650v3-np-752689-b21\/\" \/>\n<meta property=\"og:site_name\" content=\"Servidores HP - Nuevos - Usados - Alquiler\" \/>\n<meta property=\"article:modified_time\" content=\"2021-03-02T17:19:38+00:00\" \/>\n<meta property=\"og:image\" content=\"https:\/\/servidor-hp.com.co\/netcomp\/wp-content\/uploads\/2015\/07\/HP_752689-B21.jpg\" \/>\n\t<meta property=\"og:image:width\" content=\"474\" \/>\n\t<meta property=\"og:image:height\" content=\"356\" \/>\n\t<meta property=\"og:image:type\" content=\"image\/jpeg\" \/>\n<meta name=\"twitter:card\" content=\"summary_large_image\" \/>\n<meta name=\"twitter:label1\" content=\"Tiempo de lectura\" \/>\n\t<meta name=\"twitter:data1\" content=\"1 minuto\" \/>\n<script type=\"application\/ld+json\" class=\"yoast-schema-graph\">{\"@context\":\"https:\/\/schema.org\",\"@graph\":[{\"@type\":\"WebPage\",\"@id\":\"https:\/\/servidor-hp.com.co\/netcomp\/servidores\/servidores-hp\/servidores-hp-2\/hp-proliant-dl380-gen9-e5-2650v3-np-752689-b21\/\",\"url\":\"https:\/\/servidor-hp.com.co\/netcomp\/servidores\/servidores-hp\/servidores-hp-2\/hp-proliant-dl380-gen9-e5-2650v3-np-752689-b21\/\",\"name\":\"HP ProLiant DL380 Gen9 E5-2650v3 N\/P: 752689-B21 - Servidores HP - Nuevos - Usados - Alquiler\",\"isPartOf\":{\"@id\":\"https:\/\/servidor-hp.com.co\/netcomp\/#website\"},\"primaryImageOfPage\":{\"@id\":\"https:\/\/servidor-hp.com.co\/netcomp\/servidores\/servidores-hp\/servidores-hp-2\/hp-proliant-dl380-gen9-e5-2650v3-np-752689-b21\/#primaryimage\"},\"image\":{\"@id\":\"https:\/\/servidor-hp.com.co\/netcomp\/servidores\/servidores-hp\/servidores-hp-2\/hp-proliant-dl380-gen9-e5-2650v3-np-752689-b21\/#primaryimage\"},\"thumbnailUrl\":\"https:\/\/servidor-hp.com.co\/netcomp\/wp-content\/uploads\/2015\/07\/HP_752689-B21.jpg\",\"datePublished\":\"2015-07-08T21:28:59+00:00\",\"dateModified\":\"2021-03-02T17:19:38+00:00\",\"description\":\"HP ProLiant DL380 Gen9 E5-2650v3 N\/P: 752689-B21 - - Precio y Disponibilidad en Bogota - Colombia - servidor-hp.com.co\",\"breadcrumb\":{\"@id\":\"https:\/\/servidor-hp.com.co\/netcomp\/servidores\/servidores-hp\/servidores-hp-2\/hp-proliant-dl380-gen9-e5-2650v3-np-752689-b21\/#breadcrumb\"},\"inLanguage\":\"es\",\"potentialAction\":[{\"@type\":\"ReadAction\",\"target\":[\"https:\/\/servidor-hp.com.co\/netcomp\/servidores\/servidores-hp\/servidores-hp-2\/hp-proliant-dl380-gen9-e5-2650v3-np-752689-b21\/\"]}]},{\"@type\":\"ImageObject\",\"inLanguage\":\"es\",\"@id\":\"https:\/\/servidor-hp.com.co\/netcomp\/servidores\/servidores-hp\/servidores-hp-2\/hp-proliant-dl380-gen9-e5-2650v3-np-752689-b21\/#primaryimage\",\"url\":\"https:\/\/servidor-hp.com.co\/netcomp\/wp-content\/uploads\/2015\/07\/HP_752689-B21.jpg\",\"contentUrl\":\"https:\/\/servidor-hp.com.co\/netcomp\/wp-content\/uploads\/2015\/07\/HP_752689-B21.jpg\",\"width\":474,\"height\":356,\"caption\":\"Servidor HP ProLiant DL380 Gen9 E5-2650V3 - 32GB - P440\/2GB - 2 X 800W\"},{\"@type\":\"BreadcrumbList\",\"@id\":\"https:\/\/servidor-hp.com.co\/netcomp\/servidores\/servidores-hp\/servidores-hp-2\/hp-proliant-dl380-gen9-e5-2650v3-np-752689-b21\/#breadcrumb\",\"itemListElement\":[{\"@type\":\"ListItem\",\"position\":1,\"name\":\"Portada\",\"item\":\"https:\/\/servidor-hp.com.co\/netcomp\/\"},{\"@type\":\"ListItem\",\"position\":2,\"name\":\"Tienda\",\"item\":\"https:\/\/servidor-hp.com.co\/netcomp\/servidores\/\"},{\"@type\":\"ListItem\",\"position\":3,\"name\":\"HP ProLiant DL380 Gen9 E5-2650v3 N\/P: 752689-B21\"}]},{\"@type\":\"WebSite\",\"@id\":\"https:\/\/servidor-hp.com.co\/netcomp\/#website\",\"url\":\"https:\/\/servidor-hp.com.co\/netcomp\/\",\"name\":\"Servidores HP - Nuevos - Usados - Alquiler\",\"description\":\"Tels: (+57) 316 878 8749\",\"alternateName\":\"Servidores HP DELL LENOVO IBM\",\"potentialAction\":[{\"@type\":\"SearchAction\",\"target\":{\"@type\":\"EntryPoint\",\"urlTemplate\":\"https:\/\/servidor-hp.com.co\/netcomp\/?s={search_term_string}\"},\"query-input\":{\"@type\":\"PropertyValueSpecification\",\"valueRequired\":true,\"valueName\":\"search_term_string\"}}],\"inLanguage\":\"es\"}]}<\/script>\n<!-- \/ Yoast SEO plugin. -->","yoast_head_json":{"title":"HP ProLiant DL380 Gen9 E5-2650v3 N\/P: 752689-B21 - Servidores HP - Nuevos - Usados - Alquiler","description":"HP ProLiant DL380 Gen9 E5-2650v3 N\/P: 752689-B21 - - Precio y Disponibilidad en Bogota - Colombia - servidor-hp.com.co","robots":{"index":"index","follow":"follow","max-snippet":"max-snippet:-1","max-image-preview":"max-image-preview:large","max-video-preview":"max-video-preview:-1"},"canonical":"https:\/\/servidor-hp.com.co\/netcomp\/servidores\/servidores-hp\/servidores-hp-2\/hp-proliant-dl380-gen9-e5-2650v3-np-752689-b21\/","og_locale":"es_ES","og_type":"article","og_title":"HP ProLiant DL380 Gen9 E5-2650v3 N\/P: 752689-B21 - Servidores HP - Nuevos - Usados - Alquiler","og_description":"HP ProLiant DL380 Gen9 E5-2650v3 N\/P: 752689-B21 - - Precio y Disponibilidad en Bogota - Colombia - servidor-hp.com.co","og_url":"https:\/\/servidor-hp.com.co\/netcomp\/servidores\/servidores-hp\/servidores-hp-2\/hp-proliant-dl380-gen9-e5-2650v3-np-752689-b21\/","og_site_name":"Servidores HP - Nuevos - Usados - Alquiler","article_modified_time":"2021-03-02T17:19:38+00:00","og_image":[{"width":474,"height":356,"url":"https:\/\/servidor-hp.com.co\/netcomp\/wp-content\/uploads\/2015\/07\/HP_752689-B21.jpg","type":"image\/jpeg"}],"twitter_card":"summary_large_image","twitter_misc":{"Tiempo de lectura":"1 minuto"},"schema":{"@context":"https:\/\/schema.org","@graph":[{"@type":"WebPage","@id":"https:\/\/servidor-hp.com.co\/netcomp\/servidores\/servidores-hp\/servidores-hp-2\/hp-proliant-dl380-gen9-e5-2650v3-np-752689-b21\/","url":"https:\/\/servidor-hp.com.co\/netcomp\/servidores\/servidores-hp\/servidores-hp-2\/hp-proliant-dl380-gen9-e5-2650v3-np-752689-b21\/","name":"HP ProLiant DL380 Gen9 E5-2650v3 N\/P: 752689-B21 - Servidores HP - Nuevos - Usados - Alquiler","isPartOf":{"@id":"https:\/\/servidor-hp.com.co\/netcomp\/#website"},"primaryImageOfPage":{"@id":"https:\/\/servidor-hp.com.co\/netcomp\/servidores\/servidores-hp\/servidores-hp-2\/hp-proliant-dl380-gen9-e5-2650v3-np-752689-b21\/#primaryimage"},"image":{"@id":"https:\/\/servidor-hp.com.co\/netcomp\/servidores\/servidores-hp\/servidores-hp-2\/hp-proliant-dl380-gen9-e5-2650v3-np-752689-b21\/#primaryimage"},"thumbnailUrl":"https:\/\/servidor-hp.com.co\/netcomp\/wp-content\/uploads\/2015\/07\/HP_752689-B21.jpg","datePublished":"2015-07-08T21:28:59+00:00","dateModified":"2021-03-02T17:19:38+00:00","description":"HP ProLiant DL380 Gen9 E5-2650v3 N\/P: 752689-B21 - - Precio y Disponibilidad en Bogota - Colombia - servidor-hp.com.co","breadcrumb":{"@id":"https:\/\/servidor-hp.com.co\/netcomp\/servidores\/servidores-hp\/servidores-hp-2\/hp-proliant-dl380-gen9-e5-2650v3-np-752689-b21\/#breadcrumb"},"inLanguage":"es","potentialAction":[{"@type":"ReadAction","target":["https:\/\/servidor-hp.com.co\/netcomp\/servidores\/servidores-hp\/servidores-hp-2\/hp-proliant-dl380-gen9-e5-2650v3-np-752689-b21\/"]}]},{"@type":"ImageObject","inLanguage":"es","@id":"https:\/\/servidor-hp.com.co\/netcomp\/servidores\/servidores-hp\/servidores-hp-2\/hp-proliant-dl380-gen9-e5-2650v3-np-752689-b21\/#primaryimage","url":"https:\/\/servidor-hp.com.co\/netcomp\/wp-content\/uploads\/2015\/07\/HP_752689-B21.jpg","contentUrl":"https:\/\/servidor-hp.com.co\/netcomp\/wp-content\/uploads\/2015\/07\/HP_752689-B21.jpg","width":474,"height":356,"caption":"Servidor HP ProLiant DL380 Gen9 E5-2650V3 - 32GB - P440\/2GB - 2 X 800W"},{"@type":"BreadcrumbList","@id":"https:\/\/servidor-hp.com.co\/netcomp\/servidores\/servidores-hp\/servidores-hp-2\/hp-proliant-dl380-gen9-e5-2650v3-np-752689-b21\/#breadcrumb","itemListElement":[{"@type":"ListItem","position":1,"name":"Portada","item":"https:\/\/servidor-hp.com.co\/netcomp\/"},{"@type":"ListItem","position":2,"name":"Tienda","item":"https:\/\/servidor-hp.com.co\/netcomp\/servidores\/"},{"@type":"ListItem","position":3,"name":"HP ProLiant DL380 Gen9 E5-2650v3 N\/P: 752689-B21"}]},{"@type":"WebSite","@id":"https:\/\/servidor-hp.com.co\/netcomp\/#website","url":"https:\/\/servidor-hp.com.co\/netcomp\/","name":"Servidores HP - Nuevos - Usados - Alquiler","description":"Tels: (+57) 316 878 8749","alternateName":"Servidores HP DELL LENOVO IBM","potentialAction":[{"@type":"SearchAction","target":{"@type":"EntryPoint","urlTemplate":"https:\/\/servidor-hp.com.co\/netcomp\/?s={search_term_string}"},"query-input":{"@type":"PropertyValueSpecification","valueRequired":true,"valueName":"search_term_string"}}],"inLanguage":"es"}]}},"_links":{"self":[{"href":"https:\/\/servidor-hp.com.co\/netcomp\/wp-json\/wp\/v2\/product\/18160","targetHints":{"allow":["GET"]}}],"collection":[{"href":"https:\/\/servidor-hp.com.co\/netcomp\/wp-json\/wp\/v2\/product"}],"about":[{"href":"https:\/\/servidor-hp.com.co\/netcomp\/wp-json\/wp\/v2\/types\/product"}],"replies":[{"embeddable":true,"href":"https:\/\/servidor-hp.com.co\/netcomp\/wp-json\/wp\/v2\/comments?post=18160"}],"wp:featuredmedia":[{"embeddable":true,"href":"https:\/\/servidor-hp.com.co\/netcomp\/wp-json\/wp\/v2\/media\/22062"}],"wp:attachment":[{"href":"https:\/\/servidor-hp.com.co\/netcomp\/wp-json\/wp\/v2\/media?parent=18160"}],"wp:term":[{"taxonomy":"product_brand","embeddable":true,"href":"https:\/\/servidor-hp.com.co\/netcomp\/wp-json\/wp\/v2\/product_brand?post=18160"},{"taxonomy":"product_cat","embeddable":true,"href":"https:\/\/servidor-hp.com.co\/netcomp\/wp-json\/wp\/v2\/product_cat?post=18160"},{"taxonomy":"product_tag","embeddable":true,"href":"https:\/\/servidor-hp.com.co\/netcomp\/wp-json\/wp\/v2\/product_tag?post=18160"}],"curies":[{"name":"wp","href":"https:\/\/api.w.org\/{rel}","templated":true}]}}