{"id":17150,"date":"2014-06-14T09:26:30","date_gmt":"2014-06-14T14:26:30","guid":{"rendered":"http:\/\/servidor-hp.com.co\/netcomp\/servidores\/inicio\/servidor-hp-dl320-g8-v2\/"},"modified":"2020-08-18T20:46:08","modified_gmt":"2020-08-19T01:46:08","slug":"servidor-hp-dl320-g8-v2","status":"publish","type":"product","link":"https:\/\/servidor-hp.com.co\/netcomp\/servidores\/servidores-hp\/servidor-hp-dl320-g8-v2\/","title":{"rendered":"Servidor Proliant HP DL320 G8 E Version 2 N\/P:717170-001"},"content":{"rendered":"<p style=\"text-align: center;\"><span style=\"color: #333399;\"><strong><span style=\"font-family: tahoma, arial, helvetica, sans-serif; font-size: 12pt;\">\u00a0<\/span><\/strong><\/span><\/p>\n<p style=\"text-align: center;\"><span style=\"color: #333399;\"><strong><span style=\"font-family: tahoma, arial, helvetica, sans-serif; font-size: 12pt;\">\u00a0<\/span><\/strong><\/span><\/p>\n<h1 style=\"text-align: center;\"><span style=\"color: #333399;\"><strong><span style=\"font-family: tahoma, arial, helvetica, sans-serif; font-size: 12pt;\">N\/P:\u00a0717170-001 &#8211; SERVIDOR HP DL320 GEN 8 E VERSION 2\u00a0 (V2)<br \/>\n<\/span><\/strong><\/span><\/h1>\n<p><span style=\"font-family: tahoma, arial, helvetica, sans-serif; font-size: 12pt;\">\u00a0<\/span><\/p>\n<h3><span style=\"font-family: tahoma, arial, helvetica, sans-serif; font-size: 12pt;\">\u00a0<\/span><\/h3>\n<ul>\n<li>717170-001 &#8211; SERVIDOR HP DL320E GEN8 V2<\/li>\n<li>\n<h3><span style=\"font-size: 12pt;\">Procesador :(1) Intel\u00ae Xeon\u00ae E3-1220v3 (3.1GHz\/4-core\/8MB\/80W, HT) Processor CACHE 8MB (1x8MB) Level3<\/span><\/h3>\n<\/li>\n<li>\n<h3><span style=\"font-size: 12pt;\">Memoria : 4GB (1 x 4GB) Unbuffered DIMMs PC3-12800E (1600MHz)<\/span><\/h3>\n<\/li>\n<li>\n<h3><span style=\"font-size: 12pt;\">Tarjeta de Red : HP Ethernet 1Gb 2-port NC332i Adapter<\/span><\/h3>\n<\/li>\n<li>\n<h3><span style=\"font-size: 12pt;\">Almacenamiento : CONTROLADORA HP Dynamic Smart Array B120i Controller<\/span><\/h3>\n<\/li>\n<li>\n<h3><span style=\"font-size: 12pt;\">NOTA: B120i has the following performance with regards to drive speed: 6Gb\/s &#8211; in 2LFF and 4SFF only with port 0 &amp; 1 installed; 3Gb\/s &#8211; in 4SFF with more than 2 drives installed. For full 6 Gb.0\/s speed a stand up card\/smart array controller must be used.<\/span><\/h3>\n<\/li>\n<li>\n<h3><span style=\"font-size: 12pt;\">NOTA: B120i supports RAID 0\/1\/10 only. It does not have FBWC support so cannot support advanced RAID (5 onwards). For FBWC, a standup Smart Array Controller card must be configured.<\/span><\/h3>\n<\/li>\n<li>\n<h3><span style=\"font-size: 12pt;\">BAHIAS DE DISCO DURO 2 bay LFF Hot Plug Drive Cage; includes 1 LFF hard drive blank<\/span><\/h3>\n<\/li>\n<li>\n<h3><span style=\"font-size: 12pt;\">NO INCLUYE DISCOS DUROS<\/span><\/h3>\n<\/li>\n<li>\n<h3><span style=\"font-size: 12pt;\">NO INCLUYE UNIDAD OPTICA<\/span><\/h3>\n<\/li>\n<li>\n<h3><span style=\"font-size: 12pt;\">Bahias de Expansion : 1 PCIe3 x16 and 1 PCIe3 x8<\/span><\/h3>\n<\/li>\n<li>\n<h3><span style=\"font-size: 12pt;\">Fuente de Poder : 300 Watts Non-Hot Plug, Non redundant Power Supply<\/span><\/h3>\n<\/li>\n<li>\n<h3><span style=\"font-size: 12pt;\">NOTA: The 300 Watts Non-Hot Plug Non redundant Power Supply is rated at 80% efficiency.<\/span><\/h3>\n<\/li>\n<li>\n<h3><span style=\"font-size: 12pt;\">HP iLO Management Engine (standard) Optional: HP iLO Essentials or HP Insight Control Server<\/span><\/h3>\n<\/li>\n<li>\n<h3><span style=\"font-size: 12pt;\">Garantia :\u00a0 1-a\u00f1or Partes, 1-a\u00f1o Mano de obra, 1-a\u00f1o soporte en sitio, respuesta siguiente dia habil.<\/span><\/h3>\n<\/li>\n<li>\n<h3><span style=\"font-size: 12pt;\">NOTA : No incluye rieles<\/span><\/h3>\n<\/li>\n<\/ul>\n<p><span style=\"font-family: tahoma, arial, helvetica, sans-serif; font-size: 12pt;\">\u00a0<\/span><\/p>\n<h3><\/h3>\n<h3><a href=\"https:\/\/api.whatsapp.com\/send?phone=573168788749\" target=\"_blank\" rel=\"noopener\"><img loading=\"lazy\" decoding=\"async\" class=\"wp-image-20467 aligncenter\" src=\"http:\/\/cableado-estructurado.com.co\/netcomp\/wp-content\/uploads\/2018\/07\/whatsapp-logo-mensaje.jpg\" alt=\"\" width=\"290\" height=\"220\" \/><\/a><\/h3>\n<p><a href=\"https:\/\/servidor-hp.com.co\/netcomp\/contactenos\/\" target=\"_blank\" rel=\"noopener\"><img loading=\"lazy\" decoding=\"async\" class=\"wp-image-21380 aligncenter\" src=\"https:\/\/servidor-hp.com.co\/netcomp\/wp-content\/uploads\/2020\/08\/boton-contacto-paginas-servidor-hp2-e1597797126132.jpg\" alt=\"\" width=\"418\" height=\"176\" \/><\/a><\/p>\n<p>&nbsp;<\/p>\n","protected":false},"excerpt":{"rendered":"<h2><span style=\"font-family: tahoma, arial, helvetica, sans-serif; font-size: 10pt;\"><span style=\"color: #333399; font-size: 12pt;\"><strong>N-P :\u00a0717170-001 &#8211;\u00a0Servidor Proliant HP DL320 G8E V2<\/strong><\/span><br \/>\n<\/span><\/h2>\n","protected":false},"featured_media":19848,"comment_status":"open","ping_status":"closed","template":"","meta":{"_et_pb_use_builder":"","_et_pb_old_content":"","_et_gb_content_width":""},"product_brand":[],"product_cat":[79,15],"product_tag":[17857,17854,144,382,389,17855,384,356,387,17856,321,385,388,386,327,17853,17852,17851],"class_list":{"0":"post-17150","1":"product","2":"type-product","3":"status-publish","4":"has-post-thumbnail","6":"product_cat-inicio","7":"product_cat-servidores-hp","8":"product_tag-717170-001","9":"product_tag-central-telefonica-panasonic-bog","10":"product_tag-colombia","11":"product_tag-dl320","12":"product_tag-dl320-bogota","13":"product_tag-fuente-de-alimentacion-panasonic","14":"product_tag-hp-dl320","15":"product_tag-netcomp-co","16":"product_tag-servidor-de-rack-dl320","17":"product_tag-servidor-dl320","18":"product_tag-servidor-hp","19":"product_tag-servidor-hp-dl320","20":"product_tag-servidor-hp-precio","21":"product_tag-servidor-proliant-dl320","22":"product_tag-servidores-hp","23":"product_tag-solucion-de-comunicaciones-empre","24":"product_tag-telefonia-ip-y-analoga-panasonic","25":"product_tag-venta-de-sistemas-para-videoconf","27":"first","28":"instock","29":"shipping-taxable","30":"purchasable","31":"product-type-simple"},"yoast_head":"<!-- This site is optimized with the Yoast SEO plugin v27.2 - https:\/\/yoast.com\/product\/yoast-seo-wordpress\/ -->\n<title>Servidor Proliant HP DL320 G8 E Version 2 N\/P:717170-001 - Servidores HP - Nuevos - Usados - Alquiler<\/title>\n<meta name=\"description\" content=\"Servidor Proliant HP DL320 G8 E Version 2 N\/P:717170-001 - - Precio y Disponibilidad en Bogota - Colombia - servidor-hp.com.co\" \/>\n<meta name=\"robots\" content=\"index, follow, max-snippet:-1, max-image-preview:large, max-video-preview:-1\" \/>\n<link rel=\"canonical\" href=\"https:\/\/servidor-hp.com.co\/netcomp\/servidores\/servidores-hp\/servidor-hp-dl320-g8-v2\/\" \/>\n<meta property=\"og:locale\" content=\"es_ES\" \/>\n<meta property=\"og:type\" content=\"article\" \/>\n<meta property=\"og:title\" content=\"Servidor Proliant HP DL320 G8 E Version 2 N\/P:717170-001 - Servidores HP - Nuevos - Usados - Alquiler\" \/>\n<meta property=\"og:description\" content=\"Servidor Proliant HP DL320 G8 E Version 2 N\/P:717170-001 - - Precio y Disponibilidad en Bogota - Colombia - servidor-hp.com.co\" \/>\n<meta property=\"og:url\" content=\"https:\/\/servidor-hp.com.co\/netcomp\/servidores\/servidores-hp\/servidor-hp-dl320-g8-v2\/\" \/>\n<meta property=\"og:site_name\" content=\"Servidores HP - Nuevos - Usados - Alquiler\" \/>\n<meta property=\"article:modified_time\" content=\"2020-08-19T01:46:08+00:00\" \/>\n<meta property=\"og:image\" content=\"https:\/\/servidor-hp.com.co\/netcomp\/wp-content\/uploads\/2018\/07\/servidor-hp-gen10-e1597801518845.jpg\" \/>\n\t<meta property=\"og:image:width\" content=\"350\" \/>\n\t<meta property=\"og:image:height\" content=\"233\" \/>\n\t<meta property=\"og:image:type\" content=\"image\/jpeg\" \/>\n<meta name=\"twitter:card\" content=\"summary_large_image\" \/>\n<meta name=\"twitter:label1\" content=\"Tiempo de lectura\" \/>\n\t<meta name=\"twitter:data1\" content=\"1 minuto\" \/>\n<script type=\"application\/ld+json\" class=\"yoast-schema-graph\">{\"@context\":\"https:\/\/schema.org\",\"@graph\":[{\"@type\":\"WebPage\",\"@id\":\"https:\/\/servidor-hp.com.co\/netcomp\/servidores\/servidores-hp\/servidor-hp-dl320-g8-v2\/\",\"url\":\"https:\/\/servidor-hp.com.co\/netcomp\/servidores\/servidores-hp\/servidor-hp-dl320-g8-v2\/\",\"name\":\"Servidor Proliant HP DL320 G8 E Version 2 N\/P:717170-001 - Servidores HP - Nuevos - Usados - Alquiler\",\"isPartOf\":{\"@id\":\"https:\/\/servidor-hp.com.co\/netcomp\/#website\"},\"primaryImageOfPage\":{\"@id\":\"https:\/\/servidor-hp.com.co\/netcomp\/servidores\/servidores-hp\/servidor-hp-dl320-g8-v2\/#primaryimage\"},\"image\":{\"@id\":\"https:\/\/servidor-hp.com.co\/netcomp\/servidores\/servidores-hp\/servidor-hp-dl320-g8-v2\/#primaryimage\"},\"thumbnailUrl\":\"https:\/\/servidor-hp.com.co\/netcomp\/wp-content\/uploads\/2018\/07\/servidor-hp-gen10-e1597801518845.jpg\",\"datePublished\":\"2014-06-14T14:26:30+00:00\",\"dateModified\":\"2020-08-19T01:46:08+00:00\",\"description\":\"Servidor Proliant HP DL320 G8 E Version 2 N\/P:717170-001 - - Precio y Disponibilidad en Bogota - Colombia - servidor-hp.com.co\",\"breadcrumb\":{\"@id\":\"https:\/\/servidor-hp.com.co\/netcomp\/servidores\/servidores-hp\/servidor-hp-dl320-g8-v2\/#breadcrumb\"},\"inLanguage\":\"es\",\"potentialAction\":[{\"@type\":\"ReadAction\",\"target\":[\"https:\/\/servidor-hp.com.co\/netcomp\/servidores\/servidores-hp\/servidor-hp-dl320-g8-v2\/\"]}]},{\"@type\":\"ImageObject\",\"inLanguage\":\"es\",\"@id\":\"https:\/\/servidor-hp.com.co\/netcomp\/servidores\/servidores-hp\/servidor-hp-dl320-g8-v2\/#primaryimage\",\"url\":\"https:\/\/servidor-hp.com.co\/netcomp\/wp-content\/uploads\/2018\/07\/servidor-hp-gen10-e1597801518845.jpg\",\"contentUrl\":\"https:\/\/servidor-hp.com.co\/netcomp\/wp-content\/uploads\/2018\/07\/servidor-hp-gen10-e1597801518845.jpg\",\"width\":350,\"height\":233,\"caption\":\"Servidores HP - DELL - LENOVO\"},{\"@type\":\"BreadcrumbList\",\"@id\":\"https:\/\/servidor-hp.com.co\/netcomp\/servidores\/servidores-hp\/servidor-hp-dl320-g8-v2\/#breadcrumb\",\"itemListElement\":[{\"@type\":\"ListItem\",\"position\":1,\"name\":\"Portada\",\"item\":\"https:\/\/servidor-hp.com.co\/netcomp\/\"},{\"@type\":\"ListItem\",\"position\":2,\"name\":\"Tienda\",\"item\":\"https:\/\/servidor-hp.com.co\/netcomp\/servidores\/\"},{\"@type\":\"ListItem\",\"position\":3,\"name\":\"Servidor Proliant HP DL320 G8 E Version 2 N\/P:717170-001\"}]},{\"@type\":\"WebSite\",\"@id\":\"https:\/\/servidor-hp.com.co\/netcomp\/#website\",\"url\":\"https:\/\/servidor-hp.com.co\/netcomp\/\",\"name\":\"Servidores HP - Nuevos - Usados - Alquiler\",\"description\":\"Tels: (+57) 316 878 8749\",\"alternateName\":\"Servidores HP DELL LENOVO IBM\",\"potentialAction\":[{\"@type\":\"SearchAction\",\"target\":{\"@type\":\"EntryPoint\",\"urlTemplate\":\"https:\/\/servidor-hp.com.co\/netcomp\/?s={search_term_string}\"},\"query-input\":{\"@type\":\"PropertyValueSpecification\",\"valueRequired\":true,\"valueName\":\"search_term_string\"}}],\"inLanguage\":\"es\"}]}<\/script>\n<!-- \/ Yoast SEO plugin. -->","yoast_head_json":{"title":"Servidor Proliant HP DL320 G8 E Version 2 N\/P:717170-001 - Servidores HP - Nuevos - Usados - Alquiler","description":"Servidor Proliant HP DL320 G8 E Version 2 N\/P:717170-001 - - Precio y Disponibilidad en Bogota - Colombia - servidor-hp.com.co","robots":{"index":"index","follow":"follow","max-snippet":"max-snippet:-1","max-image-preview":"max-image-preview:large","max-video-preview":"max-video-preview:-1"},"canonical":"https:\/\/servidor-hp.com.co\/netcomp\/servidores\/servidores-hp\/servidor-hp-dl320-g8-v2\/","og_locale":"es_ES","og_type":"article","og_title":"Servidor Proliant HP DL320 G8 E Version 2 N\/P:717170-001 - Servidores HP - Nuevos - Usados - Alquiler","og_description":"Servidor Proliant HP DL320 G8 E Version 2 N\/P:717170-001 - - Precio y Disponibilidad en Bogota - Colombia - servidor-hp.com.co","og_url":"https:\/\/servidor-hp.com.co\/netcomp\/servidores\/servidores-hp\/servidor-hp-dl320-g8-v2\/","og_site_name":"Servidores HP - Nuevos - Usados - Alquiler","article_modified_time":"2020-08-19T01:46:08+00:00","og_image":[{"width":350,"height":233,"url":"https:\/\/servidor-hp.com.co\/netcomp\/wp-content\/uploads\/2018\/07\/servidor-hp-gen10-e1597801518845.jpg","type":"image\/jpeg"}],"twitter_card":"summary_large_image","twitter_misc":{"Tiempo de lectura":"1 minuto"},"schema":{"@context":"https:\/\/schema.org","@graph":[{"@type":"WebPage","@id":"https:\/\/servidor-hp.com.co\/netcomp\/servidores\/servidores-hp\/servidor-hp-dl320-g8-v2\/","url":"https:\/\/servidor-hp.com.co\/netcomp\/servidores\/servidores-hp\/servidor-hp-dl320-g8-v2\/","name":"Servidor Proliant HP DL320 G8 E Version 2 N\/P:717170-001 - Servidores HP - Nuevos - Usados - Alquiler","isPartOf":{"@id":"https:\/\/servidor-hp.com.co\/netcomp\/#website"},"primaryImageOfPage":{"@id":"https:\/\/servidor-hp.com.co\/netcomp\/servidores\/servidores-hp\/servidor-hp-dl320-g8-v2\/#primaryimage"},"image":{"@id":"https:\/\/servidor-hp.com.co\/netcomp\/servidores\/servidores-hp\/servidor-hp-dl320-g8-v2\/#primaryimage"},"thumbnailUrl":"https:\/\/servidor-hp.com.co\/netcomp\/wp-content\/uploads\/2018\/07\/servidor-hp-gen10-e1597801518845.jpg","datePublished":"2014-06-14T14:26:30+00:00","dateModified":"2020-08-19T01:46:08+00:00","description":"Servidor Proliant HP DL320 G8 E Version 2 N\/P:717170-001 - - Precio y Disponibilidad en Bogota - Colombia - servidor-hp.com.co","breadcrumb":{"@id":"https:\/\/servidor-hp.com.co\/netcomp\/servidores\/servidores-hp\/servidor-hp-dl320-g8-v2\/#breadcrumb"},"inLanguage":"es","potentialAction":[{"@type":"ReadAction","target":["https:\/\/servidor-hp.com.co\/netcomp\/servidores\/servidores-hp\/servidor-hp-dl320-g8-v2\/"]}]},{"@type":"ImageObject","inLanguage":"es","@id":"https:\/\/servidor-hp.com.co\/netcomp\/servidores\/servidores-hp\/servidor-hp-dl320-g8-v2\/#primaryimage","url":"https:\/\/servidor-hp.com.co\/netcomp\/wp-content\/uploads\/2018\/07\/servidor-hp-gen10-e1597801518845.jpg","contentUrl":"https:\/\/servidor-hp.com.co\/netcomp\/wp-content\/uploads\/2018\/07\/servidor-hp-gen10-e1597801518845.jpg","width":350,"height":233,"caption":"Servidores HP - DELL - LENOVO"},{"@type":"BreadcrumbList","@id":"https:\/\/servidor-hp.com.co\/netcomp\/servidores\/servidores-hp\/servidor-hp-dl320-g8-v2\/#breadcrumb","itemListElement":[{"@type":"ListItem","position":1,"name":"Portada","item":"https:\/\/servidor-hp.com.co\/netcomp\/"},{"@type":"ListItem","position":2,"name":"Tienda","item":"https:\/\/servidor-hp.com.co\/netcomp\/servidores\/"},{"@type":"ListItem","position":3,"name":"Servidor Proliant HP DL320 G8 E Version 2 N\/P:717170-001"}]},{"@type":"WebSite","@id":"https:\/\/servidor-hp.com.co\/netcomp\/#website","url":"https:\/\/servidor-hp.com.co\/netcomp\/","name":"Servidores HP - Nuevos - Usados - Alquiler","description":"Tels: (+57) 316 878 8749","alternateName":"Servidores HP DELL LENOVO IBM","potentialAction":[{"@type":"SearchAction","target":{"@type":"EntryPoint","urlTemplate":"https:\/\/servidor-hp.com.co\/netcomp\/?s={search_term_string}"},"query-input":{"@type":"PropertyValueSpecification","valueRequired":true,"valueName":"search_term_string"}}],"inLanguage":"es"}]}},"_links":{"self":[{"href":"https:\/\/servidor-hp.com.co\/netcomp\/wp-json\/wp\/v2\/product\/17150","targetHints":{"allow":["GET"]}}],"collection":[{"href":"https:\/\/servidor-hp.com.co\/netcomp\/wp-json\/wp\/v2\/product"}],"about":[{"href":"https:\/\/servidor-hp.com.co\/netcomp\/wp-json\/wp\/v2\/types\/product"}],"replies":[{"embeddable":true,"href":"https:\/\/servidor-hp.com.co\/netcomp\/wp-json\/wp\/v2\/comments?post=17150"}],"wp:featuredmedia":[{"embeddable":true,"href":"https:\/\/servidor-hp.com.co\/netcomp\/wp-json\/wp\/v2\/media\/19848"}],"wp:attachment":[{"href":"https:\/\/servidor-hp.com.co\/netcomp\/wp-json\/wp\/v2\/media?parent=17150"}],"wp:term":[{"taxonomy":"product_brand","embeddable":true,"href":"https:\/\/servidor-hp.com.co\/netcomp\/wp-json\/wp\/v2\/product_brand?post=17150"},{"taxonomy":"product_cat","embeddable":true,"href":"https:\/\/servidor-hp.com.co\/netcomp\/wp-json\/wp\/v2\/product_cat?post=17150"},{"taxonomy":"product_tag","embeddable":true,"href":"https:\/\/servidor-hp.com.co\/netcomp\/wp-json\/wp\/v2\/product_tag?post=17150"}],"curies":[{"name":"wp","href":"https:\/\/api.w.org\/{rel}","templated":true}]}}